{"id":1083,"date":"2021-05-06T12:31:08","date_gmt":"2021-05-06T15:31:08","guid":{"rendered":"http:\/\/idihcs.fahce.unlp.edu.ar\/pplit\/?page_id=1083"},"modified":"2021-05-17T10:04:58","modified_gmt":"2021-05-17T13:04:58","slug":"pplit-estructura","status":"publish","type":"page","link":"https:\/\/idihcs.fahce.unlp.edu.ar\/pplit\/pplit-estructura\/","title":{"rendered":"PPLit &#8211; Estructura"},"content":{"rendered":"<div style=\"margin-bottom: 25px;padding:10px;background-color:#fe0043;font-size: 20px;width: 70%;\">\n<a style=\"color:white;padding: 10px;font-size: 20px;\" href=\"http:\/\/idihcs.fahce.unlp.edu.ar\/pplit\/category\/estructura\/coordinacion-academica\/\">Coordinaci\u00f3n acad\u00e9mica<\/a>\n<\/div>\n<div style=\"margin-bottom: 25px;padding:10px;background-color:#a8508a;font-size: 20px;width: 70%\">\n<a style=\"color:white;padding: 10px;font-size: 20px;\"  href=\"http:\/\/idihcs.fahce.unlp.edu.ar\/pplit\/category\/estructura\/comite-academico-2020-2023\/\">Comit\u00e9 acad\u00e9mico 2020-2023<\/a>\n<\/div>\n<div style=\"margin-bottom: 25px;padding:10px;background-color:#00f9f8;font-size: 20px;width: 70%\">\n<a style=\"color:white;padding: 10px;font-size: 20px;\"  href=\"http:\/\/idihcs.fahce.unlp.edu.ar\/pplit\/category\/estructura\/tesistas\/\">Tesistas<\/a>\n<\/div>\n<div style=\"margin-bottom: 25px;padding:10px;background-color:#56b765;font-size: 20px;width: 70%\">\n<a style=\"color:white;padding: 10px;font-size: 20px;\"  href=\"http:\/\/idihcs.fahce.unlp.edu.ar\/pplit\/category\/estructura\/investigadores-visitantes\/\">Investigadores visitantes<\/a>\n<\/div>\n","protected":false},"excerpt":{"rendered":"<p>Coordinaci\u00f3n acad\u00e9mica Comit\u00e9 acad\u00e9mico 2020-2023 Tesistas Investigadores visitantes<\/p>\n","protected":false},"author":2,"featured_media":0,"parent":0,"menu_order":0,"comment_status":"closed","ping_status":"closed","template":"page-ui.php","meta":{"_themeisle_gutenberg_block_has_review":false,"footnotes":""},"class_list":["post-1083","page","type-page","status-publish","hentry"],"acf":[],"rttpg_featured_image_url":null,"rttpg_author":{"display_name":"ggchicote","author_link":"https:\/\/idihcs.fahce.unlp.edu.ar\/pplit\/author\/ggchicote\/"},"rttpg_comment":0,"rttpg_category":null,"rttpg_excerpt":"Coordinaci\u00f3n acad\u00e9mica Comit\u00e9 acad\u00e9mico 2020-2023 Tesistas Investigadores visitantes","_links":{"self":[{"href":"https:\/\/idihcs.fahce.unlp.edu.ar\/pplit\/wp-json\/wp\/v2\/pages\/1083","targetHints":{"allow":["GET"]}}],"collection":[{"href":"https:\/\/idihcs.fahce.unlp.edu.ar\/pplit\/wp-json\/wp\/v2\/pages"}],"about":[{"href":"https:\/\/idihcs.fahce.unlp.edu.ar\/pplit\/wp-json\/wp\/v2\/types\/page"}],"author":[{"embeddable":true,"href":"https:\/\/idihcs.fahce.unlp.edu.ar\/pplit\/wp-json\/wp\/v2\/users\/2"}],"replies":[{"embeddable":true,"href":"https:\/\/idihcs.fahce.unlp.edu.ar\/pplit\/wp-json\/wp\/v2\/comments?post=1083"}],"version-history":[{"count":5,"href":"https:\/\/idihcs.fahce.unlp.edu.ar\/pplit\/wp-json\/wp\/v2\/pages\/1083\/revisions"}],"predecessor-version":[{"id":1107,"href":"https:\/\/idihcs.fahce.unlp.edu.ar\/pplit\/wp-json\/wp\/v2\/pages\/1083\/revisions\/1107"}],"wp:attachment":[{"href":"https:\/\/idihcs.fahce.unlp.edu.ar\/pplit\/wp-json\/wp\/v2\/media?parent=1083"}],"curies":[{"name":"wp","href":"https:\/\/api.w.org\/{rel}","templated":true}]}}