{"id":150,"date":"2018-06-21T15:30:58","date_gmt":"2018-06-21T18:30:58","guid":{"rendered":"http:\/\/163.10.30.48\/~posgrado6\/wordpress\/chaya\/?page_id=150"},"modified":"2025-11-12T10:01:03","modified_gmt":"2025-11-12T13:01:03","slug":"proyectos-participantes","status":"publish","type":"page","link":"https:\/\/idihcs.fahce.unlp.edu.ar\/pmt\/proyectos-participantes\/","title":{"rendered":"PMT &#8211; Proyectos participantes"},"content":{"rendered":"<ol>\n<li>\n<p lang=\"es-MX\"><a href=\"https:\/\/www.memoria.fahce.unlp.edu.ar\/library?a=d&amp;c=proyecto&amp;d=Jpy1311\" target=\"_blank\" rel=\"noopener\">Archivos policiales e historia social. El archivo de la DIPPBA y sus para la investigaci\u00f3n de los mundos del trabajo y los procesos represivos (1957 &#8211; 1976), Programa de Incentivos a la Investigaci\u00f3n de la Universidad Nacional de La Plata.<\/a><\/p>\n<\/li>\n<\/ol>\n<p class=\"western\" lang=\"es-MX\" style=\"padding-left: 60px\">Director: Dr.\u00a0<a href=\"http:\/\/idihcs.fahce.unlp.edu.ar\/personas\/ghigliani-pablo-esteban\/\" target=\"_blank\" rel=\"noopener\">Pablo Ghigliani<\/a> (Universidad Nacional de La Plata) \/ Co-Director: Dr. <a href=\"https:\/\/idihcs.fahce.unlp.edu.ar\/integrante_idihcs\/stagnaro-andres\/\">Andr\u00e9s Stagnaro<\/a> (Universidad Nacional de La Plata)<\/p>\n<ol start=\"2\">\n<li>Clase trabajadora, conflictividad y organizaci\u00f3n en el centro sur santafesino durante las d\u00e9cadas de 1960 y 1970. (PID UNR 2022- 2025)<\/li>\n<\/ol>\n<p class=\"western\" lang=\"es-MX\" style=\"padding-left: 60px\">Directora: Dra. <a href=\"https:\/\/scholar.google.com\/citations?user=jEsTSYQAAAAJ&amp;hl=es\">Silvia Simonassi<\/a> (Universidad Nacional de Rosario) \/ Co-Director: Dr. <a href=\"https:\/\/clasetrabajadoraydictadura.wordpress.com\/\">Andr\u00e9s Carminati<\/a> (Universidad Nacional de Rosario)<\/p>\n<ol start=\"3\">\n<li>\n<p class=\"western\" lang=\"es-MX\">El mundo del trabajo entre dos siglos. Las consecuencias sociales y culturales de la reforma productiva y laboral de los a\u00f1os \u201990 (1990 \u2013 2015), IGHECS Programa de Incentivos\u00a0a la Investigaci\u00f3n<\/p>\n<\/li>\n<\/ol>\n<p class=\"western\" lang=\"es-MX\" style=\"padding-left: 60px\">Director: Dr. Daniel Dic\u00f3simo (Universidad Nacional del Centro de la Provincia de Buenos Aires)<\/p>\n<ol start=\"4\">\n<li>\n<p lang=\"es-MX\">Desigualdad persistente, problem\u00e1ticas emergentes y ciclos de conflictividad social en la Argentina contempor\u00e1nea. El caso de las ciudades-puerto del sudeste bonaerense (1989-2024).<\/p>\n<\/li>\n<\/ol>\n<p class=\"western\" lang=\"es-MX\" style=\"padding-left: 60px\"><span lang=\"pt-BR\">Director: Dr. Agust\u00edn Nieto (Universidad Nacional de Mar del Plata)<\/span><\/p>\n<ol start=\"5\">\n<li>\n<p lang=\"es-MX\"><span lang=\"pt-BR\">Classe e ra\u00e7a: sindicalistas negros na \u2018democracia racial\u2019 brasileira (1945-1964)<\/span><\/p>\n<\/li>\n<\/ol>\n<p class=\"western\" lang=\"es-MX\" style=\"padding-left: 60px\"><span lang=\"pt-BR\">Director: Dr. <a href=\"http:\/\/buscatextual.cnpq.br\/buscatextual\/visualizacv.do?id=K4797442Y1\">Paulo Fontes<\/a> (Instituto de Hist\u00f3ria \u2013 Universidade Federal do Rio de Janeiro (IH-UFRJ))<\/span><\/p>\n<ol start=\"6\">\n<li>\n<p lang=\"es-MX\"><span lang=\"pt-BR\">Hist\u00f3ria Social e Cultura das Classes Populares no Brasil<\/span><\/p>\n<\/li>\n<\/ol>\n<p class=\"western\" lang=\"es-MX\" style=\"padding-left: 60px\"><span lang=\"pt-BR\">Director: Dr. Jos\u00e9 Sergio Leite Lopes (Universidade Federal do R\u00edo de Janeiro)<\/span><\/p>\n<ol start=\"7\">\n<li>\n<p lang=\"es-MX\"><span lang=\"pt-BR\">Antropologia do trabalho, estudos biogr\u00e1ficos e de trajet\u00f3rias<\/span><\/p>\n<\/li>\n<\/ol>\n<p class=\"western\" lang=\"es-MX\" style=\"padding-left: 60px\"><span lang=\"pt-BR\">Directora:\u00a0Dra. Marta Regina Cioccari\u00a0 (Universdade Federal Rural do Rio de Janeiro)<\/span><\/p>\n<ol start=\"8\">\n<li>\n<p lang=\"es-MX\"><span lang=\"pt-BR\">Partido Comunista de Chile: Cambios y continuidades de su imaginario y cultura pol\u00edtica (1990-2010)<\/span><\/p>\n<\/li>\n<\/ol>\n<p class=\"western\" lang=\"es-MX\" style=\"padding-left: 60px\"><span lang=\"pt-BR\">Director: Rolando \u00c1lvarez (Universidad de Santiago de Chile)<\/span><\/p>\n<ol start=\"9\">\n<li>\n<p lang=\"es-MX\"><span lang=\"pt-BR\">Los ciclos de la racionalizaci\u00f3n industrial: empresarios, trabajadores y la taylorizaci\u00f3n tard\u00eda en grandes f\u00e1bricas de Chile (1914-1918). Financiado por Fondecyt.<\/span><\/p>\n<\/li>\n<\/ol>\n<p class=\"western\" lang=\"es-MX\" style=\"padding-left: 60px\"><span lang=\"pt-BR\">Director: Dr. Hern\u00e1n Venegas (Universidad de Santiago de Chile)<\/span><\/p>\n<ol start=\"10\">\n<li>\n<p lang=\"es-MX\">Hacia un cuadro general de la conflictividad laboral durante la \u00faltima dictadura (Uruguay, 1973-1985).\u00a0 \u00a0<\/p>\n<\/li>\n<\/ol>\n<p style=\"padding-left: 60px\">Directora: Sabrina \u00c1lvarez (Universidad de la Rep\u00fablica)<\/p>\n<p>\u00a0 \u00a0 11. Procesos de configuraci\u00f3n y reconfiguraci\u00f3n de las clases trabajadoras del Gran Rosario. Aportes\u00a0 \u00a0 \u00a0 \u00a0 \u00a0 \u00a0 \u00a0 \u00a0 desde la antropolog\u00eda del trabajo.<\/p>\n<p style=\"padding-left: 60px\">Directora: <a href=\"https:\/\/www.conicet.gov.ar\/new_scp\/detalle.php?keywords=&amp;id=44943&amp;datos_academicos=yes\">Ver\u00f3nica Vogelmann<\/a> (Universidad Nacional de Rosario) \/ Co-Directora: <a href=\"https:\/\/www.conicet.gov.ar\/new_scp\/detalle.php?id=42830&amp;datos_academicos=yes\">Sof\u00eda Vitali<\/a> (Universidad Nacional de Rosario)<\/p>\n\n\n<p><\/p>\n","protected":false},"excerpt":{"rendered":"<p>Archivos policiales e historia social. El archivo de la DIPPBA y sus para la investigaci\u00f3n de los mundos del trabajo y los procesos represivos (1957 &#8211; 1976), Programa de Incentivos a la Investigaci\u00f3n de la Universidad Nacional de La Plata. Director: Dr.\u00a0Pablo Ghigliani (Universidad Nacional de La Plata) \/ Co-Director: Dr. Andr\u00e9s Stagnaro (Universidad Nacional [&hellip;]<\/p>\n","protected":false},"author":3,"featured_media":0,"parent":0,"menu_order":0,"comment_status":"closed","ping_status":"closed","template":"page-ui.php","meta":{"_themeisle_gutenberg_block_has_review":false,"footnotes":""},"class_list":["post-150","page","type-page","status-publish","hentry"],"acf":[],"rttpg_featured_image_url":null,"rttpg_author":{"display_name":"cbarletta","author_link":"https:\/\/idihcs.fahce.unlp.edu.ar\/pmt\/author\/cbarletta\/"},"rttpg_comment":0,"rttpg_category":null,"rttpg_excerpt":"Archivos policiales e historia social. El archivo de la DIPPBA y sus para la investigaci\u00f3n de los mundos del trabajo y los procesos represivos (1957 &#8211; 1976), Programa de Incentivos a la Investigaci\u00f3n de la Universidad Nacional de La Plata. Director: Dr.\u00a0Pablo Ghigliani (Universidad Nacional de La Plata) \/ Co-Director: Dr. Andr\u00e9s Stagnaro (Universidad Nacional&hellip;","_links":{"self":[{"href":"https:\/\/idihcs.fahce.unlp.edu.ar\/pmt\/wp-json\/wp\/v2\/pages\/150","targetHints":{"allow":["GET"]}}],"collection":[{"href":"https:\/\/idihcs.fahce.unlp.edu.ar\/pmt\/wp-json\/wp\/v2\/pages"}],"about":[{"href":"https:\/\/idihcs.fahce.unlp.edu.ar\/pmt\/wp-json\/wp\/v2\/types\/page"}],"author":[{"embeddable":true,"href":"https:\/\/idihcs.fahce.unlp.edu.ar\/pmt\/wp-json\/wp\/v2\/users\/3"}],"replies":[{"embeddable":true,"href":"https:\/\/idihcs.fahce.unlp.edu.ar\/pmt\/wp-json\/wp\/v2\/comments?post=150"}],"version-history":[{"count":31,"href":"https:\/\/idihcs.fahce.unlp.edu.ar\/pmt\/wp-json\/wp\/v2\/pages\/150\/revisions"}],"predecessor-version":[{"id":1358,"href":"https:\/\/idihcs.fahce.unlp.edu.ar\/pmt\/wp-json\/wp\/v2\/pages\/150\/revisions\/1358"}],"wp:attachment":[{"href":"https:\/\/idihcs.fahce.unlp.edu.ar\/pmt\/wp-json\/wp\/v2\/media?parent=150"}],"curies":[{"name":"wp","href":"https:\/\/api.w.org\/{rel}","templated":true}]}}

<ol>
<li>
<p lang="es-MX"><a href="https://www.memoria.fahce.unlp.edu.ar/library?a=d&amp;c=proyecto&amp;d=Jpy1311" target="_blank" rel="noopener">Archivos policiales e historia social. El archivo de la DIPPBA y sus para la investigación de los mundos del trabajo y los procesos represivos (1957 &#8211; 1976), Programa de Incentivos a la Investigación de la Universidad Nacional de La Plata.</a></p>
</li>
</ol>
<p class="western" lang="es-MX" style="padding-left: 60px">Director: Dr. <a href="http://idihcs.fahce.unlp.edu.ar/personas/ghigliani-pablo-esteban/" target="_blank" rel="noopener">Pablo Ghigliani</a> (Universidad Nacional de La Plata) / Co-Director: Dr. <a href="https://idihcs.fahce.unlp.edu.ar/integrante_idihcs/stagnaro-andres/">Andrés Stagnaro</a> (Universidad Nacional de La Plata)</p>
<ol start="2">
<li>Clase trabajadora, conflictividad y organización en el centro sur santafesino durante las décadas de 1960 y 1970. (PID UNR 2022- 2025)</li>
</ol>
<p class="western" lang="es-MX" style="padding-left: 60px">Directora: Dra. <a href="https://scholar.google.com/citations?user=jEsTSYQAAAAJ&amp;hl=es">Silvia Simonassi</a> (Universidad Nacional de Rosario) / Co-Director: Dr. <a href="https://clasetrabajadoraydictadura.wordpress.com/">Andrés Carminati</a> (Universidad Nacional de Rosario)</p>
<ol start="3">
<li>
<p class="western" lang="es-MX">El mundo del trabajo entre dos siglos. Las consecuencias sociales y culturales de la reforma productiva y laboral de los años ’90 (1990 – 2015), IGHECS Programa de Incentivos a la Investigación</p>
</li>
</ol>
<p class="western" lang="es-MX" style="padding-left: 60px">Director: Dr. Daniel Dicósimo (Universidad Nacional del Centro de la Provincia de Buenos Aires)</p>
<ol start="4">
<li>
<p lang="es-MX">Desigualdad persistente, problemáticas emergentes y ciclos de conflictividad social en la Argentina contemporánea. El caso de las ciudades-puerto del sudeste bonaerense (1989-2024).</p>
</li>
</ol>
<p class="western" lang="es-MX" style="padding-left: 60px"><span lang="pt-BR">Director: Dr. Agustín Nieto (Universidad Nacional de Mar del Plata)</span></p>
<ol start="5">
<li>
<p lang="es-MX"><span lang="pt-BR">Classe e raça: sindicalistas negros na ‘democracia racial’ brasileira (1945-1964)</span></p>
</li>
</ol>
<p class="western" lang="es-MX" style="padding-left: 60px"><span lang="pt-BR">Director: Dr. <a href="http://buscatextual.cnpq.br/buscatextual/visualizacv.do?id=K4797442Y1">Paulo Fontes</a> (Instituto de História – Universidade Federal do Rio de Janeiro (IH-UFRJ))</span></p>
<ol start="6">
<li>
<p lang="es-MX"><span lang="pt-BR">História Social e Cultura das Classes Populares no Brasil</span></p>
</li>
</ol>
<p class="western" lang="es-MX" style="padding-left: 60px"><span lang="pt-BR">Director: Dr. José Sergio Leite Lopes (Universidade Federal do Río de Janeiro)</span></p>
<ol start="7">
<li>
<p lang="es-MX"><span lang="pt-BR">Antropologia do trabalho, estudos biográficos e de trajetórias</span></p>
</li>
</ol>
<p class="western" lang="es-MX" style="padding-left: 60px"><span lang="pt-BR">Directora: Dra. Marta Regina Cioccari  (Universdade Federal Rural do Rio de Janeiro)</span></p>
<ol start="8">
<li>
<p lang="es-MX"><span lang="pt-BR">Partido Comunista de Chile: Cambios y continuidades de su imaginario y cultura política (1990-2010)</span></p>
</li>
</ol>
<p class="western" lang="es-MX" style="padding-left: 60px"><span lang="pt-BR">Director: Rolando Álvarez (Universidad de Santiago de Chile)</span></p>
<ol start="9">
<li>
<p lang="es-MX"><span lang="pt-BR">Los ciclos de la racionalización industrial: empresarios, trabajadores y la taylorización tardía en grandes fábricas de Chile (1914-1918). Financiado por Fondecyt.</span></p>
</li>
</ol>
<p class="western" lang="es-MX" style="padding-left: 60px"><span lang="pt-BR">Director: Dr. Hernán Venegas (Universidad de Santiago de Chile)</span></p>
<ol start="10">
<li>
<p lang="es-MX">Hacia un cuadro general de la conflictividad laboral durante la última dictadura (Uruguay, 1973-1985).   </p>
</li>
</ol>
<p style="padding-left: 60px">Directora: Sabrina Álvarez (Universidad de la República)</p>
<p>    11. Procesos de configuración y reconfiguración de las clases trabajadoras del Gran Rosario. Aportes                desde la antropología del trabajo.</p>
<p style="padding-left: 60px">Directora: <a href="https://www.conicet.gov.ar/new_scp/detalle.php?keywords=&amp;id=44943&amp;datos_academicos=yes">Verónica Vogelmann</a> (Universidad Nacional de Rosario) / Co-Directora: <a href="https://www.conicet.gov.ar/new_scp/detalle.php?id=42830&amp;datos_academicos=yes">Sofía Vitali</a> (Universidad Nacional de Rosario)</p>


<p></p>

<p>Archivos policiales e historia social. El archivo de la DIPPBA y sus para la investigación de los mundos del trabajo y los procesos represivos (1957 &#8211; 1976), Programa de Incentivos a la Investigación de la Universidad Nacional de La Plata. Director: Dr. Pablo Ghigliani (Universidad Nacional de La Plata) / Co-Director: Dr. Andrés Stagnaro (Universidad Nacional [&hellip;]</p>

Archivos policiales e historia social. El archivo de la DIPPBA y sus para la investigación de los mundos del trabajo y los procesos represivos (1957 &#8211; 1976), Programa de Incentivos a la Investigación de la Universidad Nacional de La Plata. Director: Dr. Pablo Ghigliani (Universidad Nacional de La Plata) / Co-Director: Dr. Andrés Stagnaro (Universidad Nacional&hellip;
