{"id":98,"date":"2018-06-17T23:15:21","date_gmt":"2018-06-18T02:15:21","guid":{"rendered":"http:\/\/163.10.30.48\/~posgrado6\/wordpress\/chaya\/?page_id=98"},"modified":"2025-04-04T10:15:17","modified_gmt":"2025-04-04T13:15:17","slug":"presentacion","status":"publish","type":"page","link":"https:\/\/idihcs.fahce.unlp.edu.ar\/piemmer\/","title":{"rendered":"PIEMMER &#8211; Presentaci\u00f3n"},"content":{"rendered":"<h5 id=\"parent-fieldname-description\" class=\"documentFirstHeading\">El Programa Interinstitucional de Estudios sobre Memorias, Movilidades, Exilios y Refugios, surge como parte del trabajo colectivo de especialistas en estudios de memorias, movilidades, exilios, refugios y otros desplazamientos poblacionales en la regi\u00f3n de Am\u00e9rica Latina. Los proyectos de investigaci\u00f3n que integran este programa se encuentran radicados y acreditados en universidades y centros de investigaci\u00f3n de reconocida trayectoria en Argentina, M\u00e9xico, Uruguay, Chile y Brasil, lo que permite dar forma a una primera red regional de investigadores formados y en formaci\u00f3n dedicados al estudio de estos temas. Junto a ello, este Programa se inscribe en una red latinoamericana y europea m\u00e1s amplia de la que participan los principales referentes del campo de las memorias, los estudios de movilidades y exiliares.<\/h5>\n<p><img loading=\"lazy\" decoding=\"async\" class=\"alignnone wp-image-418\" src=\"http:\/\/idihcs.fahce.unlp.edu.ar\/piemmer\/wp-content\/uploads\/sites\/23\/2018\/10\/Logo-UNLP-300x144.png\" alt=\"\" width=\"126\" height=\"61\" srcset=\"https:\/\/idihcs.fahce.unlp.edu.ar\/piemmer\/wp-content\/uploads\/sites\/23\/2018\/10\/Logo-UNLP-300x144.png 300w, https:\/\/idihcs.fahce.unlp.edu.ar\/piemmer\/wp-content\/uploads\/sites\/23\/2018\/10\/Logo-UNLP.png 324w\" sizes=\"auto, (max-width: 126px) 100vw, 126px\" \/> <img loading=\"lazy\" decoding=\"async\" class=\"alignnone wp-image-420\" src=\"http:\/\/idihcs.fahce.unlp.edu.ar\/piemmer\/wp-content\/uploads\/sites\/23\/2018\/10\/Logo-Universidade-Salgado-de-Oliveira.jpg\" alt=\"\" width=\"81\" height=\"84\" \/> <img loading=\"lazy\" decoding=\"async\" class=\"alignnone wp-image-421\" src=\"http:\/\/idihcs.fahce.unlp.edu.ar\/piemmer\/wp-content\/uploads\/sites\/23\/2018\/10\/Logo-UERJ.png\" alt=\"\" width=\"71\" height=\"78\" \/> <img loading=\"lazy\" decoding=\"async\" class=\"alignnone wp-image-422\" src=\"http:\/\/idihcs.fahce.unlp.edu.ar\/piemmer\/wp-content\/uploads\/sites\/23\/2018\/10\/Universidad-Nacional-del-Sur-Bahia-Blanca.png\" alt=\"\" width=\"80\" height=\"77\" \/><img loading=\"lazy\" decoding=\"async\" class=\"alignnone wp-image-423\" src=\"http:\/\/idihcs.fahce.unlp.edu.ar\/piemmer\/wp-content\/uploads\/sites\/23\/2018\/10\/Logo-USACH.png\" alt=\"\" width=\"62\" height=\"84\" \/> <img loading=\"lazy\" decoding=\"async\" class=\"alignnone wp-image-424\" src=\"http:\/\/idihcs.fahce.unlp.edu.ar\/piemmer\/wp-content\/uploads\/sites\/23\/2018\/10\/Logo-Universidad-de-Chile-300x248.png\" alt=\"\" width=\"98\" height=\"81\" srcset=\"https:\/\/idihcs.fahce.unlp.edu.ar\/piemmer\/wp-content\/uploads\/sites\/23\/2018\/10\/Logo-Universidad-de-Chile-300x248.png 300w, https:\/\/idihcs.fahce.unlp.edu.ar\/piemmer\/wp-content\/uploads\/sites\/23\/2018\/10\/Logo-Universidad-de-Chile-768x634.png 768w, https:\/\/idihcs.fahce.unlp.edu.ar\/piemmer\/wp-content\/uploads\/sites\/23\/2018\/10\/Logo-Universidad-de-Chile-1024x846.png 1024w, https:\/\/idihcs.fahce.unlp.edu.ar\/piemmer\/wp-content\/uploads\/sites\/23\/2018\/10\/Logo-Universidad-de-Chile-696x575.png 696w, https:\/\/idihcs.fahce.unlp.edu.ar\/piemmer\/wp-content\/uploads\/sites\/23\/2018\/10\/Logo-Universidad-de-Chile-1068x882.png 1068w, https:\/\/idihcs.fahce.unlp.edu.ar\/piemmer\/wp-content\/uploads\/sites\/23\/2018\/10\/Logo-Universidad-de-Chile-509x420.png 509w, https:\/\/idihcs.fahce.unlp.edu.ar\/piemmer\/wp-content\/uploads\/sites\/23\/2018\/10\/Logo-Universidad-de-Chile.png 1304w\" sizes=\"auto, (max-width: 98px) 100vw, 98px\" \/><img loading=\"lazy\" decoding=\"async\" class=\"alignnone wp-image-425\" src=\"http:\/\/idihcs.fahce.unlp.edu.ar\/piemmer\/wp-content\/uploads\/sites\/23\/2018\/10\/Logo-Universidad-de-la-Rep\u00fablica-Uruguay.png\" alt=\"\" width=\"87\" height=\"86\" srcset=\"https:\/\/idihcs.fahce.unlp.edu.ar\/piemmer\/wp-content\/uploads\/sites\/23\/2018\/10\/Logo-Universidad-de-la-Rep\u00fablica-Uruguay.png 226w, https:\/\/idihcs.fahce.unlp.edu.ar\/piemmer\/wp-content\/uploads\/sites\/23\/2018\/10\/Logo-Universidad-de-la-Rep\u00fablica-Uruguay-150x150.png 150w\" sizes=\"auto, (max-width: 87px) 100vw, 87px\" \/><img loading=\"lazy\" decoding=\"async\" class=\"wp-image-875 size-medium alignleft\" src=\"https:\/\/idihcs.fahce.unlp.edu.ar\/piemmer\/wp-content\/uploads\/sites\/23\/2025\/03\/Personificador_Secihti-ECOSUR-2025-300x43.jpg\" alt=\"\" width=\"300\" height=\"43\" srcset=\"https:\/\/idihcs.fahce.unlp.edu.ar\/piemmer\/wp-content\/uploads\/sites\/23\/2025\/03\/Personificador_Secihti-ECOSUR-2025-300x43.jpg 300w, https:\/\/idihcs.fahce.unlp.edu.ar\/piemmer\/wp-content\/uploads\/sites\/23\/2025\/03\/Personificador_Secihti-ECOSUR-2025-1024x148.jpg 1024w, https:\/\/idihcs.fahce.unlp.edu.ar\/piemmer\/wp-content\/uploads\/sites\/23\/2025\/03\/Personificador_Secihti-ECOSUR-2025-768x111.jpg 768w, https:\/\/idihcs.fahce.unlp.edu.ar\/piemmer\/wp-content\/uploads\/sites\/23\/2025\/03\/Personificador_Secihti-ECOSUR-2025-1536x223.jpg 1536w, https:\/\/idihcs.fahce.unlp.edu.ar\/piemmer\/wp-content\/uploads\/sites\/23\/2025\/03\/Personificador_Secihti-ECOSUR-2025-696x101.jpg 696w, https:\/\/idihcs.fahce.unlp.edu.ar\/piemmer\/wp-content\/uploads\/sites\/23\/2025\/03\/Personificador_Secihti-ECOSUR-2025-1068x155.jpg 1068w, https:\/\/idihcs.fahce.unlp.edu.ar\/piemmer\/wp-content\/uploads\/sites\/23\/2025\/03\/Personificador_Secihti-ECOSUR-2025.jpg 1745w\" sizes=\"auto, (max-width: 300px) 100vw, 300px\" \/><\/p>\n\n\n<p><\/p>\n","protected":false},"excerpt":{"rendered":"<p>El Programa Interinstitucional de Estudios sobre Memorias, Movilidades, Exilios y Refugios, surge como parte del trabajo colectivo de especialistas en estudios de memorias, movilidades, exilios, refugios y otros desplazamientos poblacionales en la regi\u00f3n de Am\u00e9rica Latina. Los proyectos de investigaci\u00f3n que integran este programa se encuentran radicados y acreditados en universidades y centros de investigaci\u00f3n [&hellip;]<\/p>\n","protected":false},"author":2,"featured_media":0,"parent":0,"menu_order":0,"comment_status":"closed","ping_status":"closed","template":"page-ui.php","meta":{"_themeisle_gutenberg_block_has_review":false,"footnotes":""},"class_list":["post-98","page","type-page","status-publish","hentry"],"acf":[],"rttpg_featured_image_url":null,"rttpg_author":{"display_name":"ggchicote","author_link":"https:\/\/idihcs.fahce.unlp.edu.ar\/piemmer\/author\/ggchicote\/"},"rttpg_comment":0,"rttpg_category":null,"rttpg_excerpt":"El Programa Interinstitucional de Estudios sobre Memorias, Movilidades, Exilios y Refugios, surge como parte del trabajo colectivo de especialistas en estudios de memorias, movilidades, exilios, refugios y otros desplazamientos poblacionales en la regi\u00f3n de Am\u00e9rica Latina. Los proyectos de investigaci\u00f3n que integran este programa se encuentran radicados y acreditados en universidades y centros de investigaci\u00f3n&hellip;","_links":{"self":[{"href":"https:\/\/idihcs.fahce.unlp.edu.ar\/piemmer\/wp-json\/wp\/v2\/pages\/98","targetHints":{"allow":["GET"]}}],"collection":[{"href":"https:\/\/idihcs.fahce.unlp.edu.ar\/piemmer\/wp-json\/wp\/v2\/pages"}],"about":[{"href":"https:\/\/idihcs.fahce.unlp.edu.ar\/piemmer\/wp-json\/wp\/v2\/types\/page"}],"author":[{"embeddable":true,"href":"https:\/\/idihcs.fahce.unlp.edu.ar\/piemmer\/wp-json\/wp\/v2\/users\/2"}],"replies":[{"embeddable":true,"href":"https:\/\/idihcs.fahce.unlp.edu.ar\/piemmer\/wp-json\/wp\/v2\/comments?post=98"}],"version-history":[{"count":11,"href":"https:\/\/idihcs.fahce.unlp.edu.ar\/piemmer\/wp-json\/wp\/v2\/pages\/98\/revisions"}],"predecessor-version":[{"id":896,"href":"https:\/\/idihcs.fahce.unlp.edu.ar\/piemmer\/wp-json\/wp\/v2\/pages\/98\/revisions\/896"}],"wp:attachment":[{"href":"https:\/\/idihcs.fahce.unlp.edu.ar\/piemmer\/wp-json\/wp\/v2\/media?parent=98"}],"curies":[{"name":"wp","href":"https:\/\/api.w.org\/{rel}","templated":true}]}}

PIEMMER &#8211; Presentación

<h5 id="parent-fieldname-description" class="documentFirstHeading">El Programa Interinstitucional de Estudios sobre Memorias, Movilidades, Exilios y Refugios, surge como parte del trabajo colectivo de especialistas en estudios de memorias, movilidades, exilios, refugios y otros desplazamientos poblacionales en la región de América Latina. Los proyectos de investigación que integran este programa se encuentran radicados y acreditados en universidades y centros de investigación de reconocida trayectoria en Argentina, México, Uruguay, Chile y Brasil, lo que permite dar forma a una primera red regional de investigadores formados y en formación dedicados al estudio de estos temas. Junto a ello, este Programa se inscribe en una red latinoamericana y europea más amplia de la que participan los principales referentes del campo de las memorias, los estudios de movilidades y exiliares.</h5>
<p><img loading="lazy" decoding="async" class="alignnone wp-image-418" src="http://idihcs.fahce.unlp.edu.ar/piemmer/wp-content/uploads/sites/23/2018/10/Logo-UNLP-300x144.png" alt="" width="126" height="61" srcset="https://idihcs.fahce.unlp.edu.ar/piemmer/wp-content/uploads/sites/23/2018/10/Logo-UNLP-300x144.png 300w, https://idihcs.fahce.unlp.edu.ar/piemmer/wp-content/uploads/sites/23/2018/10/Logo-UNLP.png 324w" sizes="auto, (max-width: 126px) 100vw, 126px" /> <img loading="lazy" decoding="async" class="alignnone wp-image-420" src="http://idihcs.fahce.unlp.edu.ar/piemmer/wp-content/uploads/sites/23/2018/10/Logo-Universidade-Salgado-de-Oliveira.jpg" alt="" width="81" height="84" /> <img loading="lazy" decoding="async" class="alignnone wp-image-421" src="http://idihcs.fahce.unlp.edu.ar/piemmer/wp-content/uploads/sites/23/2018/10/Logo-UERJ.png" alt="" width="71" height="78" /> <img loading="lazy" decoding="async" class="alignnone wp-image-422" src="http://idihcs.fahce.unlp.edu.ar/piemmer/wp-content/uploads/sites/23/2018/10/Universidad-Nacional-del-Sur-Bahia-Blanca.png" alt="" width="80" height="77" /><img loading="lazy" decoding="async" class="alignnone wp-image-423" src="http://idihcs.fahce.unlp.edu.ar/piemmer/wp-content/uploads/sites/23/2018/10/Logo-USACH.png" alt="" width="62" height="84" /> <img loading="lazy" decoding="async" class="alignnone wp-image-424" src="http://idihcs.fahce.unlp.edu.ar/piemmer/wp-content/uploads/sites/23/2018/10/Logo-Universidad-de-Chile-300x248.png" alt="" width="98" height="81" srcset="https://idihcs.fahce.unlp.edu.ar/piemmer/wp-content/uploads/sites/23/2018/10/Logo-Universidad-de-Chile-300x248.png 300w, https://idihcs.fahce.unlp.edu.ar/piemmer/wp-content/uploads/sites/23/2018/10/Logo-Universidad-de-Chile-768x634.png 768w, https://idihcs.fahce.unlp.edu.ar/piemmer/wp-content/uploads/sites/23/2018/10/Logo-Universidad-de-Chile-1024x846.png 1024w, https://idihcs.fahce.unlp.edu.ar/piemmer/wp-content/uploads/sites/23/2018/10/Logo-Universidad-de-Chile-696x575.png 696w, https://idihcs.fahce.unlp.edu.ar/piemmer/wp-content/uploads/sites/23/2018/10/Logo-Universidad-de-Chile-1068x882.png 1068w, https://idihcs.fahce.unlp.edu.ar/piemmer/wp-content/uploads/sites/23/2018/10/Logo-Universidad-de-Chile-509x420.png 509w, https://idihcs.fahce.unlp.edu.ar/piemmer/wp-content/uploads/sites/23/2018/10/Logo-Universidad-de-Chile.png 1304w" sizes="auto, (max-width: 98px) 100vw, 98px" /><img loading="lazy" decoding="async" class="alignnone wp-image-425" src="http://idihcs.fahce.unlp.edu.ar/piemmer/wp-content/uploads/sites/23/2018/10/Logo-Universidad-de-la-República-Uruguay.png" alt="" width="87" height="86" srcset="https://idihcs.fahce.unlp.edu.ar/piemmer/wp-content/uploads/sites/23/2018/10/Logo-Universidad-de-la-República-Uruguay.png 226w, https://idihcs.fahce.unlp.edu.ar/piemmer/wp-content/uploads/sites/23/2018/10/Logo-Universidad-de-la-República-Uruguay-150x150.png 150w" sizes="auto, (max-width: 87px) 100vw, 87px" /><img loading="lazy" decoding="async" class="wp-image-875 size-medium alignleft" src="https://idihcs.fahce.unlp.edu.ar/piemmer/wp-content/uploads/sites/23/2025/03/Personificador_Secihti-ECOSUR-2025-300x43.jpg" alt="" width="300" height="43" srcset="https://idihcs.fahce.unlp.edu.ar/piemmer/wp-content/uploads/sites/23/2025/03/Personificador_Secihti-ECOSUR-2025-300x43.jpg 300w, https://idihcs.fahce.unlp.edu.ar/piemmer/wp-content/uploads/sites/23/2025/03/Personificador_Secihti-ECOSUR-2025-1024x148.jpg 1024w, https://idihcs.fahce.unlp.edu.ar/piemmer/wp-content/uploads/sites/23/2025/03/Personificador_Secihti-ECOSUR-2025-768x111.jpg 768w, https://idihcs.fahce.unlp.edu.ar/piemmer/wp-content/uploads/sites/23/2025/03/Personificador_Secihti-ECOSUR-2025-1536x223.jpg 1536w, https://idihcs.fahce.unlp.edu.ar/piemmer/wp-content/uploads/sites/23/2025/03/Personificador_Secihti-ECOSUR-2025-696x101.jpg 696w, https://idihcs.fahce.unlp.edu.ar/piemmer/wp-content/uploads/sites/23/2025/03/Personificador_Secihti-ECOSUR-2025-1068x155.jpg 1068w, https://idihcs.fahce.unlp.edu.ar/piemmer/wp-content/uploads/sites/23/2025/03/Personificador_Secihti-ECOSUR-2025.jpg 1745w" sizes="auto, (max-width: 300px) 100vw, 300px" /></p>


<p></p>

<p>El Programa Interinstitucional de Estudios sobre Memorias, Movilidades, Exilios y Refugios, surge como parte del trabajo colectivo de especialistas en estudios de memorias, movilidades, exilios, refugios y otros desplazamientos poblacionales en la región de América Latina. Los proyectos de investigación que integran este programa se encuentran radicados y acreditados en universidades y centros de investigación [&hellip;]</p>

El Programa Interinstitucional de Estudios sobre Memorias, Movilidades, Exilios y Refugios, surge como parte del trabajo colectivo de especialistas en estudios de memorias, movilidades, exilios, refugios y otros desplazamientos poblacionales en la región de América Latina. Los proyectos de investigación que integran este programa se encuentran radicados y acreditados en universidades y centros de investigación&hellip;
