{"id":345,"date":"2018-09-20T12:22:17","date_gmt":"2018-09-20T15:22:17","guid":{"rendered":"http:\/\/idihcs.fahce.unlp.edu.ar\/piemmer\/?page_id=345"},"modified":"2025-04-04T10:16:37","modified_gmt":"2025-04-04T13:16:37","slug":"antecedentes","status":"publish","type":"page","link":"https:\/\/idihcs.fahce.unlp.edu.ar\/piemmer\/antecedentes\/","title":{"rendered":"PIEMMER &#8211; Antecedentes"},"content":{"rendered":"<p>Este Programa se apoya en el trabajo realizado desde 2010 por la FAHCE-UNLP y que fue creciendo en actividades formando una importante red de investigadores.<\/p>\n<p>Desde 2010 la FAHCE-UNLP ha venido demostrando un importante compromiso para el desarrollo de distintas actividades vinculadas a la problem\u00e1tica de los exilios pol\u00edticos del Cono Sur, especialmente de las producidas en el marco del terrorismo de Estado en la segunda mitad del siglo XX. En agosto de ese a\u00f1o, se realizaron las primeras Jornadas sobre Exilio y Pol\u00edtica, organizadas por la Maestr\u00eda en Historia y Memoria, en la que se discutieron proyectos de tesis sobre la tem\u00e1tica. Dos a\u00f1os despu\u00e9s, se decidi\u00f3 dar un paso adelante en la institucionalizaci\u00f3n del campo de estudios y se organizaron en la UNLP las I Jornadas de Trabajo sobre Exilios Pol\u00edticos del Cono Sur en el Siglo XX. Agendas, problemas y perspectivas de an\u00e1lisis. Favorecidos por el Proyecto REDES de la VII Convocatoria de Proyectos de Fortalecimiento de Redes Interuniversitarias, entre 2014 y 2015, se impuls\u00f3 un activo y exitoso intercambio entre investigadores (docentes y becarios) dedicados a los estudios de los desplazamientos migratorios forzados de la regi\u00f3n en el siglo XX de las universidades argentinas de La Plata y del Sur, las chilenas, de Chile y Santiago de Chile y la Universidad de la Rep\u00fablica de Montevideo. La segunda edici\u00f3n de estas jornadas (5, 6 y 7 de noviembre 2014) se celebraron en la Universidad de la Rep\u00fablica (Montevideo) y la tercera edici\u00f3n se realiz\u00f3 en la ciudad de Santiago de Chile (10, 11 y 12 de noviembre de 2016) bajo la organizaci\u00f3n local de las Universidades de Chile y Santiago de Chile, junto al apoyo de la Maestr\u00eda de Historia y Memoria (UNLP). La creciente producci\u00f3n presentada sobre el tema de los exilios del Cono Sur en estas actividades ha sido editada y reunida para consulta abierta a trav\u00e9s del portal de la FAHCE-UNLP contribuyendo as\u00ed a la difusi\u00f3n de los estudios que se est\u00e1n realizando actualmente sobre estas problem\u00e1ticas (http:\/\/jornadasexilios.fahce.unlp.edu.ar\/). Las jornadas han demostrado cumplir con el objetivo de reunir a investigadores, estudiantes, docentes y especialistas dedicados a los estudios sobre exilios pol\u00edticos de la regi\u00f3n, enfatizando en los casos de Argentina, Brasil, Chile, Uruguay, Bolivia y Paraguay y abriendo la agenda de trabajos a nuevos temas y problemas del campo de estudios, como el caso de la perspectiva de g\u00e9nero, de la segunda generaci\u00f3n de exiliados, los exilios y las militancias pol\u00edticas, entre otros aspectos. Adem\u00e1s, propiciaron el di\u00e1logo para el fortalecimiento de v\u00ednculos interuniversitarios, de las universidades que integran el presente Programa con otros centros de investigaci\u00f3n y docencia de la regi\u00f3n y de otros continentes (Universidad de Coimbra, Universidad Wake Forest University, El Colegio de M\u00e9xico, Universidad de Salamanca, Universidad Nacional de Educaci\u00f3n a Distancia, The Hebrew University of Jerusalem, Universidad de Maryland, entre otras), promoviendo el compromiso y el trabajo mutuo en esta \u00e1rea de estudio que a\u00fan revela lagunas significativas.<\/p>\n<p>Por otro lado, en el marco de las actividades que se fueron realizando, se han desarrollado reuniones de trabajo tendientes por un lado, a avanzar en la institucionalizaci\u00f3n del campo de estudios; y por el otro, a difundir los resultados de la experiencia de colaboraci\u00f3n, intercambio y estad\u00edas de investigaci\u00f3n, en diferentes propuestas editoriales de la que participan diferentes integrantes de la red.<\/p>\n<p>En ese marco, se inscribe el presente Programa de Estudios sobre Memorias Migraciones, Exilios y Refugios, con el impulso del trabajo acumulado durante todos estos a\u00f1os y una consolidada agenda de trabajo que se ampl\u00eda e incorpora nuevos problemas, referidos a las memorias, a las migraciones en general y a los refugios en particular, desde diferentes perspectivas dentro de las ciencias sociales y humanas.<\/p>\n<p><strong>Objetivo general:<\/strong> consiste en consolidar un espacio de reflexi\u00f3n y an\u00e1lisis sobre los procesos de memorias, y de desplazamiento poblacional en general, centralizando su atenci\u00f3n en aquellos atravesados por causales pol\u00edticas y\/o humanitarias en Latinoam\u00e9rica, con especial \u00e9nfasis en el Cono Sur, tanto en sus problemas actuales como en perspectiva hist\u00f3rica.<\/p>\n<p><strong>Objetivos espec\u00edficos:<\/strong><\/p>\n<ul>\n<li>Contribuir a la creaci\u00f3n y consolidaci\u00f3n de un \u00e1rea de trabajo sobre memorias y temas de desplazamiento poblacional en la FAHCE-UNLP.<\/li>\n<li>Impulsar\/potenciar la firma de convenios de cooperaci\u00f3n nacional e internacional entre la FAHCE-UNLP, las unidades acad\u00e9micas que forman parte del Programa y nuevas universidades y centros de investigaci\u00f3n que se incorporen a lo largo de las actividades.<\/li>\n<li>Situar al Programa de Estudios sobre Memorias, Migraciones, Exilios y Refugios como un espacio de trabajo abierto, multidisciplinario y reflexivo para la comunidad acad\u00e9mica de la FAHCE-UNLP.<\/li>\n<li>Contribuir a fortalecer la din\u00e1mica receptiva que la FAHCE-UNLP tiene ante las inquietudes de organizaciones sociales y la comunidad en general sobre temas de memorias, migratorios y de desplazamiento poblacional en la regi\u00f3n.<\/li>\n<\/ul>\n<p><strong>Entre sus objetivos de corto plazo, el Programa se propone:<\/strong><\/p>\n<ul>\n<li>Realizar jornadas de trabajo y discusi\u00f3n interna entre los miembros del Programa y con la comunidad acad\u00e9mica en general sobre tem\u00e1ticas de memorias y desplazamientos poblacionales a definir.<\/li>\n<li>Organizar publicaciones de divulgaci\u00f3n sobre problem\u00e1ticas de inter\u00e9s actual en el tema de las memorias, migraciones, exilios o refugios.<\/li>\n<li>Consolidar las redes de trabajo y los espacios de intercambio acad\u00e9mico de las universidades integrantes del Programa<\/li>\n<li>Contribuir a la creaci\u00f3n de nuevos lazos de trabajo con otras redes y universidades y centros de investigaci\u00f3n de Am\u00e9rica Latina y de Europa afines a estos temas.<\/li>\n<li>Impulsar y fortalecer la formaci\u00f3n de recursos humanos en las \u00e1reas propuestas por el programa.<\/li>\n<li>Trabajar sobre la definici\u00f3n de contenidos y prop\u00f3sitos, edici\u00f3n y posterior publicaci\u00f3n de un Anuario del Programa de Estudios sobre Memorias, Migraciones, Exilios y Refugios<\/li>\n<li>Elaborar un sitio web del Programa que permite optimizar las comunicaciones y difusi\u00f3n de las actividades y\/o material de inter\u00e9s<\/li>\n<\/ul>\n","protected":false},"excerpt":{"rendered":"<p>Este Programa se apoya en el trabajo realizado desde 2010 por la FAHCE-UNLP y que fue creciendo en actividades formando una importante red de investigadores. Desde 2010 la FAHCE-UNLP ha venido demostrando un importante compromiso para el desarrollo de distintas actividades vinculadas a la problem\u00e1tica de los exilios pol\u00edticos del Cono Sur, especialmente de las [&hellip;]<\/p>\n","protected":false},"author":2,"featured_media":0,"parent":0,"menu_order":0,"comment_status":"closed","ping_status":"closed","template":"page-ui.php","meta":{"_themeisle_gutenberg_block_has_review":false,"footnotes":""},"class_list":["post-345","page","type-page","status-publish","hentry"],"acf":[],"rttpg_featured_image_url":null,"rttpg_author":{"display_name":"ggchicote","author_link":"https:\/\/idihcs.fahce.unlp.edu.ar\/piemmer\/author\/ggchicote\/"},"rttpg_comment":0,"rttpg_category":null,"rttpg_excerpt":"Este Programa se apoya en el trabajo realizado desde 2010 por la FAHCE-UNLP y que fue creciendo en actividades formando una importante red de investigadores. Desde 2010 la FAHCE-UNLP ha venido demostrando un importante compromiso para el desarrollo de distintas actividades vinculadas a la problem\u00e1tica de los exilios pol\u00edticos del Cono Sur, especialmente de las&hellip;","_links":{"self":[{"href":"https:\/\/idihcs.fahce.unlp.edu.ar\/piemmer\/wp-json\/wp\/v2\/pages\/345","targetHints":{"allow":["GET"]}}],"collection":[{"href":"https:\/\/idihcs.fahce.unlp.edu.ar\/piemmer\/wp-json\/wp\/v2\/pages"}],"about":[{"href":"https:\/\/idihcs.fahce.unlp.edu.ar\/piemmer\/wp-json\/wp\/v2\/types\/page"}],"author":[{"embeddable":true,"href":"https:\/\/idihcs.fahce.unlp.edu.ar\/piemmer\/wp-json\/wp\/v2\/users\/2"}],"replies":[{"embeddable":true,"href":"https:\/\/idihcs.fahce.unlp.edu.ar\/piemmer\/wp-json\/wp\/v2\/comments?post=345"}],"version-history":[{"count":1,"href":"https:\/\/idihcs.fahce.unlp.edu.ar\/piemmer\/wp-json\/wp\/v2\/pages\/345\/revisions"}],"predecessor-version":[{"id":346,"href":"https:\/\/idihcs.fahce.unlp.edu.ar\/piemmer\/wp-json\/wp\/v2\/pages\/345\/revisions\/346"}],"wp:attachment":[{"href":"https:\/\/idihcs.fahce.unlp.edu.ar\/piemmer\/wp-json\/wp\/v2\/media?parent=345"}],"curies":[{"name":"wp","href":"https:\/\/api.w.org\/{rel}","templated":true}]}}