{"id":150,"date":"2018-06-21T15:30:58","date_gmt":"2018-06-21T18:30:58","guid":{"rendered":"http:\/\/163.10.30.48\/~posgrado6\/wordpress\/chaya\/?page_id=150"},"modified":"2025-04-04T10:15:50","modified_gmt":"2025-04-04T13:15:50","slug":"proyectos-participantes","status":"publish","type":"page","link":"https:\/\/idihcs.fahce.unlp.edu.ar\/piemmer\/proyectos-participantes\/","title":{"rendered":"PIEMMER &#8211; Proyectos participantes"},"content":{"rendered":"<p>Este Programa surge a partir de la asociaci\u00f3n de diferentes proyectos de investigaci\u00f3n acreditados por los sistemas cient\u00edficos nacional y de los respectivos pa\u00edses a los que pertenecen.<\/p>\n<p><strong>Dirigido por <a href=\"\/personas\/flier-patricia\/\" target=\"_blank\" rel=\"noopener\">Patricia Flier<\/a> (UNLP) y Cod<\/strong><strong>irigido por <a href=\"_wp_link_placeholder\" data-wplink-edit=\"true\">Emmanuel Nicol\u00e1s Kahan<\/a> (IdIHCS, UNLP-CONICET; NEJ-IDES)<\/strong><\/p>\n<p>Entre los 40 a\u00f1os de la recuperaci\u00f3n democr\u00e1tica y los 50 a\u00f1os de la \u00faltima dictadura militar. Balances, perspectivas y desaf\u00edos de las pr\u00e1cticas y las pol\u00edticas de memoria en torno al pasado reciente. Universidad Nacional de La Plata. Periodo: 01\/01\/2025 al 01\/01\/2028<\/p>\n<p><strong>Dirigido por <a href=\"http:\/\/idihcs.fahce.unlp.edu.ar\/piemmer\/erica-sarmiento\/\">\u00c9rica Sarmiento<\/a> (UNIVERSO\/UERJ)<\/strong><br \/>Inmigra\u00e7\u00e3o galega no Rio de Janeiro e em Buenos Aires (1880-1930): associativismo, trajet\u00f3ria socioprofissional e cidade&#8221;, financiado pelo CNPQ . PROJETO CNPQ (Coordenadora). L\u00edder do grupo de pesquisa do CNPQ &#8220;Pensamento, pol\u00edtica e sociedade latino americana&#8221;. Integrante de grupos de pesquisa como o projeto Pa\u00eds Vasco y Am\u00e9rica: V\u00ednculos y Relaciones atl\u00e1nticas, da Universidade do Pa\u00eds Vasco; e projeto &#8220;Hist\u00f3ria de Am\u00e9rica&#8221;, sob a coordena\u00e7\u00e3o da Professora Doutora Pilar Cagiao Vila, da Universidade de Santiago de Compostela (Espanha) e vice-coordenadora do projeto CAPES-UERJ-Universidad de Huelva &#8220;As migra\u00e7\u00f5es Espanha-Brasil (final do s\u00e9culo XIX at\u00e9 a atualidade)&#8221;.<\/p>\n<p><strong>Dirigido por <a href=\"http:\/\/idihcs.fahce.unlp.edu.ar\/piemmer\/carmen-norambuena-carrasco\/\">Carmen Norambuena<\/a> (USACH)<\/strong><br \/>\u201cInmigrantes en el sistema educacional de Chile. Representaciones de g\u00e9nero, lengua, territorialidad y exclusi\u00f3n social\u201d. IV Concurso Anillos de Investigaci\u00f3n en Ciencias Sociales y Humanidades CONICYT a trav\u00e9s del Programa de Investigaci\u00f3n Asociativa, PIA. C\u00f3digo 9819, a partir de 2015.<\/p>\n\n\n<p><strong>Dirigido por<\/strong> <strong><a href=\"https:\/\/idihcs.fahce.unlp.edu.ar\/piemmer\/enrique-coraza\/\">Enrique Coraza de los Santos <\/a>(ECOSUR-SECIHTI)<\/strong><\/p>\n\n\n\n<p>&#8220;Flujos mixtos y migraciones forzadas en la Frontera Sur de M\u00e9xico&#8221;. Secretar\u00eda de Ciencia, Humanidades, Tecnolog\u00eda e Innovaci\u00f3n (SECIHTI, M\u00e9xico). Periodo: 2018 a la actualidad.<\/p>\n\n\n\n<p><strong>Co responsable <\/strong>de \u201cEtnograf\u00eda de Fronteras: los espacios de movilidad en torno al l\u00edmite pol\u00edtico Uruguay-Brasil\u201d Proyecto I+D, Universidad de la Rep\u00fablica (Uruguay). Periodo: 2023-2025.<\/p>\n\n\n\n<p><strong>Co responsable<\/strong> del proyecto &#8220;Denuncia y superaci\u00f3n de vulnerabilidades en la frontera M\u00e9xico-Guatemala&#8221;, Universidad de Girona (Espa\u00f1a). Periodo: 2016-2025.<\/p>\n\n\n\n<p><strong>Colaborador<\/strong> del proyecto &#8220;Mulheres migrantes nas fronteiras brasileiras: interfaces entre sa\u00fade, viol\u00eancias e trabalho&#8221;. Conselho Nacional de Desenvolvimento Cient\u00edfico e Tecnol\u00f3gico (Brasil). Periodo: 2023-2025.<\/p>\n\n\n\n<p><strong>Dirigido por <a href=\"https:\/\/idihcs.fahce.unlp.edu.ar\/piemmer\/carla-penaloza-palma\/\">Carla Pe\u00f1aloza Palma<\/a><\/strong> (Universidad de Chile)<\/p>\n\n\n\n<p>&#8220;Trayectorias, voces representativas y militancias de las mujeres de izquierda en la historia reciente chilena&#8221;. Per\u00edodo 2024-2026. Universidad de Chile.<\/p>\n\n\n\n<p><strong>Dirigido por <a href=\"https:\/\/idihcs.fahce.unlp.edu.ar\/piemmer\/pedro-rosas\/\">Pedro Rosas Aravena<\/a><\/strong><\/p>\n\n\n\n<p>&#8220;Narradores del pasado presente. Qu\u00e9 es y c\u00f3mo se hace la Historia Reciente en Chile, sus tradiciones, definiciones, contenidos y problemas&#8221;. Periodo 2020-2025. Proyecto Fondecyt. Universidad Academia de Humanismo Cristiano, Chile<\/p>\n\n\n\n<p><\/p>\n","protected":false},"excerpt":{"rendered":"<p>Este Programa surge a partir de la asociaci\u00f3n de diferentes proyectos de investigaci\u00f3n acreditados por los sistemas cient\u00edficos nacional y de los respectivos pa\u00edses a los que pertenecen. Dirigido por Patricia Flier (UNLP) y Codirigido por Emmanuel Nicol\u00e1s Kahan (IdIHCS, UNLP-CONICET; NEJ-IDES) Entre los 40 a\u00f1os de la recuperaci\u00f3n democr\u00e1tica y los 50 a\u00f1os de [&hellip;]<\/p>\n","protected":false},"author":3,"featured_media":0,"parent":0,"menu_order":0,"comment_status":"closed","ping_status":"closed","template":"page-ui.php","meta":{"_themeisle_gutenberg_block_has_review":false,"footnotes":""},"class_list":["post-150","page","type-page","status-publish","hentry"],"acf":[],"rttpg_featured_image_url":null,"rttpg_author":{"display_name":"cbarletta","author_link":"https:\/\/idihcs.fahce.unlp.edu.ar\/piemmer\/author\/cbarletta\/"},"rttpg_comment":0,"rttpg_category":null,"rttpg_excerpt":"Este Programa surge a partir de la asociaci\u00f3n de diferentes proyectos de investigaci\u00f3n acreditados por los sistemas cient\u00edficos nacional y de los respectivos pa\u00edses a los que pertenecen. Dirigido por Patricia Flier (UNLP) y Codirigido por Emmanuel Nicol\u00e1s Kahan (IdIHCS, UNLP-CONICET; NEJ-IDES) Entre los 40 a\u00f1os de la recuperaci\u00f3n democr\u00e1tica y los 50 a\u00f1os de&hellip;","_links":{"self":[{"href":"https:\/\/idihcs.fahce.unlp.edu.ar\/piemmer\/wp-json\/wp\/v2\/pages\/150","targetHints":{"allow":["GET"]}}],"collection":[{"href":"https:\/\/idihcs.fahce.unlp.edu.ar\/piemmer\/wp-json\/wp\/v2\/pages"}],"about":[{"href":"https:\/\/idihcs.fahce.unlp.edu.ar\/piemmer\/wp-json\/wp\/v2\/types\/page"}],"author":[{"embeddable":true,"href":"https:\/\/idihcs.fahce.unlp.edu.ar\/piemmer\/wp-json\/wp\/v2\/users\/3"}],"replies":[{"embeddable":true,"href":"https:\/\/idihcs.fahce.unlp.edu.ar\/piemmer\/wp-json\/wp\/v2\/comments?post=150"}],"version-history":[{"count":21,"href":"https:\/\/idihcs.fahce.unlp.edu.ar\/piemmer\/wp-json\/wp\/v2\/pages\/150\/revisions"}],"predecessor-version":[{"id":886,"href":"https:\/\/idihcs.fahce.unlp.edu.ar\/piemmer\/wp-json\/wp\/v2\/pages\/150\/revisions\/886"}],"wp:attachment":[{"href":"https:\/\/idihcs.fahce.unlp.edu.ar\/piemmer\/wp-json\/wp\/v2\/media?parent=150"}],"curies":[{"name":"wp","href":"https:\/\/api.w.org\/{rel}","templated":true}]}}

<p>Este Programa surge a partir de la asociación de diferentes proyectos de investigación acreditados por los sistemas científicos nacional y de los respectivos países a los que pertenecen.</p>
<p><strong>Dirigido por <a href="/personas/flier-patricia/" target="_blank" rel="noopener">Patricia Flier</a> (UNLP) y Cod</strong><strong>irigido por <a href="_wp_link_placeholder" data-wplink-edit="true">Emmanuel Nicolás Kahan</a> (IdIHCS, UNLP-CONICET; NEJ-IDES)</strong></p>
<p>Entre los 40 años de la recuperación democrática y los 50 años de la última dictadura militar. Balances, perspectivas y desafíos de las prácticas y las políticas de memoria en torno al pasado reciente. Universidad Nacional de La Plata. Periodo: 01/01/2025 al 01/01/2028</p>
<p><strong>Dirigido por <a href="http://idihcs.fahce.unlp.edu.ar/piemmer/erica-sarmiento/">Érica Sarmiento</a> (UNIVERSO/UERJ)</strong><br />Inmigração galega no Rio de Janeiro e em Buenos Aires (1880-1930): associativismo, trajetória socioprofissional e cidade&#8221;, financiado pelo CNPQ . PROJETO CNPQ (Coordenadora). Líder do grupo de pesquisa do CNPQ &#8220;Pensamento, política e sociedade latino americana&#8221;. Integrante de grupos de pesquisa como o projeto País Vasco y América: Vínculos y Relaciones atlánticas, da Universidade do País Vasco; e projeto &#8220;História de América&#8221;, sob a coordenação da Professora Doutora Pilar Cagiao Vila, da Universidade de Santiago de Compostela (Espanha) e vice-coordenadora do projeto CAPES-UERJ-Universidad de Huelva &#8220;As migrações Espanha-Brasil (final do século XIX até a atualidade)&#8221;.</p>
<p><strong>Dirigido por <a href="http://idihcs.fahce.unlp.edu.ar/piemmer/carmen-norambuena-carrasco/">Carmen Norambuena</a> (USACH)</strong><br />“Inmigrantes en el sistema educacional de Chile. Representaciones de género, lengua, territorialidad y exclusión social”. IV Concurso Anillos de Investigación en Ciencias Sociales y Humanidades CONICYT a través del Programa de Investigación Asociativa, PIA. Código 9819, a partir de 2015.</p>


<p><strong>Dirigido por</strong> <strong><a href="https://idihcs.fahce.unlp.edu.ar/piemmer/enrique-coraza/">Enrique Coraza de los Santos </a>(ECOSUR-SECIHTI)</strong></p>



<p>&#8220;Flujos mixtos y migraciones forzadas en la Frontera Sur de México&#8221;. Secretaría de Ciencia, Humanidades, Tecnología e Innovación (SECIHTI, México). Periodo: 2018 a la actualidad.</p>



<p><strong>Co responsable </strong>de “Etnografía de Fronteras: los espacios de movilidad en torno al límite político Uruguay-Brasil” Proyecto I+D, Universidad de la República (Uruguay). Periodo: 2023-2025.</p>



<p><strong>Co responsable</strong> del proyecto &#8220;Denuncia y superación de vulnerabilidades en la frontera México-Guatemala&#8221;, Universidad de Girona (España). Periodo: 2016-2025.</p>



<p><strong>Colaborador</strong> del proyecto &#8220;Mulheres migrantes nas fronteiras brasileiras: interfaces entre saúde, violências e trabalho&#8221;. Conselho Nacional de Desenvolvimento Científico e Tecnológico (Brasil). Periodo: 2023-2025.</p>



<p><strong>Dirigido por <a href="https://idihcs.fahce.unlp.edu.ar/piemmer/carla-penaloza-palma/">Carla Peñaloza Palma</a></strong> (Universidad de Chile)</p>



<p>&#8220;Trayectorias, voces representativas y militancias de las mujeres de izquierda en la historia reciente chilena&#8221;. Período 2024-2026. Universidad de Chile.</p>



<p><strong>Dirigido por <a href="https://idihcs.fahce.unlp.edu.ar/piemmer/pedro-rosas/">Pedro Rosas Aravena</a></strong></p>



<p>&#8220;Narradores del pasado presente. Qué es y cómo se hace la Historia Reciente en Chile, sus tradiciones, definiciones, contenidos y problemas&#8221;. Periodo 2020-2025. Proyecto Fondecyt. Universidad Academia de Humanismo Cristiano, Chile</p>



<p></p>

<p>Este Programa surge a partir de la asociación de diferentes proyectos de investigación acreditados por los sistemas científicos nacional y de los respectivos países a los que pertenecen. Dirigido por Patricia Flier (UNLP) y Codirigido por Emmanuel Nicolás Kahan (IdIHCS, UNLP-CONICET; NEJ-IDES) Entre los 40 años de la recuperación democrática y los 50 años de [&hellip;]</p>

Este Programa surge a partir de la asociación de diferentes proyectos de investigación acreditados por los sistemas científicos nacional y de los respectivos países a los que pertenecen. Dirigido por Patricia Flier (UNLP) y Codirigido por Emmanuel Nicolás Kahan (IdIHCS, UNLP-CONICET; NEJ-IDES) Entre los 40 años de la recuperación democrática y los 50 años de&hellip;
