{"id":23,"date":"2018-05-01T16:05:27","date_gmt":"2018-05-01T19:05:27","guid":{"rendered":"http:\/\/163.10.30.48\/~posgrado6\/wordpress\/aif\/?page_id=23"},"modified":"2026-04-15T11:40:08","modified_gmt":"2026-04-15T14:40:08","slug":"recursos-humanos","status":"publish","type":"page","link":"https:\/\/idihcs.fahce.unlp.edu.ar\/lit\/recursos-humanos\/","title":{"rendered":"LIT &#8211; Recursos Humanos"},"content":{"rendered":"<p><strong><span style=\"font-size: 10.5pt;font-family: 'Helvetica',sans-serif;color: #222222\">Investigadoras formadas<\/span><\/strong><br \/><span style=\"font-size: 10.5pt;font-family: 'Helvetica',sans-serif;color: #222222\"><a href=\"https:\/\/www.memoria.fahce.unlp.edu.ar\/perfiles\/0054AmorebietayVeraJ.html\">Amorebieta y Vera, Julieta Beatriz<\/a><br \/><a href=\"https:\/\/www.memoria.fahce.unlp.edu.ar\/perfiles\/0481EspositoJ.html\">Esp\u00f3sito, Julia<\/a><\/span><br \/><span style=\"font-size: 10.5pt;font-family: 'Helvetica',sans-serif;color: #222222\"><a href=\"https:\/\/www.memoria.fahce.unlp.edu.ar\/perfiles\/0598GentileA.html\">Gentile, Ana Mar\u00eda<\/a><\/span><\/p>\n<p><span style=\"font-size: 10.5pt;font-family: 'Helvetica',sans-serif;color: #222222\"><a href=\"https:\/\/www.memoria.fahce.unlp.edu.ar\/perfiles\/0605GhirimoldiM.html\">Ghirimoldi, Mar\u00eda Eugenia<\/a><br \/><a href=\"https:\/\/www.memoria.fahce.unlp.edu.ar\/perfiles\/1244SaraL.html\">Sara, Mar\u00eda Leonor<\/a><\/span><\/p>\n<p><span style=\"font-size: 10.5pt;font-family: 'Helvetica',sans-serif;color: #222222\"><a href=\"https:\/\/www.memoria.fahce.unlp.edu.ar\/perfiles\/1308SpotoZabalaD.html\">Spoto Zabala, Daniela<\/a><br \/><a href=\"https:\/\/www.memoria.fahce.unlp.edu.ar\/perfiles\/1309SpoturnoM.html\">Spoturno, Mar\u00eda Laura<\/a><\/span><\/p>\n<p><span style=\"font-size: 10.5pt;font-family: 'Helvetica',sans-serif;color: #222222\"><a href=\"https:\/\/www.memoria.fahce.unlp.edu.ar\/perfiles\/1427YanezG.html\">Ya\u00f1ez, Gabriela<\/a><br \/><a href=\"https:\/\/www.memoria.fahce.unlp.edu.ar\/perfiles\/1437ZaparartM.html\">Zaparart, Mar\u00eda Julia<\/a><\/span><\/p>\n<p><strong><span style=\"font-size: 10.5pt;font-family: 'Helvetica',sans-serif;color: #222222\">Investigadoras e investigadores en formaci\u00f3n<\/span><\/strong><span style=\"font-size: 10.5pt;font-family: 'Helvetica',sans-serif;color: #222222\"><br \/>Bevilacqua, Sabrina<\/span><br \/><span style=\"font-size: 10.5pt;font-family: 'Helvetica',sans-serif;color: #222222\"><a href=\"https:\/\/www.memoria.fahce.unlp.edu.ar\/perfiles\/0283CastagnetM.html\">Castagnet, Mart\u00edn Felipe<\/a><br \/><a href=\"https:\/\/www.memoria.fahce.unlp.edu.ar\/perfiles\/0391DauleG.html\">Daule, Gabriela<\/a><br \/>Escobar, Mar\u00eda Laura<br \/><a href=\"https:\/\/www.memoria.fahce.unlp.edu.ar\/perfiles\/0518FerreroS.html\">Ferrero, Sabrina Solange<\/a><br \/><a href=\"https:\/\/www.memoria.fahce.unlp.edu.ar\/perfiles\/2134LombardoA.html\">Lombardo, Andrea Laura<\/a><br \/><a href=\"https:\/\/www.memoria.fahce.unlp.edu.ar\/perfiles\/0879MateloG.html\">Matelo, Gabriel Osvaldo<\/a><br \/><a href=\"https:\/\/www.memoria.fahce.unlp.edu.ar\/perfiles\/1869MunchM.html\">Munch, Mar\u00eda Beatriz<\/a><br \/>Nervi, Mar\u00eda Eugenia<br \/>Pereyra, Soledad<br \/><a href=\"https:\/\/www.memoria.fahce.unlp.edu.ar\/perfiles\/1744PichM.html\">Pich, Mar\u00eda Julia<\/a><br \/><\/span><span style=\"font-size: 10.5pt;font-family: 'Helvetica',sans-serif;color: #222222\"><a href=\"https:\/\/www.memoria.fahce.unlp.edu.ar\/perfiles\/1136RemiroG.html\">Remiro, Guillermina In\u00e9s<\/a><br \/><\/span><span style=\"font-size: 10.5pt;font-family: 'Helvetica',sans-serif;color: #222222\">Streckwall, Fernando<br \/><a href=\"https:\/\/www.memoria.fahce.unlp.edu.ar\/perfiles\/1398VieguerF.html\">Vieguer, Fabiana<\/a><br \/>Yacznik, Alejandra<br \/><\/span><\/p>\n<p style=\"margin: 0cm;line-height: 19.5pt;background: white\"><strong><span style=\"font-size: 10.5pt;font-family: 'Helvetica',sans-serif;color: #222222\">Colaboradoras y colaboradores en proyectos<\/span><\/strong><\/p>\n<p style=\"margin: 0cm;line-height: 19.5pt;background: white\"><span style=\"font-size: 10.5pt;font-family: 'Helvetica',sans-serif;color: #222222\"><a href=\"https:\/\/www.memoria.fahce.unlp.edu.ar\/perfiles\/1758BalduzziR.html\">Balduzzi, Romina<\/a><\/span><\/p>\n<p style=\"margin: 0cm;line-height: 19.5pt;background: white\"><span style=\"font-size: 10.5pt;font-family: 'Helvetica',sans-serif;color: #222222\">Iba\u00f1ez, Gema<\/span><\/p>\n<p style=\"margin: 0cm;line-height: 19.5pt;background: white\"><span style=\"font-size: 10.5pt;font-family: 'Helvetica',sans-serif;color: #222222\">Jalil, Carolina<\/span><\/p>\n<p style=\"margin: 0cm;line-height: 19.5pt;background: white\"><span style=\"font-size: 10.5pt;font-family: 'Helvetica',sans-serif;color: #222222\">Jalowyj, Agostina<\/span><\/p>\n<p style=\"margin: 0cm;line-height: 19.5pt;background: white\"><span style=\"font-size: 10.5pt;font-family: 'Helvetica',sans-serif;color: #222222\"><a href=\"https:\/\/www.memoria.fahce.unlp.edu.ar\/perfiles\/1918KancepolskyTeichmannA.html\">Kancepolsky Teichmann, Ana<\/a><br \/><\/span><\/p>\n<p style=\"margin: 0cm;line-height: 19.5pt;background: white\"><span style=\"font-size: 10.5pt;font-family: 'Helvetica',sans-serif;color: #222222\">Pernuzzi, Giselle<\/span><\/p>\n<p style=\"margin: 0cm;line-height: 19.5pt;background: white\"><span style=\"font-size: 10.5pt;font-family: 'Helvetica',sans-serif;color: #222222\">Prieto, Mar\u00eda Soledad<\/span><\/p>\n<p style=\"margin: 0cm;line-height: 19.5pt;background: white\"><span style=\"font-size: 10.5pt;font-family: 'Helvetica',sans-serif;color: #222222\">Romero, Mariela Alejandra<\/span><\/p>\n<p style=\"margin: 0cm;line-height: 19.5pt;background: white\"><span style=\"font-size: 10.5pt;font-family: 'Helvetica',sans-serif;color: #222222\">Schroh, Alfonsina<\/span><\/p>\n<p style=\"margin: 0cm;line-height: 19.5pt;background: white\"><span style=\"font-size: 10.5pt;font-family: 'Helvetica',sans-serif;color: #222222\">Seri Medei, Albertina<\/span><\/p>\n<p style=\"margin: 0cm;line-height: 19.5pt;background: white\"><span style=\"font-size: 10.5pt;font-family: 'Helvetica',sans-serif;color: #222222\">Stocco, Melisa Soledad<\/span><\/p>\n<p style=\"margin: 0cm;line-height: 19.5pt;background: white\"><span style=\"font-size: 10.5pt;font-family: 'Helvetica',sans-serif;color: #222222\">Zucchi, Mariano Nicol\u00e1s<\/span><\/p>\n<p style=\"margin: 0cm;line-height: 19.5pt;background: white;text-align: start\"><strong><span style=\"font-size: 10.5pt;font-family: 'Helvetica',sans-serif;color: #222222\">\u00a0<\/span><\/strong><\/p>\n<p style=\"margin: 0cm;line-height: 19.5pt;background: white\"><strong><span style=\"font-size: 10.5pt;font-family: 'Helvetica',sans-serif;color: #222222\">Colaboradoras externas<\/span><\/strong><\/p>\n<p style=\"margin: 0cm;line-height: 19.5pt;background: white;text-align: start\"><a href=\"https:\/\/warwick.ac.uk\/fac\/arts\/modernlanguages\/academic\/oc\/\"><span style=\"font-size: 10.5pt;font-family: 'Helvetica',sans-serif;color: #222222\">Castro, Olga<\/span><\/a><\/p>\n<p style=\"margin: 0cm;line-height: 19.5pt;background: white;text-align: start\"><span style=\"font-size: 10.5pt;font-family: 'Helvetica',sans-serif;color: #222222\">Del Pozo Trevi\u00f1o, Maribel<\/span><\/p>\n<p style=\"margin: 0cm;line-height: 19.5pt;background: white;text-align: start\"><span style=\"font-size: 10.5pt;font-family: 'Helvetica',sans-serif;color: #222222\">Placidi, Francesca<\/span><\/p>\n<p style=\"margin: 0cm;line-height: 19.5pt;background: white;text-align: start\"><a href=\"https:\/\/produccioncientifica.usal.es\/investigadores\/56938\/publicaciones\"><span style=\"font-size: 10.5pt;font-family: 'Helvetica',sans-serif;color: #222222\">Vidal Claramonte, Mar\u00eda del Carmen \u00c1frica<\/span><\/a><\/p>\n<p style=\"margin: 0cm;line-height: 19.5pt;background: white;text-align: start\"><strong><span style=\"font-size: 10.5pt;font-family: 'Helvetica',sans-serif;color: #222222\">\u00a0<\/span><\/strong><\/p>\n<p style=\"margin: 0cm;line-height: 19.5pt;background: white\"><strong><span style=\"font-size: 10.5pt;font-family: 'Helvetica',sans-serif;color: #222222\">Becarias y becarios<\/span><\/strong><\/p>\n<p style=\"margin: 0cm;line-height: 19.5pt;background: white;text-align: start\"><span style=\"font-size: 10.5pt;font-family: 'Helvetica',sans-serif;color: #222222\">Escobar, Mar\u00eda Laura<br \/><a href=\"https:\/\/www.memoria.fahce.unlp.edu.ar\/perfiles\/0518FerreroS.html\">Ferrero, Sabrina Solange<\/a><\/span><\/p>\n<p style=\"margin: 0cm;line-height: 19.5pt;background: white;text-align: start\">\u00a0<\/p>\n\n\n<p><\/p>\n","protected":false},"excerpt":{"rendered":"<p>Investigadoras formadasAmorebieta y Vera, Julieta BeatrizEsp\u00f3sito, JuliaGentile, Ana Mar\u00eda Ghirimoldi, Mar\u00eda EugeniaSara, Mar\u00eda Leonor Spoto Zabala, DanielaSpoturno, Mar\u00eda Laura Ya\u00f1ez, GabrielaZaparart, Mar\u00eda Julia Investigadoras e investigadores en formaci\u00f3nBevilacqua, SabrinaCastagnet, Mart\u00edn FelipeDaule, GabrielaEscobar, Mar\u00eda LauraFerrero, Sabrina SolangeLombardo, Andrea LauraMatelo, Gabriel OsvaldoMunch, Mar\u00eda BeatrizNervi, Mar\u00eda EugeniaPereyra, SoledadPich, Mar\u00eda JuliaRemiro, Guillermina In\u00e9sStreckwall, FernandoVieguer, FabianaYacznik, Alejandra Colaboradoras y colaboradores [&hellip;]<\/p>\n","protected":false},"author":2,"featured_media":237,"parent":0,"menu_order":0,"comment_status":"closed","ping_status":"closed","template":"page-ui.php","meta":{"_themeisle_gutenberg_block_has_review":false,"footnotes":""},"class_list":["post-23","page","type-page","status-publish","has-post-thumbnail","hentry"],"acf":[],"rttpg_featured_image_url":{"full":["https:\/\/idihcs.fahce.unlp.edu.ar\/lit\/wp-content\/uploads\/sites\/20\/2018\/08\/banner-lit.jpg",2900,337,false],"landscape":["https:\/\/idihcs.fahce.unlp.edu.ar\/lit\/wp-content\/uploads\/sites\/20\/2018\/08\/banner-lit.jpg",2900,337,false],"portraits":["https:\/\/idihcs.fahce.unlp.edu.ar\/lit\/wp-content\/uploads\/sites\/20\/2018\/08\/banner-lit.jpg",2900,337,false],"thumbnail":["https:\/\/idihcs.fahce.unlp.edu.ar\/lit\/wp-content\/uploads\/sites\/20\/2018\/08\/banner-lit-150x150.jpg",150,150,true],"medium":["https:\/\/idihcs.fahce.unlp.edu.ar\/lit\/wp-content\/uploads\/sites\/20\/2018\/08\/banner-lit-300x35.jpg",300,35,true],"large":["https:\/\/idihcs.fahce.unlp.edu.ar\/lit\/wp-content\/uploads\/sites\/20\/2018\/08\/banner-lit-1024x119.jpg",696,81,true],"1536x1536":["https:\/\/idihcs.fahce.unlp.edu.ar\/lit\/wp-content\/uploads\/sites\/20\/2018\/08\/banner-lit.jpg",1536,178,false],"2048x2048":["https:\/\/idihcs.fahce.unlp.edu.ar\/lit\/wp-content\/uploads\/sites\/20\/2018\/08\/banner-lit.jpg",2048,238,false],"td_80x60":["https:\/\/idihcs.fahce.unlp.edu.ar\/lit\/wp-content\/uploads\/sites\/20\/2018\/08\/banner-lit-80x60.jpg",80,60,true],"td_100x70":["https:\/\/idihcs.fahce.unlp.edu.ar\/lit\/wp-content\/uploads\/sites\/20\/2018\/08\/banner-lit-100x70.jpg",100,70,true],"td_218x150":["https:\/\/idihcs.fahce.unlp.edu.ar\/lit\/wp-content\/uploads\/sites\/20\/2018\/08\/banner-lit-218x150.jpg",218,150,true],"td_265x198":["https:\/\/idihcs.fahce.unlp.edu.ar\/lit\/wp-content\/uploads\/sites\/20\/2018\/08\/banner-lit-265x198.jpg",265,198,true],"td_324x160":["https:\/\/idihcs.fahce.unlp.edu.ar\/lit\/wp-content\/uploads\/sites\/20\/2018\/08\/banner-lit-324x160.jpg",324,160,true],"td_324x235":["https:\/\/idihcs.fahce.unlp.edu.ar\/lit\/wp-content\/uploads\/sites\/20\/2018\/08\/banner-lit-324x235.jpg",324,235,true],"td_324x400":["https:\/\/idihcs.fahce.unlp.edu.ar\/lit\/wp-content\/uploads\/sites\/20\/2018\/08\/banner-lit-324x337.jpg",324,337,true],"td_356x220":["https:\/\/idihcs.fahce.unlp.edu.ar\/lit\/wp-content\/uploads\/sites\/20\/2018\/08\/banner-lit-356x220.jpg",356,220,true],"td_356x364":["https:\/\/idihcs.fahce.unlp.edu.ar\/lit\/wp-content\/uploads\/sites\/20\/2018\/08\/banner-lit-356x337.jpg",356,337,true],"td_485x360":["https:\/\/idihcs.fahce.unlp.edu.ar\/lit\/wp-content\/uploads\/sites\/20\/2018\/08\/banner-lit-485x337.jpg",485,337,true],"td_533x261":["https:\/\/idihcs.fahce.unlp.edu.ar\/lit\/wp-content\/uploads\/sites\/20\/2018\/08\/banner-lit-533x261.jpg",533,261,true],"td_534x462":["https:\/\/idihcs.fahce.unlp.edu.ar\/lit\/wp-content\/uploads\/sites\/20\/2018\/08\/banner-lit-534x337.jpg",534,337,true],"td_696x0":["https:\/\/idihcs.fahce.unlp.edu.ar\/lit\/wp-content\/uploads\/sites\/20\/2018\/08\/banner-lit-696x81.jpg",696,81,true],"td_696x385":["https:\/\/idihcs.fahce.unlp.edu.ar\/lit\/wp-content\/uploads\/sites\/20\/2018\/08\/banner-lit-696x337.jpg",696,337,true],"td_741x486":["https:\/\/idihcs.fahce.unlp.edu.ar\/lit\/wp-content\/uploads\/sites\/20\/2018\/08\/banner-lit-741x337.jpg",741,337,true],"td_1068x580":["https:\/\/idihcs.fahce.unlp.edu.ar\/lit\/wp-content\/uploads\/sites\/20\/2018\/08\/banner-lit-1068x337.jpg",1068,337,true],"td_1068x0":["https:\/\/idihcs.fahce.unlp.edu.ar\/lit\/wp-content\/uploads\/sites\/20\/2018\/08\/banner-lit-1068x124.jpg",1068,124,true],"td_0x420":["https:\/\/idihcs.fahce.unlp.edu.ar\/lit\/wp-content\/uploads\/sites\/20\/2018\/08\/banner-lit.jpg",2900,337,false],"td_1920x0":["https:\/\/idihcs.fahce.unlp.edu.ar\/lit\/wp-content\/uploads\/sites\/20\/2018\/08\/banner-lit-1920x223.jpg",1920,223,true],"rt_custom":["https:\/\/idihcs.fahce.unlp.edu.ar\/lit\/wp-content\/uploads\/sites\/20\/2018\/08\/banner-lit.jpg",2900,337,false]},"rttpg_author":{"display_name":"ggchicote","author_link":"https:\/\/idihcs.fahce.unlp.edu.ar\/lit\/author\/ggchicote\/"},"rttpg_comment":0,"rttpg_category":null,"rttpg_excerpt":"Investigadoras formadasAmorebieta y Vera, Julieta BeatrizEsp\u00f3sito, JuliaGentile, Ana Mar\u00eda Ghirimoldi, Mar\u00eda EugeniaSara, Mar\u00eda Leonor Spoto Zabala, DanielaSpoturno, Mar\u00eda Laura Ya\u00f1ez, GabrielaZaparart, Mar\u00eda Julia Investigadoras e investigadores en formaci\u00f3nBevilacqua, SabrinaCastagnet, Mart\u00edn FelipeDaule, GabrielaEscobar, Mar\u00eda LauraFerrero, Sabrina SolangeLombardo, Andrea LauraMatelo, Gabriel OsvaldoMunch, Mar\u00eda BeatrizNervi, Mar\u00eda EugeniaPereyra, SoledadPich, Mar\u00eda JuliaRemiro, Guillermina In\u00e9sStreckwall, FernandoVieguer, FabianaYacznik, Alejandra Colaboradoras y colaboradores&hellip;","_links":{"self":[{"href":"https:\/\/idihcs.fahce.unlp.edu.ar\/lit\/wp-json\/wp\/v2\/pages\/23","targetHints":{"allow":["GET"]}}],"collection":[{"href":"https:\/\/idihcs.fahce.unlp.edu.ar\/lit\/wp-json\/wp\/v2\/pages"}],"about":[{"href":"https:\/\/idihcs.fahce.unlp.edu.ar\/lit\/wp-json\/wp\/v2\/types\/page"}],"author":[{"embeddable":true,"href":"https:\/\/idihcs.fahce.unlp.edu.ar\/lit\/wp-json\/wp\/v2\/users\/2"}],"replies":[{"embeddable":true,"href":"https:\/\/idihcs.fahce.unlp.edu.ar\/lit\/wp-json\/wp\/v2\/comments?post=23"}],"version-history":[{"count":45,"href":"https:\/\/idihcs.fahce.unlp.edu.ar\/lit\/wp-json\/wp\/v2\/pages\/23\/revisions"}],"predecessor-version":[{"id":880,"href":"https:\/\/idihcs.fahce.unlp.edu.ar\/lit\/wp-json\/wp\/v2\/pages\/23\/revisions\/880"}],"wp:featuredmedia":[{"embeddable":true,"href":"https:\/\/idihcs.fahce.unlp.edu.ar\/lit\/wp-json\/wp\/v2\/media\/237"}],"wp:attachment":[{"href":"https:\/\/idihcs.fahce.unlp.edu.ar\/lit\/wp-json\/wp\/v2\/media?parent=23"}],"curies":[{"name":"wp","href":"https:\/\/api.w.org\/{rel}","templated":true}]}}