{"id":432,"date":"2021-09-13T14:34:20","date_gmt":"2021-09-13T17:34:20","guid":{"rendered":"http:\/\/idihcs.fahce.unlp.edu.ar\/liieceyn\/?page_id=432"},"modified":"2021-09-13T14:37:58","modified_gmt":"2021-09-13T17:37:58","slug":"mesas-de-dialogo-red-ipecyt-2021","status":"publish","type":"page","link":"https:\/\/idihcs.fahce.unlp.edu.ar\/liieceyn\/mesas-de-dialogo-red-ipecyt-2021\/","title":{"rendered":"MESAS DE DI\u00c1LOGO Red IPECyT &#8211; 2021"},"content":{"rendered":"<h3><img loading=\"lazy\" decoding=\"async\" class=\"alignnone size-medium wp-image-430\" src=\"http:\/\/idihcs.fahce.unlp.edu.ar\/liieceyn\/wp-content\/uploads\/sites\/26\/2021\/09\/mesa-de-diaologo-red-ipecyt-preguntas-y-modelizacion-183x300.jpeg\" alt=\"\" width=\"183\" height=\"300\" srcset=\"https:\/\/idihcs.fahce.unlp.edu.ar\/liieceyn\/wp-content\/uploads\/sites\/26\/2021\/09\/mesa-de-diaologo-red-ipecyt-preguntas-y-modelizacion-183x300.jpeg 183w, https:\/\/idihcs.fahce.unlp.edu.ar\/liieceyn\/wp-content\/uploads\/sites\/26\/2021\/09\/mesa-de-diaologo-red-ipecyt-preguntas-y-modelizacion.jpeg 625w, https:\/\/idihcs.fahce.unlp.edu.ar\/liieceyn\/wp-content\/uploads\/sites\/26\/2021\/09\/mesa-de-diaologo-red-ipecyt-preguntas-y-modelizacion-256x420.jpeg 256w\" sizes=\"auto, (max-width: 183px) 100vw, 183px\" \/>En el marco de la Red de Ingreso y Permanencia en Carreras Cient\u00edfico-tecnol\u00f3gicas se realizar\u00e1n\u00a0Actividades desarrolladas a trav\u00e9s de Zoom y transmisi\u00f3n en vivo por YouTube con Cupo limitado.<\/h3>\n<p>Consultar las distintas Mesas de Di\u00e1logo en\u00a0<a href=\"https:\/\/redipecyt.fio.unicen.edu.ar\/mesas-y-jornadas\/mesas-de-dialogo.html\" target=\"_blank\" rel=\"noopener\">https:\/\/redipecyt.fio.unicen.edu.ar\/mesas-y-jornadas\/mesas-de-dialogo.html<\/a><\/p>\n","protected":false},"excerpt":{"rendered":"<p>En el marco de la Red de Ingreso y Permanencia en Carreras Cient\u00edfico-tecnol\u00f3gicas se realizar\u00e1n\u00a0Actividades desarrolladas a trav\u00e9s de Zoom y transmisi\u00f3n en vivo por YouTube con Cupo limitado. Consultar las distintas Mesas de Di\u00e1logo en\u00a0https:\/\/redipecyt.fio.unicen.edu.ar\/mesas-y-jornadas\/mesas-de-dialogo.html<\/p>\n","protected":false},"author":30,"featured_media":0,"parent":0,"menu_order":0,"comment_status":"closed","ping_status":"closed","template":"","meta":{"_themeisle_gutenberg_block_has_review":false,"footnotes":""},"class_list":["post-432","page","type-page","status-publish","hentry"],"acf":[],"rttpg_featured_image_url":null,"rttpg_author":{"display_name":"leticialapasta","author_link":"https:\/\/idihcs.fahce.unlp.edu.ar\/liieceyn\/author\/leticialapasta\/"},"rttpg_comment":0,"rttpg_category":null,"rttpg_excerpt":"En el marco de la Red de Ingreso y Permanencia en Carreras Cient\u00edfico-tecnol\u00f3gicas se realizar\u00e1n\u00a0Actividades desarrolladas a trav\u00e9s de Zoom y transmisi\u00f3n en vivo por YouTube con Cupo limitado. Consultar las distintas Mesas de Di\u00e1logo en\u00a0https:\/\/redipecyt.fio.unicen.edu.ar\/mesas-y-jornadas\/mesas-de-dialogo.html","_links":{"self":[{"href":"https:\/\/idihcs.fahce.unlp.edu.ar\/liieceyn\/wp-json\/wp\/v2\/pages\/432","targetHints":{"allow":["GET"]}}],"collection":[{"href":"https:\/\/idihcs.fahce.unlp.edu.ar\/liieceyn\/wp-json\/wp\/v2\/pages"}],"about":[{"href":"https:\/\/idihcs.fahce.unlp.edu.ar\/liieceyn\/wp-json\/wp\/v2\/types\/page"}],"author":[{"embeddable":true,"href":"https:\/\/idihcs.fahce.unlp.edu.ar\/liieceyn\/wp-json\/wp\/v2\/users\/30"}],"replies":[{"embeddable":true,"href":"https:\/\/idihcs.fahce.unlp.edu.ar\/liieceyn\/wp-json\/wp\/v2\/comments?post=432"}],"version-history":[{"count":3,"href":"https:\/\/idihcs.fahce.unlp.edu.ar\/liieceyn\/wp-json\/wp\/v2\/pages\/432\/revisions"}],"predecessor-version":[{"id":436,"href":"https:\/\/idihcs.fahce.unlp.edu.ar\/liieceyn\/wp-json\/wp\/v2\/pages\/432\/revisions\/436"}],"wp:attachment":[{"href":"https:\/\/idihcs.fahce.unlp.edu.ar\/liieceyn\/wp-json\/wp\/v2\/media?parent=432"}],"curies":[{"name":"wp","href":"https:\/\/api.w.org\/{rel}","templated":true}]}}