{"id":289,"date":"2022-04-04T12:52:10","date_gmt":"2022-04-04T15:52:10","guid":{"rendered":"https:\/\/idihcs.fahce.unlp.edu.ar\/leset\/?page_id=289"},"modified":"2025-12-01T14:48:40","modified_gmt":"2025-12-01T17:48:40","slug":"proyectos-de-investigacion","status":"publish","type":"page","link":"https:\/\/idihcs.fahce.unlp.edu.ar\/leset\/proyectos-de-investigacion\/","title":{"rendered":"LESET &#8211; Proyectos de investigaci\u00f3n"},"content":{"rendered":"    <style>\n        .tabla-proyectos-flex {width:100%;border-collapse:separate;border-spacing:0;margin:2rem 0;font-family:\"Segoe UI\",Arial,sans-serif;font-size:15px;background:#fff;border-radius:12px;overflow:hidden;box-shadow:0 10px 30px rgba(0,0,0,0.08);}\n        .tabla-proyectos-flex thead th {background:#49ab4c;color:white;padding:16px 18px;text-align:left;font-weight:600;}\n        .tabla-proyectos-flex tbody td {padding:16px 18px;border-bottom:1px solid #eef2f7;vertical-align:top;}\n        .tabla-proyectos-flex tbody tr:hover {background:#f8fcf8;}\n        .tabla-proyectos-flex a {color:#227730;font-weight:600;text-decoration:none;position:relative;}\n        .tabla-proyectos-flex a::after {content:'';position:absolute;width:0;height:2px;bottom:-2px;left:0;background:#49ab4c;transition:width .3s;}\n        .tabla-proyectos-flex a:hover::after {width:100%;}\n        .prorroga-nota {font-size:0.85em;color:#e67e22;display:block;margin-top:4px;}\n        @media(max-width:720px){\n            .tabla-proyectos-flex,.tabla-proyectos-flex thead,.tabla-proyectos-flex tbody,.tabla-proyectos-flex th,.tabla-proyectos-flex td,.tabla-proyectos-flex tr{display:block;}\n            .tabla-proyectos-flex thead tr{display:none;}\n            .tabla-proyectos-flex tr{margin-bottom:20px;border:1px solid #ddd;border-radius:10px;background:white !important;}\n            .tabla-proyectos-flex td{border:none;position:relative;padding-left:50%;text-align:right;}\n            .tabla-proyectos-flex td::before{content:attr(data-label);position:absolute;left:15px;width:45%;font-weight:600;color:#49ab4c;text-align:left;}\n        }\n    <\/style>\n\n    <table class=\"tabla-proyectos-flex\">\n        <thead>\n            <tr>\n                                    <th>T\u00edtulo<\/th>\n                                    <th>Tipo proyecto<\/th>\n                                    <th>Director\/es<\/th>\n                                    <th>Codirector\/es<\/th>\n                                    <th>Vigente hasta<\/th>\n                            <\/tr>\n        <\/thead>\n        <tbody>\n                            <tr>\n                                            <td data-label=\"T\u00edtulo\">\n                            <a href=\"http:\/\/www.memoria.fahce.unlp.edu.ar\/library?a=d&#038;c=proyecto&#038;d=Jpy1117\" target=\"_blank\" rel=\"noopener\">Juventudes, trabajo y pandemia: un an\u00e1lisis de la inserci\u00f3n laboral juvenil en Argentina (2015-2023)<\/a>                        <\/td>\n                                            <td data-label=\"tipo-proyecto\">\n                            PI+D                        <\/td>\n                                            <td data-label=\"Director\/es\">\n                            Busso, Mariana                        <\/td>\n                                            <td data-label=\"Codirector\/es\">\n                            P\u00e9rez, Pablo Ernesto                        <\/td>\n                                            <td data-label=\"Vigente hasta\">\n                            <strong style=\"color:#49ab4c;\">31 de diciembre de 2026<\/strong>                        <\/td>\n                                    <\/tr>\n                            <tr>\n                                            <td data-label=\"T\u00edtulo\">\n                            <a href=\"http:\/\/www.memoria.fahce.unlp.edu.ar\/library?a=d&#038;c=proyecto&#038;d=Jpy1232\" target=\"_blank\" rel=\"noopener\">Tecnolog\u00edas digitales y transformaci\u00f3n del trabajo: un an\u00e1lisis de la organizaci\u00f3n del tiempo y espacio laboral en plataformas de servicios digitales durante la postpandemia<\/a>                        <\/td>\n                                            <td data-label=\"tipo-proyecto\">\n                            PPID                        <\/td>\n                                            <td data-label=\"Director\/es\">\n                            Longo, Julieta                        <\/td>\n                                            <td data-label=\"Codirector\/es\">\n                            \u2014                        <\/td>\n                                            <td data-label=\"Vigente hasta\">\n                            <strong style=\"color:#49ab4c;\">31 de diciembre de 2026<\/strong>                        <\/td>\n                                    <\/tr>\n                    <\/tbody>\n    <\/table>\n\n    \n","protected":false},"excerpt":{"rendered":"","protected":false},"author":1,"featured_media":139,"parent":0,"menu_order":0,"comment_status":"closed","ping_status":"closed","template":"page-ui.php","meta":{"_themeisle_gutenberg_block_has_review":false,"footnotes":""},"class_list":["post-289","page","type-page","status-publish","has-post-thumbnail","hentry"],"acf":[],"rttpg_featured_image_url":{"full":["https:\/\/idihcs.fahce.unlp.edu.ar\/leset\/wp-content\/uploads\/sites\/4\/2018\/06\/banner-leset.jpg",2900,338,false],"landscape":["https:\/\/idihcs.fahce.unlp.edu.ar\/leset\/wp-content\/uploads\/sites\/4\/2018\/06\/banner-leset.jpg",2900,338,false],"portraits":["https:\/\/idihcs.fahce.unlp.edu.ar\/leset\/wp-content\/uploads\/sites\/4\/2018\/06\/banner-leset.jpg",2900,338,false],"thumbnail":["https:\/\/idihcs.fahce.unlp.edu.ar\/leset\/wp-content\/uploads\/sites\/4\/2018\/06\/banner-leset-150x150.jpg",150,150,true],"medium":["https:\/\/idihcs.fahce.unlp.edu.ar\/leset\/wp-content\/uploads\/sites\/4\/2018\/06\/banner-leset-300x35.jpg",300,35,true],"large":["https:\/\/idihcs.fahce.unlp.edu.ar\/leset\/wp-content\/uploads\/sites\/4\/2018\/06\/banner-leset-1024x119.jpg",696,81,true],"1536x1536":["https:\/\/idihcs.fahce.unlp.edu.ar\/leset\/wp-content\/uploads\/sites\/4\/2018\/06\/banner-leset.jpg",1536,179,false],"2048x2048":["https:\/\/idihcs.fahce.unlp.edu.ar\/leset\/wp-content\/uploads\/sites\/4\/2018\/06\/banner-leset.jpg",2048,239,false],"td_80x60":["https:\/\/idihcs.fahce.unlp.edu.ar\/leset\/wp-content\/uploads\/sites\/4\/2018\/06\/banner-leset-80x60.jpg",80,60,true],"td_100x70":["https:\/\/idihcs.fahce.unlp.edu.ar\/leset\/wp-content\/uploads\/sites\/4\/2018\/06\/banner-leset-100x70.jpg",100,70,true],"td_218x150":["https:\/\/idihcs.fahce.unlp.edu.ar\/leset\/wp-content\/uploads\/sites\/4\/2018\/06\/banner-leset-218x150.jpg",218,150,true],"td_265x198":["https:\/\/idihcs.fahce.unlp.edu.ar\/leset\/wp-content\/uploads\/sites\/4\/2018\/06\/banner-leset-265x198.jpg",265,198,true],"td_324x160":["https:\/\/idihcs.fahce.unlp.edu.ar\/leset\/wp-content\/uploads\/sites\/4\/2018\/06\/banner-leset-324x160.jpg",324,160,true],"td_324x235":["https:\/\/idihcs.fahce.unlp.edu.ar\/leset\/wp-content\/uploads\/sites\/4\/2018\/06\/banner-leset-324x235.jpg",324,235,true],"td_324x400":["https:\/\/idihcs.fahce.unlp.edu.ar\/leset\/wp-content\/uploads\/sites\/4\/2018\/06\/banner-leset-324x338.jpg",324,338,true],"td_356x220":["https:\/\/idihcs.fahce.unlp.edu.ar\/leset\/wp-content\/uploads\/sites\/4\/2018\/06\/banner-leset-356x220.jpg",356,220,true],"td_356x364":["https:\/\/idihcs.fahce.unlp.edu.ar\/leset\/wp-content\/uploads\/sites\/4\/2018\/06\/banner-leset-356x338.jpg",356,338,true],"td_485x360":["https:\/\/idihcs.fahce.unlp.edu.ar\/leset\/wp-content\/uploads\/sites\/4\/2018\/06\/banner-leset-485x338.jpg",485,338,true],"td_533x261":["https:\/\/idihcs.fahce.unlp.edu.ar\/leset\/wp-content\/uploads\/sites\/4\/2018\/06\/banner-leset-533x261.jpg",533,261,true],"td_534x462":["https:\/\/idihcs.fahce.unlp.edu.ar\/leset\/wp-content\/uploads\/sites\/4\/2018\/06\/banner-leset-534x338.jpg",534,338,true],"td_696x0":["https:\/\/idihcs.fahce.unlp.edu.ar\/leset\/wp-content\/uploads\/sites\/4\/2018\/06\/banner-leset-696x81.jpg",696,81,true],"td_696x385":["https:\/\/idihcs.fahce.unlp.edu.ar\/leset\/wp-content\/uploads\/sites\/4\/2018\/06\/banner-leset-696x338.jpg",696,338,true],"td_741x486":["https:\/\/idihcs.fahce.unlp.edu.ar\/leset\/wp-content\/uploads\/sites\/4\/2018\/06\/banner-leset-741x338.jpg",741,338,true],"td_1068x580":["https:\/\/idihcs.fahce.unlp.edu.ar\/leset\/wp-content\/uploads\/sites\/4\/2018\/06\/banner-leset-1068x338.jpg",1068,338,true],"td_1068x0":["https:\/\/idihcs.fahce.unlp.edu.ar\/leset\/wp-content\/uploads\/sites\/4\/2018\/06\/banner-leset-1068x124.jpg",1068,124,true],"td_0x420":["https:\/\/idihcs.fahce.unlp.edu.ar\/leset\/wp-content\/uploads\/sites\/4\/2018\/06\/banner-leset.jpg",2900,338,false],"td_1920x0":["https:\/\/idihcs.fahce.unlp.edu.ar\/leset\/wp-content\/uploads\/sites\/4\/2018\/06\/banner-leset-1920x224.jpg",1920,224,true],"rt_custom":["https:\/\/idihcs.fahce.unlp.edu.ar\/leset\/wp-content\/uploads\/sites\/4\/2018\/06\/banner-leset.jpg",2900,338,false]},"rttpg_author":{"display_name":"admin_ead","author_link":"https:\/\/idihcs.fahce.unlp.edu.ar\/leset\/author\/admin_ead\/"},"rttpg_comment":0,"rttpg_category":null,"rttpg_excerpt":null,"_links":{"self":[{"href":"https:\/\/idihcs.fahce.unlp.edu.ar\/leset\/wp-json\/wp\/v2\/pages\/289","targetHints":{"allow":["GET"]}}],"collection":[{"href":"https:\/\/idihcs.fahce.unlp.edu.ar\/leset\/wp-json\/wp\/v2\/pages"}],"about":[{"href":"https:\/\/idihcs.fahce.unlp.edu.ar\/leset\/wp-json\/wp\/v2\/types\/page"}],"author":[{"embeddable":true,"href":"https:\/\/idihcs.fahce.unlp.edu.ar\/leset\/wp-json\/wp\/v2\/users\/1"}],"replies":[{"embeddable":true,"href":"https:\/\/idihcs.fahce.unlp.edu.ar\/leset\/wp-json\/wp\/v2\/comments?post=289"}],"version-history":[{"count":4,"href":"https:\/\/idihcs.fahce.unlp.edu.ar\/leset\/wp-json\/wp\/v2\/pages\/289\/revisions"}],"predecessor-version":[{"id":449,"href":"https:\/\/idihcs.fahce.unlp.edu.ar\/leset\/wp-json\/wp\/v2\/pages\/289\/revisions\/449"}],"wp:featuredmedia":[{"embeddable":true,"href":"https:\/\/idihcs.fahce.unlp.edu.ar\/leset\/wp-json\/wp\/v2\/media\/139"}],"wp:attachment":[{"href":"https:\/\/idihcs.fahce.unlp.edu.ar\/leset\/wp-json\/wp\/v2\/media?parent=289"}],"curies":[{"name":"wp","href":"https:\/\/api.w.org\/{rel}","templated":true}]}}