{"id":98,"date":"2018-06-17T23:15:21","date_gmt":"2018-06-18T02:15:21","guid":{"rendered":"http:\/\/163.10.30.48\/~posgrado6\/wordpress\/cish\/?page_id=98"},"modified":"2018-06-26T21:03:52","modified_gmt":"2018-06-27T00:03:52","slug":"presentacion","status":"publish","type":"page","link":"https:\/\/idihcs.fahce.unlp.edu.ar\/cish\/","title":{"rendered":"CISH &#8211; Presentaci\u00f3n"},"content":{"rendered":"<h5 id=\"parent-fieldname-description\" class=\"documentFirstHeading\">El Centro de Investigaciones Socio-hist\u00f3ricas (CISH) fue creado en 1988 a partir de un proyecto elaborado por el Dr. Jos\u00e9 Panettieri, quien fue su principal impulsor y ejerci\u00f3 como Director del mismo hasta mediados de 2006. Su creaci\u00f3n estuvo motivada fundamentalmente por la intenci\u00f3n de desarrollar y estimular, en el \u00e1mbito de la Facultad de Humanidades, lo<span class=\"complete\">s estudios de historia social contempor\u00e1nea desde una perspectiva interdisciplinaria y cr\u00edtica, la que se planteaba como innovadora respecto a enfoques historiogr\u00e1ficos tradicionales que no permit\u00edan -como se propon\u00eda la historia social- analizar de manera integrada las dimensiones socioecon\u00f3mica, pol\u00edtica y cultural de los hechos hist\u00f3ricos.<\/span><\/h5>\n","protected":false},"excerpt":{"rendered":"<p>El Centro de Investigaciones Socio-hist\u00f3ricas (CISH) fue creado en 1988 a partir de un proyecto elaborado por el Dr. Jos\u00e9 Panettieri, quien fue su principal impulsor y ejerci\u00f3 como Director del mismo hasta mediados de 2006. Su creaci\u00f3n estuvo motivada fundamentalmente por la intenci\u00f3n de desarrollar y estimular, en el \u00e1mbito de la Facultad de [&hellip;]<\/p>\n","protected":false},"author":2,"featured_media":185,"parent":0,"menu_order":0,"comment_status":"closed","ping_status":"closed","template":"page-ui.php","meta":{"_themeisle_gutenberg_block_has_review":false,"footnotes":""},"class_list":["post-98","page","type-page","status-publish","has-post-thumbnail","hentry"],"acf":[],"rttpg_featured_image_url":{"full":["https:\/\/idihcs.fahce.unlp.edu.ar\/cish\/wp-content\/uploads\/sites\/14\/2018\/06\/banner-cish.jpg",696,81,false],"landscape":["https:\/\/idihcs.fahce.unlp.edu.ar\/cish\/wp-content\/uploads\/sites\/14\/2018\/06\/banner-cish.jpg",696,81,false],"portraits":["https:\/\/idihcs.fahce.unlp.edu.ar\/cish\/wp-content\/uploads\/sites\/14\/2018\/06\/banner-cish.jpg",696,81,false],"thumbnail":["https:\/\/idihcs.fahce.unlp.edu.ar\/cish\/wp-content\/uploads\/sites\/14\/2018\/06\/banner-cish-150x81.jpg",150,81,true],"medium":["https:\/\/idihcs.fahce.unlp.edu.ar\/cish\/wp-content\/uploads\/sites\/14\/2018\/06\/banner-cish-300x35.jpg",300,35,true],"large":["https:\/\/idihcs.fahce.unlp.edu.ar\/cish\/wp-content\/uploads\/sites\/14\/2018\/06\/banner-cish.jpg",696,81,false],"1536x1536":["https:\/\/idihcs.fahce.unlp.edu.ar\/cish\/wp-content\/uploads\/sites\/14\/2018\/06\/banner-cish.jpg",696,81,false],"2048x2048":["https:\/\/idihcs.fahce.unlp.edu.ar\/cish\/wp-content\/uploads\/sites\/14\/2018\/06\/banner-cish.jpg",696,81,false],"td_80x60":["https:\/\/idihcs.fahce.unlp.edu.ar\/cish\/wp-content\/uploads\/sites\/14\/2018\/06\/banner-cish-80x60.jpg",80,60,true],"td_100x70":["https:\/\/idihcs.fahce.unlp.edu.ar\/cish\/wp-content\/uploads\/sites\/14\/2018\/06\/banner-cish-100x70.jpg",100,70,true],"td_218x150":["https:\/\/idihcs.fahce.unlp.edu.ar\/cish\/wp-content\/uploads\/sites\/14\/2018\/06\/banner-cish-218x81.jpg",218,81,true],"td_265x198":["https:\/\/idihcs.fahce.unlp.edu.ar\/cish\/wp-content\/uploads\/sites\/14\/2018\/06\/banner-cish-265x81.jpg",265,81,true],"td_324x160":["https:\/\/idihcs.fahce.unlp.edu.ar\/cish\/wp-content\/uploads\/sites\/14\/2018\/06\/banner-cish-324x81.jpg",324,81,true],"td_324x235":["https:\/\/idihcs.fahce.unlp.edu.ar\/cish\/wp-content\/uploads\/sites\/14\/2018\/06\/banner-cish-324x81.jpg",324,81,true],"td_324x400":["https:\/\/idihcs.fahce.unlp.edu.ar\/cish\/wp-content\/uploads\/sites\/14\/2018\/06\/banner-cish-324x81.jpg",324,81,true],"td_356x220":["https:\/\/idihcs.fahce.unlp.edu.ar\/cish\/wp-content\/uploads\/sites\/14\/2018\/06\/banner-cish-356x81.jpg",356,81,true],"td_356x364":["https:\/\/idihcs.fahce.unlp.edu.ar\/cish\/wp-content\/uploads\/sites\/14\/2018\/06\/banner-cish-356x81.jpg",356,81,true],"td_485x360":["https:\/\/idihcs.fahce.unlp.edu.ar\/cish\/wp-content\/uploads\/sites\/14\/2018\/06\/banner-cish-485x81.jpg",485,81,true],"td_533x261":["https:\/\/idihcs.fahce.unlp.edu.ar\/cish\/wp-content\/uploads\/sites\/14\/2018\/06\/banner-cish-533x81.jpg",533,81,true],"td_534x462":["https:\/\/idihcs.fahce.unlp.edu.ar\/cish\/wp-content\/uploads\/sites\/14\/2018\/06\/banner-cish-534x81.jpg",534,81,true],"td_696x0":["https:\/\/idihcs.fahce.unlp.edu.ar\/cish\/wp-content\/uploads\/sites\/14\/2018\/06\/banner-cish-696x81.jpg",696,81,true],"td_696x385":["https:\/\/idihcs.fahce.unlp.edu.ar\/cish\/wp-content\/uploads\/sites\/14\/2018\/06\/banner-cish-696x81.jpg",696,81,true],"td_741x486":["https:\/\/idihcs.fahce.unlp.edu.ar\/cish\/wp-content\/uploads\/sites\/14\/2018\/06\/banner-cish.jpg",696,81,false],"td_1068x580":["https:\/\/idihcs.fahce.unlp.edu.ar\/cish\/wp-content\/uploads\/sites\/14\/2018\/06\/banner-cish.jpg",696,81,false],"td_1068x0":["https:\/\/idihcs.fahce.unlp.edu.ar\/cish\/wp-content\/uploads\/sites\/14\/2018\/06\/banner-cish.jpg",696,81,false],"td_0x420":["https:\/\/idihcs.fahce.unlp.edu.ar\/cish\/wp-content\/uploads\/sites\/14\/2018\/06\/banner-cish.jpg",696,81,false],"td_1920x0":["https:\/\/idihcs.fahce.unlp.edu.ar\/cish\/wp-content\/uploads\/sites\/14\/2018\/06\/banner-cish.jpg",696,81,false],"rt_custom":["https:\/\/idihcs.fahce.unlp.edu.ar\/cish\/wp-content\/uploads\/sites\/14\/2018\/06\/banner-cish.jpg",696,81,false]},"rttpg_author":{"display_name":"ggchicote","author_link":"https:\/\/idihcs.fahce.unlp.edu.ar\/cish\/author\/ggchicote\/"},"rttpg_comment":0,"rttpg_category":null,"rttpg_excerpt":"El Centro de Investigaciones Socio-hist\u00f3ricas (CISH) fue creado en 1988 a partir de un proyecto elaborado por el Dr. Jos\u00e9 Panettieri, quien fue su principal impulsor y ejerci\u00f3 como Director del mismo hasta mediados de 2006. Su creaci\u00f3n estuvo motivada fundamentalmente por la intenci\u00f3n de desarrollar y estimular, en el \u00e1mbito de la Facultad de&hellip;","_links":{"self":[{"href":"https:\/\/idihcs.fahce.unlp.edu.ar\/cish\/wp-json\/wp\/v2\/pages\/98","targetHints":{"allow":["GET"]}}],"collection":[{"href":"https:\/\/idihcs.fahce.unlp.edu.ar\/cish\/wp-json\/wp\/v2\/pages"}],"about":[{"href":"https:\/\/idihcs.fahce.unlp.edu.ar\/cish\/wp-json\/wp\/v2\/types\/page"}],"author":[{"embeddable":true,"href":"https:\/\/idihcs.fahce.unlp.edu.ar\/cish\/wp-json\/wp\/v2\/users\/2"}],"replies":[{"embeddable":true,"href":"https:\/\/idihcs.fahce.unlp.edu.ar\/cish\/wp-json\/wp\/v2\/comments?post=98"}],"version-history":[{"count":6,"href":"https:\/\/idihcs.fahce.unlp.edu.ar\/cish\/wp-json\/wp\/v2\/pages\/98\/revisions"}],"predecessor-version":[{"id":377,"href":"https:\/\/idihcs.fahce.unlp.edu.ar\/cish\/wp-json\/wp\/v2\/pages\/98\/revisions\/377"}],"wp:featuredmedia":[{"embeddable":true,"href":"https:\/\/idihcs.fahce.unlp.edu.ar\/cish\/wp-json\/wp\/v2\/media\/185"}],"wp:attachment":[{"href":"https:\/\/idihcs.fahce.unlp.edu.ar\/cish\/wp-json\/wp\/v2\/media?parent=98"}],"curies":[{"name":"wp","href":"https:\/\/api.w.org\/{rel}","templated":true}]}}