{"id":1454,"date":"2025-10-28T15:08:28","date_gmt":"2025-10-28T18:08:28","guid":{"rendered":"https:\/\/idihcs.fahce.unlp.edu.ar\/cinveduc\/?page_id=1454"},"modified":"2025-10-28T15:12:42","modified_gmt":"2025-10-28T18:12:42","slug":"grupo-de-estudios-orientar","status":"publish","type":"page","link":"https:\/\/idihcs.fahce.unlp.edu.ar\/cinveduc\/grupo-de-estudios-orientar\/","title":{"rendered":"Grupo de Estudios sobre Orientaci\u00f3n Educativa e Intervenciones Psicoeducativas en Instituciones Escolares (ORIENTAR)"},"content":{"rendered":"<p><strong><br \/><\/strong>Se trata de una unidad flexible de investigaci\u00f3n radicada en el <a href=\"https:\/\/idihcs.fahce.unlp.edu.ar\/cinveduc\" target=\"_blank\" rel=\"noopener\">Centro de Investigaciones en Educaci\u00f3n (CInvEduc)<\/a>, orientada al an\u00e1lisis sistem\u00e1tico y cr\u00edtico de las pr\u00e1cticas de orientaci\u00f3n educativa y de intervenci\u00f3n psicoeducativa en los distintos niveles y modalidades del sistema escolar. Su creaci\u00f3n responde a la necesidad de contar con un \u00e1mbito de trabajo acad\u00e9mico en el que estas pr\u00e1cticas puedan ser examinadas desde una perspectiva hist\u00f3rica, normativa e institucional, de modo tal que sea posible reconstruir su evoluci\u00f3n, describir sus configuraciones actuales y analizar los desplazamientos que han experimentado en relaci\u00f3n con las pol\u00edticas p\u00fablicas, las reformas curriculares y las demandas sociales contempor\u00e1neas. En este marco, el grupo se concibe como un n\u00facleo de producci\u00f3n de conocimiento, complementario y extracurricular, destinado especialmente a estudiantes avanzados y j\u00f3venes graduados interesados en iniciarse en el estudio sistem\u00e1tico de estas problem\u00e1ticas, contribuyendo as\u00ed a su formaci\u00f3n investigativa y a la consolidaci\u00f3n de herramientas para el an\u00e1lisis riguroso del campo. Asimismo, en su conformaci\u00f3n inicial, el grupo est\u00e1 integrado por docentes, investigadores,\u00a0extensionistas, becarios y tesistas, as\u00ed como por profesionales de los equipos de orientaci\u00f3n educativa de los colegios de la UNLP.<\/p>\n\n\n<div class=\"wp-block-buttons is-layout-flex wp-block-buttons-is-layout-flex\">\n<div class=\"wp-block-button is-style-outline is-style-outline--1\"><a class=\"wp-block-button__link has-black-color has-vivid-green-cyan-background-color has-text-color has-background has-link-color wp-element-button\" href=\"https:\/\/idihcs.fahce.unlp.edu.ar\/orientar\/\">Ir al Sitio<\/a><\/div>\n<\/div>\n\n\n\n<p><\/p>\n","protected":false},"excerpt":{"rendered":"<p>Se trata de una unidad flexible de investigaci\u00f3n radicada en el Centro de Investigaciones en Educaci\u00f3n (CInvEduc), orientada al an\u00e1lisis sistem\u00e1tico y cr\u00edtico de las pr\u00e1cticas de orientaci\u00f3n educativa y de intervenci\u00f3n psicoeducativa en los distintos niveles y modalidades del sistema escolar. Su creaci\u00f3n responde a la necesidad de contar con un \u00e1mbito de trabajo [&hellip;]<\/p>\n","protected":false},"author":21,"featured_media":0,"parent":0,"menu_order":0,"comment_status":"closed","ping_status":"closed","template":"page-ui.php","meta":{"_themeisle_gutenberg_block_has_review":false,"footnotes":""},"class_list":["post-1454","page","type-page","status-publish","hentry"],"acf":[],"rttpg_featured_image_url":null,"rttpg_author":{"display_name":"psalguero","author_link":"https:\/\/idihcs.fahce.unlp.edu.ar\/cinveduc\/author\/psalguero\/"},"rttpg_comment":0,"rttpg_category":null,"rttpg_excerpt":"Se trata de una unidad flexible de investigaci\u00f3n radicada en el Centro de Investigaciones en Educaci\u00f3n (CInvEduc), orientada al an\u00e1lisis sistem\u00e1tico y cr\u00edtico de las pr\u00e1cticas de orientaci\u00f3n educativa y de intervenci\u00f3n psicoeducativa en los distintos niveles y modalidades del sistema escolar. Su creaci\u00f3n responde a la necesidad de contar con un \u00e1mbito de trabajo&hellip;","_links":{"self":[{"href":"https:\/\/idihcs.fahce.unlp.edu.ar\/cinveduc\/wp-json\/wp\/v2\/pages\/1454","targetHints":{"allow":["GET"]}}],"collection":[{"href":"https:\/\/idihcs.fahce.unlp.edu.ar\/cinveduc\/wp-json\/wp\/v2\/pages"}],"about":[{"href":"https:\/\/idihcs.fahce.unlp.edu.ar\/cinveduc\/wp-json\/wp\/v2\/types\/page"}],"author":[{"embeddable":true,"href":"https:\/\/idihcs.fahce.unlp.edu.ar\/cinveduc\/wp-json\/wp\/v2\/users\/21"}],"replies":[{"embeddable":true,"href":"https:\/\/idihcs.fahce.unlp.edu.ar\/cinveduc\/wp-json\/wp\/v2\/comments?post=1454"}],"version-history":[{"count":2,"href":"https:\/\/idihcs.fahce.unlp.edu.ar\/cinveduc\/wp-json\/wp\/v2\/pages\/1454\/revisions"}],"predecessor-version":[{"id":1458,"href":"https:\/\/idihcs.fahce.unlp.edu.ar\/cinveduc\/wp-json\/wp\/v2\/pages\/1454\/revisions\/1458"}],"wp:attachment":[{"href":"https:\/\/idihcs.fahce.unlp.edu.ar\/cinveduc\/wp-json\/wp\/v2\/media?parent=1454"}],"curies":[{"name":"wp","href":"https:\/\/api.w.org\/{rel}","templated":true}]}}