{"id":1300,"date":"2023-09-22T16:34:11","date_gmt":"2023-09-22T19:34:11","guid":{"rendered":"https:\/\/idihcs.fahce.unlp.edu.ar\/cinveduc\/?page_id=1300"},"modified":"2025-10-28T15:25:10","modified_gmt":"2025-10-28T18:25:10","slug":"rhcma-presentacion","status":"publish","type":"page","link":"https:\/\/idihcs.fahce.unlp.edu.ar\/cinveduc\/","title":{"rendered":"Presentaci\u00f3n"},"content":{"rendered":"<p><strong>La creaci\u00f3n del Centro obedece a los siguientes prop\u00f3sitos:<\/strong><\/p>\n<ol>\n<li>Promover, realizar y coordinar estudios en el campo de las ciencias de la educaci\u00f3n.<\/li>\n<li>Impulsar y acompa\u00f1ar la tarea investigativa de acad\u00e9mica\/os en formaci\u00f3n que eligen consolidar su trayectoria en el campo de la investigaci\u00f3n educativa.<\/li>\n<li>Reunir y poner a disposici\u00f3n estudios e investigaciones en el campo educacional que las y los investigadores de la FaHCE han producido, as\u00ed como aquellos desarrollados en otros espacios institucionales.<\/li>\n<li>Promover y apoyar reflexiones sobre la educaci\u00f3n con otras disciplinas cient\u00edficas y human\u00edsticas y \u00e1mbitos de la cultura.<\/li>\n<li>Favorecer la cooperaci\u00f3n y el intercambio cient\u00edfico acad\u00e9mico con instituciones de investigaci\u00f3n locales y extranjeras.<\/li>\n<li>Proponer agendas y abordajes de investigaci\u00f3n que apunten a fortalecer l\u00edneas tem\u00e1ticas, desarrollar nuevos temas y problemas de investigaci\u00f3n, as\u00ed como renovar sus desarrollos conceptuales y metodol\u00f3gicos<\/li>\n<li>Contribuir a la producci\u00f3n y difusi\u00f3n del conocimiento educativo<\/li>\n<li>Promover el desarrollo de investigaciones interdisciplinarias, b\u00e1sicas y aplicadas.<\/li>\n<li>Contribuir al debate p\u00fablico sobre la educaci\u00f3n y la vinculaci\u00f3n con las pol\u00edticas p\u00fablicas.<\/li>\n<\/ol>\n<p><strong>Son funciones del Centro<\/strong><\/p>\n<ul>\n<li>Elaborar y ejecutar programas y proyectos de investigaci\u00f3n que converjan en torno a los objetivos planteados en el art\u00edculo precedente.<\/li>\n<li>Contribuir a la formaci\u00f3n de investigadores mediante la radicaci\u00f3n y direcci\u00f3n de becarios, tesistas e investigadores noveles.<\/li>\n<li>Contribuir a la formaci\u00f3n de investigadores mediante la organizaci\u00f3n de seminarios internos y estad\u00edas de investigaci\u00f3n.<\/li>\n<li>Contribuir a la formaci\u00f3n de grado.<\/li>\n<li>Proponer cursos y otras actividades de posgrado, sujetos a la aprobaci\u00f3n de las instancias que correspondan.<\/li>\n<li>Prestar asesoramiento a las instituciones que lo requieran.<\/li>\n<li>Organizar reuniones cient\u00edficas, ciclos de conferencias, paneles de discusi\u00f3n y otros eventos que contribuyan al intercambio y debate entre investigadores de diversos \u00e1mbitos relacionados con las tem\u00e1ticas que se desarrollen en el Centro, y participar en esas mismas instancias cuando sean organizadas por otras instituciones.<\/li>\n<li>Difundir los temas de sus especialidades.<\/li>\n<li>Establecer relaciones institucionales con todo tipo de organismos del pa\u00eds o del extranjero, a fin de dar cumplimiento a sus fines.<\/li>\n<li>Gestionar recursos econ\u00f3micos y materiales, y administrar sus fondos de acuerdo a las normas que fije la Universidad.<\/li>\n<li>Elaborar el informe bienal conteniendo la memoria acad\u00e9mica y el balance econ\u00f3mico. Remitiendo una copia de la misma a la Secretar\u00eda de Ciencia y T\u00e9cnica de la UNLP<\/li>\n<li>Toda otra funci\u00f3n que contribuya al cumplimiento de sus fines.<\/li>\n<\/ul>\n","protected":false},"excerpt":{"rendered":"<p>La creaci\u00f3n del Centro obedece a los siguientes prop\u00f3sitos: Promover, realizar y coordinar estudios en el campo de las ciencias de la educaci\u00f3n. Impulsar y acompa\u00f1ar la tarea investigativa de acad\u00e9mica\/os en formaci\u00f3n que eligen consolidar su trayectoria en el campo de la investigaci\u00f3n educativa. Reunir y poner a disposici\u00f3n estudios e investigaciones en el [&hellip;]<\/p>\n","protected":false},"author":1,"featured_media":0,"parent":0,"menu_order":0,"comment_status":"closed","ping_status":"closed","template":"page-ui.php","meta":{"_themeisle_gutenberg_block_has_review":false,"footnotes":""},"class_list":["post-1300","page","type-page","status-publish","hentry"],"acf":[],"rttpg_featured_image_url":null,"rttpg_author":{"display_name":"admin_ead","author_link":"https:\/\/idihcs.fahce.unlp.edu.ar\/cinveduc\/author\/admin_ead\/"},"rttpg_comment":0,"rttpg_category":null,"rttpg_excerpt":"La creaci\u00f3n del Centro obedece a los siguientes prop\u00f3sitos: Promover, realizar y coordinar estudios en el campo de las ciencias de la educaci\u00f3n. Impulsar y acompa\u00f1ar la tarea investigativa de acad\u00e9mica\/os en formaci\u00f3n que eligen consolidar su trayectoria en el campo de la investigaci\u00f3n educativa. Reunir y poner a disposici\u00f3n estudios e investigaciones en el&hellip;","_links":{"self":[{"href":"https:\/\/idihcs.fahce.unlp.edu.ar\/cinveduc\/wp-json\/wp\/v2\/pages\/1300","targetHints":{"allow":["GET"]}}],"collection":[{"href":"https:\/\/idihcs.fahce.unlp.edu.ar\/cinveduc\/wp-json\/wp\/v2\/pages"}],"about":[{"href":"https:\/\/idihcs.fahce.unlp.edu.ar\/cinveduc\/wp-json\/wp\/v2\/types\/page"}],"author":[{"embeddable":true,"href":"https:\/\/idihcs.fahce.unlp.edu.ar\/cinveduc\/wp-json\/wp\/v2\/users\/1"}],"replies":[{"embeddable":true,"href":"https:\/\/idihcs.fahce.unlp.edu.ar\/cinveduc\/wp-json\/wp\/v2\/comments?post=1300"}],"version-history":[{"count":5,"href":"https:\/\/idihcs.fahce.unlp.edu.ar\/cinveduc\/wp-json\/wp\/v2\/pages\/1300\/revisions"}],"predecessor-version":[{"id":1460,"href":"https:\/\/idihcs.fahce.unlp.edu.ar\/cinveduc\/wp-json\/wp\/v2\/pages\/1300\/revisions\/1460"}],"wp:attachment":[{"href":"https:\/\/idihcs.fahce.unlp.edu.ar\/cinveduc\/wp-json\/wp\/v2\/media?parent=1300"}],"curies":[{"name":"wp","href":"https:\/\/api.w.org\/{rel}","templated":true}]}}