{"id":2921,"date":"2025-09-29T20:17:34","date_gmt":"2025-09-29T23:17:34","guid":{"rendered":"https:\/\/idihcs.fahce.unlp.edu.ar\/cinig\/?page_id=2921"},"modified":"2025-09-30T11:40:33","modified_gmt":"2025-09-30T14:40:33","slug":"29-de-agosto-dia-de-la-abogada-y-el-abogado","status":"publish","type":"page","link":"https:\/\/idihcs.fahce.unlp.edu.ar\/cinig\/29-de-agosto-dia-de-la-abogada-y-el-abogado\/","title":{"rendered":"29 de agosto. D\u00eda de lxs abogadxs"},"content":{"rendered":"\n<figure class=\"wp-block-embed is-type-video is-provider-youtube wp-block-embed-youtube wp-embed-aspect-16-9 wp-has-aspect-ratio\"><div class=\"wp-block-embed__wrapper\">\n<iframe loading=\"lazy\" title=\"Testimonio audiovisual de la Doctora Olga Salanueva (FCJyS, UNLP).\" width=\"696\" height=\"392\" src=\"https:\/\/www.youtube.com\/embed\/xgpqhXOSqZY?feature=oembed\" frameborder=\"0\" allow=\"accelerometer; autoplay; clipboard-write; encrypted-media; gyroscope; picture-in-picture; web-share\" referrerpolicy=\"strict-origin-when-cross-origin\" allowfullscreen><\/iframe>\n<\/div><\/figure>\n\n\n\n<p class=\"has-small-font-size\">Entrevista realizada a la Dra. Olga Salanueva (FCJyS, UNLP) con motivo de la celebraci\u00f3n del D\u00eda de la abogada y el abogado. Entrevistada por Luisina Bolla Rosario G\u00f3mez Molla, el 21 de agosto de 2024, en el Estudio Jur\u00eddico Molla &#8211; Di Lorenzo &#8211; G\u00f3mez Krivochen (La Plata). Registro Audiovisual: Bruno Bolla y Mercedes Durand. Edici\u00f3n y Montaje Mariel Anthonioz &#8211; Blanc. Tema musical: Codo a Codo. Composici\u00f3n, interpretaci\u00f3n, grabaci\u00f3n y mezcla por Ezequiel P\u00e9rez Valobra (diciembre 2022 &#8211; marzo 2023). Una producci\u00f3n del Centro Interdisciplinario de Investigaciones en G\u00e9nero y el Instituto de Investigaciones en Humanidades y Ciencias Sociales (2024).<\/p>\n","protected":false},"excerpt":{"rendered":"<p>Entrevista realizada a la Dra. Olga Salanueva (FCJyS, UNLP) con motivo de la celebraci\u00f3n del D\u00eda de la abogada y el abogado. Entrevistada por Luisina Bolla Rosario G\u00f3mez Molla, el 21 de agosto de 2024, en el Estudio Jur\u00eddico Molla &#8211; Di Lorenzo &#8211; G\u00f3mez Krivochen (La Plata). Registro Audiovisual: Bruno Bolla y Mercedes Durand. [&hellip;]<\/p>\n","protected":false},"author":7,"featured_media":2619,"parent":0,"menu_order":0,"comment_status":"closed","ping_status":"closed","template":"page-ui.php","meta":{"_themeisle_gutenberg_block_has_review":false,"footnotes":""},"class_list":["post-2921","page","type-page","status-publish","has-post-thumbnail","hentry"],"acf":[],"rttpg_featured_image_url":{"full":["https:\/\/idihcs.fahce.unlp.edu.ar\/cinig\/wp-content\/uploads\/sites\/16\/2025\/08\/banner-cinig-1920x224-1.jpg",1920,224,false],"landscape":["https:\/\/idihcs.fahce.unlp.edu.ar\/cinig\/wp-content\/uploads\/sites\/16\/2025\/08\/banner-cinig-1920x224-1.jpg",1920,224,false],"portraits":["https:\/\/idihcs.fahce.unlp.edu.ar\/cinig\/wp-content\/uploads\/sites\/16\/2025\/08\/banner-cinig-1920x224-1.jpg",1920,224,false],"thumbnail":["https:\/\/idihcs.fahce.unlp.edu.ar\/cinig\/wp-content\/uploads\/sites\/16\/2025\/08\/banner-cinig-1920x224-1-150x150.jpg",150,150,true],"medium":["https:\/\/idihcs.fahce.unlp.edu.ar\/cinig\/wp-content\/uploads\/sites\/16\/2025\/08\/banner-cinig-1920x224-1-300x35.jpg",300,35,true],"large":["https:\/\/idihcs.fahce.unlp.edu.ar\/cinig\/wp-content\/uploads\/sites\/16\/2025\/08\/banner-cinig-1920x224-1-1024x119.jpg",696,81,true],"1536x1536":["https:\/\/idihcs.fahce.unlp.edu.ar\/cinig\/wp-content\/uploads\/sites\/16\/2025\/08\/banner-cinig-1920x224-1-1536x179.jpg",1536,179,true],"2048x2048":["https:\/\/idihcs.fahce.unlp.edu.ar\/cinig\/wp-content\/uploads\/sites\/16\/2025\/08\/banner-cinig-1920x224-1.jpg",1920,224,false],"td_80x60":["https:\/\/idihcs.fahce.unlp.edu.ar\/cinig\/wp-content\/uploads\/sites\/16\/2025\/08\/banner-cinig-1920x224-1-80x60.jpg",80,60,true],"td_100x70":["https:\/\/idihcs.fahce.unlp.edu.ar\/cinig\/wp-content\/uploads\/sites\/16\/2025\/08\/banner-cinig-1920x224-1-100x70.jpg",100,70,true],"td_218x150":["https:\/\/idihcs.fahce.unlp.edu.ar\/cinig\/wp-content\/uploads\/sites\/16\/2025\/08\/banner-cinig-1920x224-1-218x150.jpg",218,150,true],"td_265x198":["https:\/\/idihcs.fahce.unlp.edu.ar\/cinig\/wp-content\/uploads\/sites\/16\/2025\/08\/banner-cinig-1920x224-1-265x198.jpg",265,198,true],"td_324x160":["https:\/\/idihcs.fahce.unlp.edu.ar\/cinig\/wp-content\/uploads\/sites\/16\/2025\/08\/banner-cinig-1920x224-1-324x160.jpg",324,160,true],"td_324x235":["https:\/\/idihcs.fahce.unlp.edu.ar\/cinig\/wp-content\/uploads\/sites\/16\/2025\/08\/banner-cinig-1920x224-1-324x224.jpg",324,224,true],"td_324x400":["https:\/\/idihcs.fahce.unlp.edu.ar\/cinig\/wp-content\/uploads\/sites\/16\/2025\/08\/banner-cinig-1920x224-1-324x224.jpg",324,224,true],"td_356x220":["https:\/\/idihcs.fahce.unlp.edu.ar\/cinig\/wp-content\/uploads\/sites\/16\/2025\/08\/banner-cinig-1920x224-1-356x220.jpg",356,220,true],"td_356x364":["https:\/\/idihcs.fahce.unlp.edu.ar\/cinig\/wp-content\/uploads\/sites\/16\/2025\/08\/banner-cinig-1920x224-1-356x224.jpg",356,224,true],"td_485x360":["https:\/\/idihcs.fahce.unlp.edu.ar\/cinig\/wp-content\/uploads\/sites\/16\/2025\/08\/banner-cinig-1920x224-1-485x224.jpg",485,224,true],"td_533x261":["https:\/\/idihcs.fahce.unlp.edu.ar\/cinig\/wp-content\/uploads\/sites\/16\/2025\/08\/banner-cinig-1920x224-1-533x224.jpg",533,224,true],"td_534x462":["https:\/\/idihcs.fahce.unlp.edu.ar\/cinig\/wp-content\/uploads\/sites\/16\/2025\/08\/banner-cinig-1920x224-1-534x224.jpg",534,224,true],"td_696x0":["https:\/\/idihcs.fahce.unlp.edu.ar\/cinig\/wp-content\/uploads\/sites\/16\/2025\/08\/banner-cinig-1920x224-1-696x81.jpg",696,81,true],"td_696x385":["https:\/\/idihcs.fahce.unlp.edu.ar\/cinig\/wp-content\/uploads\/sites\/16\/2025\/08\/banner-cinig-1920x224-1-696x224.jpg",696,224,true],"td_741x486":["https:\/\/idihcs.fahce.unlp.edu.ar\/cinig\/wp-content\/uploads\/sites\/16\/2025\/08\/banner-cinig-1920x224-1-741x224.jpg",741,224,true],"td_1068x580":["https:\/\/idihcs.fahce.unlp.edu.ar\/cinig\/wp-content\/uploads\/sites\/16\/2025\/08\/banner-cinig-1920x224-1-1068x224.jpg",1068,224,true],"td_1068x0":["https:\/\/idihcs.fahce.unlp.edu.ar\/cinig\/wp-content\/uploads\/sites\/16\/2025\/08\/banner-cinig-1920x224-1-1068x125.jpg",1068,125,true],"td_0x420":["https:\/\/idihcs.fahce.unlp.edu.ar\/cinig\/wp-content\/uploads\/sites\/16\/2025\/08\/banner-cinig-1920x224-1.jpg",1920,224,false],"td_1920x0":["https:\/\/idihcs.fahce.unlp.edu.ar\/cinig\/wp-content\/uploads\/sites\/16\/2025\/08\/banner-cinig-1920x224-1.jpg",1920,224,false],"rt_custom":["https:\/\/idihcs.fahce.unlp.edu.ar\/cinig\/wp-content\/uploads\/sites\/16\/2025\/08\/banner-cinig-1920x224-1.jpg",1920,224,false]},"rttpg_author":{"display_name":"cinig","author_link":"https:\/\/idihcs.fahce.unlp.edu.ar\/cinig\/author\/cinig\/"},"rttpg_comment":0,"rttpg_category":null,"rttpg_excerpt":"Entrevista realizada a la Dra. Olga Salanueva (FCJyS, UNLP) con motivo de la celebraci\u00f3n del D\u00eda de la abogada y el abogado. Entrevistada por Luisina Bolla Rosario G\u00f3mez Molla, el 21 de agosto de 2024, en el Estudio Jur\u00eddico Molla &#8211; Di Lorenzo &#8211; G\u00f3mez Krivochen (La Plata). Registro Audiovisual: Bruno Bolla y Mercedes Durand.&hellip;","_links":{"self":[{"href":"https:\/\/idihcs.fahce.unlp.edu.ar\/cinig\/wp-json\/wp\/v2\/pages\/2921","targetHints":{"allow":["GET"]}}],"collection":[{"href":"https:\/\/idihcs.fahce.unlp.edu.ar\/cinig\/wp-json\/wp\/v2\/pages"}],"about":[{"href":"https:\/\/idihcs.fahce.unlp.edu.ar\/cinig\/wp-json\/wp\/v2\/types\/page"}],"author":[{"embeddable":true,"href":"https:\/\/idihcs.fahce.unlp.edu.ar\/cinig\/wp-json\/wp\/v2\/users\/7"}],"replies":[{"embeddable":true,"href":"https:\/\/idihcs.fahce.unlp.edu.ar\/cinig\/wp-json\/wp\/v2\/comments?post=2921"}],"version-history":[{"count":3,"href":"https:\/\/idihcs.fahce.unlp.edu.ar\/cinig\/wp-json\/wp\/v2\/pages\/2921\/revisions"}],"predecessor-version":[{"id":2996,"href":"https:\/\/idihcs.fahce.unlp.edu.ar\/cinig\/wp-json\/wp\/v2\/pages\/2921\/revisions\/2996"}],"wp:featuredmedia":[{"embeddable":true,"href":"https:\/\/idihcs.fahce.unlp.edu.ar\/cinig\/wp-json\/wp\/v2\/media\/2619"}],"wp:attachment":[{"href":"https:\/\/idihcs.fahce.unlp.edu.ar\/cinig\/wp-json\/wp\/v2\/media?parent=2921"}],"curies":[{"name":"wp","href":"https:\/\/api.w.org\/{rel}","templated":true}]}}

29 de agosto. Día de lxs abogadxs

<figure class="wp-block-embed is-type-video is-provider-youtube wp-block-embed-youtube wp-embed-aspect-16-9 wp-has-aspect-ratio"><div class="wp-block-embed__wrapper">
<iframe loading="lazy" title="Testimonio audiovisual de la Doctora Olga Salanueva (FCJyS, UNLP)." width="696" height="392" src="https://www.youtube.com/embed/xgpqhXOSqZY?feature=oembed" frameborder="0" allow="accelerometer; autoplay; clipboard-write; encrypted-media; gyroscope; picture-in-picture; web-share" referrerpolicy="strict-origin-when-cross-origin" allowfullscreen></iframe>
</div></figure>



<p class="has-small-font-size">Entrevista realizada a la Dra. Olga Salanueva (FCJyS, UNLP) con motivo de la celebración del Día de la abogada y el abogado. Entrevistada por Luisina Bolla Rosario Gómez Molla, el 21 de agosto de 2024, en el Estudio Jurídico Molla &#8211; Di Lorenzo &#8211; Gómez Krivochen (La Plata). Registro Audiovisual: Bruno Bolla y Mercedes Durand. Edición y Montaje Mariel Anthonioz &#8211; Blanc. Tema musical: Codo a Codo. Composición, interpretación, grabación y mezcla por Ezequiel Pérez Valobra (diciembre 2022 &#8211; marzo 2023). Una producción del Centro Interdisciplinario de Investigaciones en Género y el Instituto de Investigaciones en Humanidades y Ciencias Sociales (2024).</p>

<p>Entrevista realizada a la Dra. Olga Salanueva (FCJyS, UNLP) con motivo de la celebración del Día de la abogada y el abogado. Entrevistada por Luisina Bolla Rosario Gómez Molla, el 21 de agosto de 2024, en el Estudio Jurídico Molla &#8211; Di Lorenzo &#8211; Gómez Krivochen (La Plata). Registro Audiovisual: Bruno Bolla y Mercedes Durand. [&hellip;]</p>

Entrevista realizada a la Dra. Olga Salanueva (FCJyS, UNLP) con motivo de la celebración del Día de la abogada y el abogado. Entrevistada por Luisina Bolla Rosario Gómez Molla, el 21 de agosto de 2024, en el Estudio Jurídico Molla &#8211; Di Lorenzo &#8211; Gómez Krivochen (La Plata). Registro Audiovisual: Bruno Bolla y Mercedes Durand.&hellip;
