{"id":2918,"date":"2025-09-29T20:17:26","date_gmt":"2025-09-29T23:17:26","guid":{"rendered":"https:\/\/idihcs.fahce.unlp.edu.ar\/cinig\/?page_id=2918"},"modified":"2025-09-30T11:37:53","modified_gmt":"2025-09-30T14:37:53","slug":"31-de-marzo-dia-internacional-de-la-visibilidad-trans","status":"publish","type":"page","link":"https:\/\/idihcs.fahce.unlp.edu.ar\/cinig\/31-de-marzo-dia-internacional-de-la-visibilidad-trans\/","title":{"rendered":"31 de marzo. D\u00eda Internacional de la Visibilidad Trans"},"content":{"rendered":"\n<figure class=\"wp-block-embed is-type-video is-provider-youtube wp-block-embed-youtube wp-embed-aspect-16-9 wp-has-aspect-ratio\"><div class=\"wp-block-embed__wrapper\">\n<iframe loading=\"lazy\" title=\"31 de marzo D\u00eda Internacional de la Visibilidad Trans\" width=\"696\" height=\"392\" src=\"https:\/\/www.youtube.com\/embed\/J7F7fBowAD4?feature=oembed\" frameborder=\"0\" allow=\"accelerometer; autoplay; clipboard-write; encrypted-media; gyroscope; picture-in-picture; web-share\" referrerpolicy=\"strict-origin-when-cross-origin\" allowfullscreen><\/iframe>\n<\/div><\/figure>\n\n\n\n<p class=\"has-small-font-size\">El CInIG se suma a la conmemoraci\u00f3n del D\u00eda Internacional de la Visibilidad Trans que se realiza desde el 2009, todos los 31 de marzo. Esta fecha fue establecida por Rachel Crandall, co-fundadora de la organizaci\u00f3n Transg\u00e9nero Michigan. El objetivo es reflexionar y concientizar sobre la discriminaci\u00f3n, las m\u00faltiples violencias y exclusiones del colectivo trans travesti. En nuestro pa\u00eds, el Observatorio Nacional de Cr\u00edmenes de Odio LGBT+ informa en su ultimo reporte, que el a\u00f1o pasado, 2022, se cometieron en el pa\u00eds 129 cr\u00edmenes motivados por discriminaci\u00f3n por orientaci\u00f3n sexual, expresi\u00f3n e identidad de g\u00e9nero. Del total, 89 son muertes, siendo la mayor\u00eda de las v\u00edctimas mujeres trans. En la investigaci\u00f3n participaron la Defensor\u00eda del Pueblo de la Ciudad de Buenos Aires y la Federaci\u00f3n Argentina LGBT+.<\/p>\n\n\n\n<p class=\"has-small-font-size\">De la misma manera, este 11 de marzo de 2023, se cumplieron dos a\u00f1os desde que Tehuel de la Torre, var\u00f3n trans, sali\u00f3 de su casa en San Vicente hacia Alejandro Korn a una entrevista laboral, y nunca volvi\u00f3. <\/p>\n\n\n\n<p class=\"has-small-font-size\">Son much\u00edsimas las vulneraciones al colectivo trans travesti, a pesar de contar con leyes como la Ley de Identidad de G\u00e9nero 26.743 y la Ley del Cupo Laboral Trans travesti 27.636, es necesario visibilizar los alcances y los l\u00edmites de la implementaci\u00f3n de estas leyes. La falta de vivienda, salud, trabajo y educaci\u00f3n, as\u00ed como la estigmatizaci\u00f3n y criminalizaci\u00f3n, siguen expulsando a la comunidad de la sociedad y reproduciendo cotidianamente las violencias. Necesitamos pol\u00edticas p\u00fablicas reales para el colectivo trans travesti. <\/p>\n\n\n\n<p class=\"has-small-font-size\">A cuarenta a\u00f1os de Democracia en Argentina, y a diez de la Ciudadan\u00eda trans, nos seguimos preguntando \u00bfD\u00f3nde est\u00e1 Tehuel? Exigiendo el cumplimiento del Cupo laboral Trans Travesti en la UNLP y la sanci\u00f3n de la Ley de Reparaci\u00f3n Hist\u00f3rica Trans.<\/p>\n","protected":false},"excerpt":{"rendered":"<p>El CInIG se suma a la conmemoraci\u00f3n del D\u00eda Internacional de la Visibilidad Trans que se realiza desde el 2009, todos los 31 de marzo. Esta fecha fue establecida por Rachel Crandall, co-fundadora de la organizaci\u00f3n Transg\u00e9nero Michigan. El objetivo es reflexionar y concientizar sobre la discriminaci\u00f3n, las m\u00faltiples violencias y exclusiones del colectivo trans [&hellip;]<\/p>\n","protected":false},"author":7,"featured_media":2619,"parent":0,"menu_order":0,"comment_status":"closed","ping_status":"closed","template":"page-ui.php","meta":{"_themeisle_gutenberg_block_has_review":false,"footnotes":""},"class_list":["post-2918","page","type-page","status-publish","has-post-thumbnail","hentry"],"acf":[],"rttpg_featured_image_url":{"full":["https:\/\/idihcs.fahce.unlp.edu.ar\/cinig\/wp-content\/uploads\/sites\/16\/2025\/08\/banner-cinig-1920x224-1.jpg",1920,224,false],"landscape":["https:\/\/idihcs.fahce.unlp.edu.ar\/cinig\/wp-content\/uploads\/sites\/16\/2025\/08\/banner-cinig-1920x224-1.jpg",1920,224,false],"portraits":["https:\/\/idihcs.fahce.unlp.edu.ar\/cinig\/wp-content\/uploads\/sites\/16\/2025\/08\/banner-cinig-1920x224-1.jpg",1920,224,false],"thumbnail":["https:\/\/idihcs.fahce.unlp.edu.ar\/cinig\/wp-content\/uploads\/sites\/16\/2025\/08\/banner-cinig-1920x224-1-150x150.jpg",150,150,true],"medium":["https:\/\/idihcs.fahce.unlp.edu.ar\/cinig\/wp-content\/uploads\/sites\/16\/2025\/08\/banner-cinig-1920x224-1-300x35.jpg",300,35,true],"large":["https:\/\/idihcs.fahce.unlp.edu.ar\/cinig\/wp-content\/uploads\/sites\/16\/2025\/08\/banner-cinig-1920x224-1-1024x119.jpg",696,81,true],"1536x1536":["https:\/\/idihcs.fahce.unlp.edu.ar\/cinig\/wp-content\/uploads\/sites\/16\/2025\/08\/banner-cinig-1920x224-1-1536x179.jpg",1536,179,true],"2048x2048":["https:\/\/idihcs.fahce.unlp.edu.ar\/cinig\/wp-content\/uploads\/sites\/16\/2025\/08\/banner-cinig-1920x224-1.jpg",1920,224,false],"td_80x60":["https:\/\/idihcs.fahce.unlp.edu.ar\/cinig\/wp-content\/uploads\/sites\/16\/2025\/08\/banner-cinig-1920x224-1-80x60.jpg",80,60,true],"td_100x70":["https:\/\/idihcs.fahce.unlp.edu.ar\/cinig\/wp-content\/uploads\/sites\/16\/2025\/08\/banner-cinig-1920x224-1-100x70.jpg",100,70,true],"td_218x150":["https:\/\/idihcs.fahce.unlp.edu.ar\/cinig\/wp-content\/uploads\/sites\/16\/2025\/08\/banner-cinig-1920x224-1-218x150.jpg",218,150,true],"td_265x198":["https:\/\/idihcs.fahce.unlp.edu.ar\/cinig\/wp-content\/uploads\/sites\/16\/2025\/08\/banner-cinig-1920x224-1-265x198.jpg",265,198,true],"td_324x160":["https:\/\/idihcs.fahce.unlp.edu.ar\/cinig\/wp-content\/uploads\/sites\/16\/2025\/08\/banner-cinig-1920x224-1-324x160.jpg",324,160,true],"td_324x235":["https:\/\/idihcs.fahce.unlp.edu.ar\/cinig\/wp-content\/uploads\/sites\/16\/2025\/08\/banner-cinig-1920x224-1-324x224.jpg",324,224,true],"td_324x400":["https:\/\/idihcs.fahce.unlp.edu.ar\/cinig\/wp-content\/uploads\/sites\/16\/2025\/08\/banner-cinig-1920x224-1-324x224.jpg",324,224,true],"td_356x220":["https:\/\/idihcs.fahce.unlp.edu.ar\/cinig\/wp-content\/uploads\/sites\/16\/2025\/08\/banner-cinig-1920x224-1-356x220.jpg",356,220,true],"td_356x364":["https:\/\/idihcs.fahce.unlp.edu.ar\/cinig\/wp-content\/uploads\/sites\/16\/2025\/08\/banner-cinig-1920x224-1-356x224.jpg",356,224,true],"td_485x360":["https:\/\/idihcs.fahce.unlp.edu.ar\/cinig\/wp-content\/uploads\/sites\/16\/2025\/08\/banner-cinig-1920x224-1-485x224.jpg",485,224,true],"td_533x261":["https:\/\/idihcs.fahce.unlp.edu.ar\/cinig\/wp-content\/uploads\/sites\/16\/2025\/08\/banner-cinig-1920x224-1-533x224.jpg",533,224,true],"td_534x462":["https:\/\/idihcs.fahce.unlp.edu.ar\/cinig\/wp-content\/uploads\/sites\/16\/2025\/08\/banner-cinig-1920x224-1-534x224.jpg",534,224,true],"td_696x0":["https:\/\/idihcs.fahce.unlp.edu.ar\/cinig\/wp-content\/uploads\/sites\/16\/2025\/08\/banner-cinig-1920x224-1-696x81.jpg",696,81,true],"td_696x385":["https:\/\/idihcs.fahce.unlp.edu.ar\/cinig\/wp-content\/uploads\/sites\/16\/2025\/08\/banner-cinig-1920x224-1-696x224.jpg",696,224,true],"td_741x486":["https:\/\/idihcs.fahce.unlp.edu.ar\/cinig\/wp-content\/uploads\/sites\/16\/2025\/08\/banner-cinig-1920x224-1-741x224.jpg",741,224,true],"td_1068x580":["https:\/\/idihcs.fahce.unlp.edu.ar\/cinig\/wp-content\/uploads\/sites\/16\/2025\/08\/banner-cinig-1920x224-1-1068x224.jpg",1068,224,true],"td_1068x0":["https:\/\/idihcs.fahce.unlp.edu.ar\/cinig\/wp-content\/uploads\/sites\/16\/2025\/08\/banner-cinig-1920x224-1-1068x125.jpg",1068,125,true],"td_0x420":["https:\/\/idihcs.fahce.unlp.edu.ar\/cinig\/wp-content\/uploads\/sites\/16\/2025\/08\/banner-cinig-1920x224-1.jpg",1920,224,false],"td_1920x0":["https:\/\/idihcs.fahce.unlp.edu.ar\/cinig\/wp-content\/uploads\/sites\/16\/2025\/08\/banner-cinig-1920x224-1.jpg",1920,224,false],"rt_custom":["https:\/\/idihcs.fahce.unlp.edu.ar\/cinig\/wp-content\/uploads\/sites\/16\/2025\/08\/banner-cinig-1920x224-1.jpg",1920,224,false]},"rttpg_author":{"display_name":"cinig","author_link":"https:\/\/idihcs.fahce.unlp.edu.ar\/cinig\/author\/cinig\/"},"rttpg_comment":0,"rttpg_category":null,"rttpg_excerpt":"El CInIG se suma a la conmemoraci\u00f3n del D\u00eda Internacional de la Visibilidad Trans que se realiza desde el 2009, todos los 31 de marzo. Esta fecha fue establecida por Rachel Crandall, co-fundadora de la organizaci\u00f3n Transg\u00e9nero Michigan. El objetivo es reflexionar y concientizar sobre la discriminaci\u00f3n, las m\u00faltiples violencias y exclusiones del colectivo trans&hellip;","_links":{"self":[{"href":"https:\/\/idihcs.fahce.unlp.edu.ar\/cinig\/wp-json\/wp\/v2\/pages\/2918","targetHints":{"allow":["GET"]}}],"collection":[{"href":"https:\/\/idihcs.fahce.unlp.edu.ar\/cinig\/wp-json\/wp\/v2\/pages"}],"about":[{"href":"https:\/\/idihcs.fahce.unlp.edu.ar\/cinig\/wp-json\/wp\/v2\/types\/page"}],"author":[{"embeddable":true,"href":"https:\/\/idihcs.fahce.unlp.edu.ar\/cinig\/wp-json\/wp\/v2\/users\/7"}],"replies":[{"embeddable":true,"href":"https:\/\/idihcs.fahce.unlp.edu.ar\/cinig\/wp-json\/wp\/v2\/comments?post=2918"}],"version-history":[{"count":3,"href":"https:\/\/idihcs.fahce.unlp.edu.ar\/cinig\/wp-json\/wp\/v2\/pages\/2918\/revisions"}],"predecessor-version":[{"id":2990,"href":"https:\/\/idihcs.fahce.unlp.edu.ar\/cinig\/wp-json\/wp\/v2\/pages\/2918\/revisions\/2990"}],"wp:featuredmedia":[{"embeddable":true,"href":"https:\/\/idihcs.fahce.unlp.edu.ar\/cinig\/wp-json\/wp\/v2\/media\/2619"}],"wp:attachment":[{"href":"https:\/\/idihcs.fahce.unlp.edu.ar\/cinig\/wp-json\/wp\/v2\/media?parent=2918"}],"curies":[{"name":"wp","href":"https:\/\/api.w.org\/{rel}","templated":true}]}}

31 de marzo. Día Internacional de la Visibilidad Trans

<figure class="wp-block-embed is-type-video is-provider-youtube wp-block-embed-youtube wp-embed-aspect-16-9 wp-has-aspect-ratio"><div class="wp-block-embed__wrapper">
<iframe loading="lazy" title="31 de marzo Día Internacional de la Visibilidad Trans" width="696" height="392" src="https://www.youtube.com/embed/J7F7fBowAD4?feature=oembed" frameborder="0" allow="accelerometer; autoplay; clipboard-write; encrypted-media; gyroscope; picture-in-picture; web-share" referrerpolicy="strict-origin-when-cross-origin" allowfullscreen></iframe>
</div></figure>



<p class="has-small-font-size">El CInIG se suma a la conmemoración del Día Internacional de la Visibilidad Trans que se realiza desde el 2009, todos los 31 de marzo. Esta fecha fue establecida por Rachel Crandall, co-fundadora de la organización Transgénero Michigan. El objetivo es reflexionar y concientizar sobre la discriminación, las múltiples violencias y exclusiones del colectivo trans travesti. En nuestro país, el Observatorio Nacional de Crímenes de Odio LGBT+ informa en su ultimo reporte, que el año pasado, 2022, se cometieron en el país 129 crímenes motivados por discriminación por orientación sexual, expresión e identidad de género. Del total, 89 son muertes, siendo la mayoría de las víctimas mujeres trans. En la investigación participaron la Defensoría del Pueblo de la Ciudad de Buenos Aires y la Federación Argentina LGBT+.</p>



<p class="has-small-font-size">De la misma manera, este 11 de marzo de 2023, se cumplieron dos años desde que Tehuel de la Torre, varón trans, salió de su casa en San Vicente hacia Alejandro Korn a una entrevista laboral, y nunca volvió. </p>



<p class="has-small-font-size">Son muchísimas las vulneraciones al colectivo trans travesti, a pesar de contar con leyes como la Ley de Identidad de Género 26.743 y la Ley del Cupo Laboral Trans travesti 27.636, es necesario visibilizar los alcances y los límites de la implementación de estas leyes. La falta de vivienda, salud, trabajo y educación, así como la estigmatización y criminalización, siguen expulsando a la comunidad de la sociedad y reproduciendo cotidianamente las violencias. Necesitamos políticas públicas reales para el colectivo trans travesti. </p>



<p class="has-small-font-size">A cuarenta años de Democracia en Argentina, y a diez de la Ciudadanía trans, nos seguimos preguntando ¿Dónde está Tehuel? Exigiendo el cumplimiento del Cupo laboral Trans Travesti en la UNLP y la sanción de la Ley de Reparación Histórica Trans.</p>

<p>El CInIG se suma a la conmemoración del Día Internacional de la Visibilidad Trans que se realiza desde el 2009, todos los 31 de marzo. Esta fecha fue establecida por Rachel Crandall, co-fundadora de la organización Transgénero Michigan. El objetivo es reflexionar y concientizar sobre la discriminación, las múltiples violencias y exclusiones del colectivo trans [&hellip;]</p>

El CInIG se suma a la conmemoración del Día Internacional de la Visibilidad Trans que se realiza desde el 2009, todos los 31 de marzo. Esta fecha fue establecida por Rachel Crandall, co-fundadora de la organización Transgénero Michigan. El objetivo es reflexionar y concientizar sobre la discriminación, las múltiples violencias y exclusiones del colectivo trans&hellip;
