{"id":165,"date":"2018-06-21T17:08:18","date_gmt":"2018-06-21T20:08:18","guid":{"rendered":"http:\/\/163.10.30.48\/~posgrado6\/wordpress\/cimecs\/?page_id=165"},"modified":"2026-02-12T13:11:52","modified_gmt":"2026-02-12T16:11:52","slug":"redes","status":"publish","type":"page","link":"https:\/\/idihcs.fahce.unlp.edu.ar\/cimecs\/redes\/","title":{"rendered":"CIMeCS &#8211; Redes"},"content":{"rendered":"<p><img loading=\"lazy\" decoding=\"async\" class=\"size-medium wp-image-166 alignleft\" src=\"http:\/\/163.10.30.48\/~posgrado6\/wordpress\/cimecs\/wp-content\/uploads\/sites\/17\/2018\/06\/red-1-300x119.jpg\" alt=\"\" width=\"300\" height=\"119\" srcset=\"https:\/\/idihcs.fahce.unlp.edu.ar\/cimecs\/wp-content\/uploads\/sites\/17\/2018\/06\/red-1-300x119.jpg 300w, https:\/\/idihcs.fahce.unlp.edu.ar\/cimecs\/wp-content\/uploads\/sites\/17\/2018\/06\/red-1-200x79.jpg 200w, https:\/\/idihcs.fahce.unlp.edu.ar\/cimecs\/wp-content\/uploads\/sites\/17\/2018\/06\/red-1.jpg 502w\" sizes=\"auto, (max-width: 300px) 100vw, 300px\" \/>La\u00a0<a class=\"external-link\" title=\"\" href=\"http:\/\/redmet.fahce.unlp.edu.ar\/\" target=\"_blank\" rel=\"noopener\">Red Latinoamericana de Metodolog\u00eda de las Ciencias Sociales<\/a>\u00a0tiene como objetivos favorecer la generaci\u00f3n de lazos acad\u00e9micos entre los expertos del \u00e1rea metodol\u00f3gica de diferentes instituciones latinoamericanas vinculadas a la investigaci\u00f3n y la docencia, y generar un espacio de debate y reflexi\u00f3n inter-disciplinario e inter-institucional sobre la metodolog\u00eda y las pr\u00e1cticas de investigaci\u00f3n social.\u00a0Sitio web:\u00a0http:\/\/redmet.fahce.unlp.edu.ar\/<\/p>\n<p><img loading=\"lazy\" decoding=\"async\" class=\"alignleft size-medium wp-image-167\" src=\"http:\/\/163.10.30.48\/~posgrado6\/wordpress\/cimecs\/wp-content\/uploads\/sites\/17\/2018\/06\/red2-300x152.jpg\" alt=\"\" width=\"300\" height=\"152\" srcset=\"https:\/\/idihcs.fahce.unlp.edu.ar\/cimecs\/wp-content\/uploads\/sites\/17\/2018\/06\/red2-300x152.jpg 300w, https:\/\/idihcs.fahce.unlp.edu.ar\/cimecs\/wp-content\/uploads\/sites\/17\/2018\/06\/red2-200x101.jpg 200w, https:\/\/idihcs.fahce.unlp.edu.ar\/cimecs\/wp-content\/uploads\/sites\/17\/2018\/06\/red2.jpg 414w\" sizes=\"auto, (max-width: 300px) 100vw, 300px\" \/>El\u00a0<a class=\"external-link\" title=\"\" href=\"http:\/\/www.simel.edu.ar\/\" target=\"_blank\" rel=\"noopener\">Sistema de Informaci\u00f3n del Mercado Laboral<\/a>\u00a0es una red de instituciones acad\u00e9micas argentinas comprometidas en la elaboraci\u00f3n, sistematizaci\u00f3n y divulgaci\u00f3n de informaci\u00f3n del mercado laboral argentino en sus distintas regiones y localidades. Sitio web: www.simel.edu.ar<\/p>\n<p><img loading=\"lazy\" decoding=\"async\" class=\"alignleft wp-image-168\" src=\"http:\/\/163.10.30.48\/~posgrado6\/wordpress\/cimecs\/wp-content\/uploads\/sites\/17\/2018\/06\/7aeb6202-4ca0-4ab3-b81a-af1dca060bc8.jpeg\" alt=\"\" width=\"684\" height=\"67\" srcset=\"https:\/\/idihcs.fahce.unlp.edu.ar\/cimecs\/wp-content\/uploads\/sites\/17\/2018\/06\/7aeb6202-4ca0-4ab3-b81a-af1dca060bc8.jpeg 768w, https:\/\/idihcs.fahce.unlp.edu.ar\/cimecs\/wp-content\/uploads\/sites\/17\/2018\/06\/7aeb6202-4ca0-4ab3-b81a-af1dca060bc8-300x29.jpeg 300w, https:\/\/idihcs.fahce.unlp.edu.ar\/cimecs\/wp-content\/uploads\/sites\/17\/2018\/06\/7aeb6202-4ca0-4ab3-b81a-af1dca060bc8-696x68.jpeg 696w, https:\/\/idihcs.fahce.unlp.edu.ar\/cimecs\/wp-content\/uploads\/sites\/17\/2018\/06\/7aeb6202-4ca0-4ab3-b81a-af1dca060bc8-200x20.jpeg 200w\" sizes=\"auto, (max-width: 684px) 100vw, 684px\" \/><\/p>\n<p><strong style=\"text-align: center\">La red <\/strong><strong><a class=\"external-link\" title=\"\" href=\"https:\/\/idihcs.fahce.unlp.edu.ar\/incasi\/\" target=\"_blank\" rel=\"noopener\">INCASI (International Network for Comparative Analysis of Social Inequalities)\u00a0<\/a><\/strong>est\u00e1 conformada por\u00a0 9 universidades latinoamericanas (UNLP, UNC, ODSA- UCA, UBA, Universidad Nacional de Chile, Pontificia Universidad Cat\u00f3lica de Chile, Universidad Nacional de Concepci\u00f3n, Chile, Universidad de San Pablo, Brasil y Universidad de la Rep\u00fablica, Uruguay) y 10 universidades europeas (Universidad Aut\u00f3noma de Barcelona, Universidad de Barcelona, Universidad de Coru\u00f1a, Universidad de Sevilla, Universidad de la Laguna, Universidad de Calabria, Universidad Degli Studi de Milan, Univesidad de Tampere y Universidad Middlesex Business School).\u00a0En 2015 esta red sali\u00f3 seleccionada en la convocatoria Marie Sk\u0142odowska-Curie Actions. Research and Innovation Staff Exchange (RISE), financiada por la Comisi\u00f3n Europea, para desarrollar actividades en el per\u00edodo 2016-2019.<\/p>\n<p>En el marco de este proyecto, investigadores y becarios del CIMeCS- IdIHCS, bajo la coordinaci\u00f3n de Leticia Mu\u00f1iz Terra, tuvieron la posibilidad, junto con los representantes de los otros centros de investigaci\u00f3n latinoamericanos que integran la red, de realizar estancias de investigaci\u00f3n y formaci\u00f3n en universidades de Espa\u00f1a, Francia, Inglaterra, Italia y Finlandia. Asimismo los centros de investigaci\u00f3n latinoamericanos que integran la red recibir\u00e1n a investigadores y becarios de las instituciones europeas.<\/p>\n<p>Para acceder a la p\u00e1gina institucional de INCASI click<strong> <a href=\"http:\/\/incasi.fahce.unlp.edu.ar\/noticias\/incasi-2013-una-red-internacional-que-compara-desigualdades-sociales\">aqu\u00ed<\/a>.<\/strong><\/p>\n","protected":false},"excerpt":{"rendered":"<p>La\u00a0Red Latinoamericana de Metodolog\u00eda de las Ciencias Sociales\u00a0tiene como objetivos favorecer la generaci\u00f3n de lazos acad\u00e9micos entre los expertos del \u00e1rea metodol\u00f3gica de diferentes instituciones latinoamericanas vinculadas a la investigaci\u00f3n y la docencia, y generar un espacio de debate y reflexi\u00f3n inter-disciplinario e inter-institucional sobre la metodolog\u00eda y las pr\u00e1cticas de investigaci\u00f3n social.\u00a0Sitio web:\u00a0http:\/\/redmet.fahce.unlp.edu.ar\/ El\u00a0Sistema [&hellip;]<\/p>\n","protected":false},"author":3,"featured_media":202,"parent":0,"menu_order":0,"comment_status":"closed","ping_status":"closed","template":"page-ui.php","meta":{"_themeisle_gutenberg_block_has_review":false,"footnotes":""},"class_list":["post-165","page","type-page","status-publish","has-post-thumbnail","hentry"],"acf":[],"rttpg_featured_image_url":{"full":["https:\/\/idihcs.fahce.unlp.edu.ar\/cimecs\/wp-content\/uploads\/sites\/17\/2018\/07\/banner-cimecs.jpg",2900,338,false],"landscape":["https:\/\/idihcs.fahce.unlp.edu.ar\/cimecs\/wp-content\/uploads\/sites\/17\/2018\/07\/banner-cimecs.jpg",2900,338,false],"portraits":["https:\/\/idihcs.fahce.unlp.edu.ar\/cimecs\/wp-content\/uploads\/sites\/17\/2018\/07\/banner-cimecs.jpg",2900,338,false],"thumbnail":["https:\/\/idihcs.fahce.unlp.edu.ar\/cimecs\/wp-content\/uploads\/sites\/17\/2018\/07\/banner-cimecs-150x150.jpg",150,150,true],"medium":["https:\/\/idihcs.fahce.unlp.edu.ar\/cimecs\/wp-content\/uploads\/sites\/17\/2018\/07\/banner-cimecs-300x35.jpg",300,35,true],"large":["https:\/\/idihcs.fahce.unlp.edu.ar\/cimecs\/wp-content\/uploads\/sites\/17\/2018\/07\/banner-cimecs-1024x119.jpg",696,81,true],"1536x1536":["https:\/\/idihcs.fahce.unlp.edu.ar\/cimecs\/wp-content\/uploads\/sites\/17\/2018\/07\/banner-cimecs.jpg",1536,179,false],"2048x2048":["https:\/\/idihcs.fahce.unlp.edu.ar\/cimecs\/wp-content\/uploads\/sites\/17\/2018\/07\/banner-cimecs.jpg",2048,239,false],"td_80x60":["https:\/\/idihcs.fahce.unlp.edu.ar\/cimecs\/wp-content\/uploads\/sites\/17\/2018\/07\/banner-cimecs-80x60.jpg",80,60,true],"td_100x70":["https:\/\/idihcs.fahce.unlp.edu.ar\/cimecs\/wp-content\/uploads\/sites\/17\/2018\/07\/banner-cimecs-100x70.jpg",100,70,true],"td_218x150":["https:\/\/idihcs.fahce.unlp.edu.ar\/cimecs\/wp-content\/uploads\/sites\/17\/2018\/07\/banner-cimecs-218x150.jpg",218,150,true],"td_265x198":["https:\/\/idihcs.fahce.unlp.edu.ar\/cimecs\/wp-content\/uploads\/sites\/17\/2018\/07\/banner-cimecs-265x198.jpg",265,198,true],"td_324x160":["https:\/\/idihcs.fahce.unlp.edu.ar\/cimecs\/wp-content\/uploads\/sites\/17\/2018\/07\/banner-cimecs-324x160.jpg",324,160,true],"td_324x235":["https:\/\/idihcs.fahce.unlp.edu.ar\/cimecs\/wp-content\/uploads\/sites\/17\/2018\/07\/banner-cimecs-324x235.jpg",324,235,true],"td_324x400":["https:\/\/idihcs.fahce.unlp.edu.ar\/cimecs\/wp-content\/uploads\/sites\/17\/2018\/07\/banner-cimecs-324x338.jpg",324,338,true],"td_356x220":["https:\/\/idihcs.fahce.unlp.edu.ar\/cimecs\/wp-content\/uploads\/sites\/17\/2018\/07\/banner-cimecs-356x220.jpg",356,220,true],"td_356x364":["https:\/\/idihcs.fahce.unlp.edu.ar\/cimecs\/wp-content\/uploads\/sites\/17\/2018\/07\/banner-cimecs-356x338.jpg",356,338,true],"td_485x360":["https:\/\/idihcs.fahce.unlp.edu.ar\/cimecs\/wp-content\/uploads\/sites\/17\/2018\/07\/banner-cimecs-485x338.jpg",485,338,true],"td_533x261":["https:\/\/idihcs.fahce.unlp.edu.ar\/cimecs\/wp-content\/uploads\/sites\/17\/2018\/07\/banner-cimecs-533x261.jpg",533,261,true],"td_534x462":["https:\/\/idihcs.fahce.unlp.edu.ar\/cimecs\/wp-content\/uploads\/sites\/17\/2018\/07\/banner-cimecs-534x338.jpg",534,338,true],"td_696x0":["https:\/\/idihcs.fahce.unlp.edu.ar\/cimecs\/wp-content\/uploads\/sites\/17\/2018\/07\/banner-cimecs-696x81.jpg",696,81,true],"td_696x385":["https:\/\/idihcs.fahce.unlp.edu.ar\/cimecs\/wp-content\/uploads\/sites\/17\/2018\/07\/banner-cimecs-696x338.jpg",696,338,true],"td_741x486":["https:\/\/idihcs.fahce.unlp.edu.ar\/cimecs\/wp-content\/uploads\/sites\/17\/2018\/07\/banner-cimecs-741x338.jpg",741,338,true],"td_1068x580":["https:\/\/idihcs.fahce.unlp.edu.ar\/cimecs\/wp-content\/uploads\/sites\/17\/2018\/07\/banner-cimecs-1068x338.jpg",1068,338,true],"td_1068x0":["https:\/\/idihcs.fahce.unlp.edu.ar\/cimecs\/wp-content\/uploads\/sites\/17\/2018\/07\/banner-cimecs-1068x124.jpg",1068,124,true],"td_0x420":["https:\/\/idihcs.fahce.unlp.edu.ar\/cimecs\/wp-content\/uploads\/sites\/17\/2018\/07\/banner-cimecs.jpg",2900,338,false],"td_1920x0":["https:\/\/idihcs.fahce.unlp.edu.ar\/cimecs\/wp-content\/uploads\/sites\/17\/2018\/07\/banner-cimecs-1920x224.jpg",1920,224,true],"rt_custom":["https:\/\/idihcs.fahce.unlp.edu.ar\/cimecs\/wp-content\/uploads\/sites\/17\/2018\/07\/banner-cimecs.jpg",2900,338,false]},"rttpg_author":{"display_name":"cbarletta","author_link":"https:\/\/idihcs.fahce.unlp.edu.ar\/cimecs\/author\/cbarletta\/"},"rttpg_comment":0,"rttpg_category":null,"rttpg_excerpt":"La\u00a0Red Latinoamericana de Metodolog\u00eda de las Ciencias Sociales\u00a0tiene como objetivos favorecer la generaci\u00f3n de lazos acad\u00e9micos entre los expertos del \u00e1rea metodol\u00f3gica de diferentes instituciones latinoamericanas vinculadas a la investigaci\u00f3n y la docencia, y generar un espacio de debate y reflexi\u00f3n inter-disciplinario e inter-institucional sobre la metodolog\u00eda y las pr\u00e1cticas de investigaci\u00f3n social.\u00a0Sitio web:\u00a0http:\/\/redmet.fahce.unlp.edu.ar\/ El\u00a0Sistema&hellip;","_links":{"self":[{"href":"https:\/\/idihcs.fahce.unlp.edu.ar\/cimecs\/wp-json\/wp\/v2\/pages\/165","targetHints":{"allow":["GET"]}}],"collection":[{"href":"https:\/\/idihcs.fahce.unlp.edu.ar\/cimecs\/wp-json\/wp\/v2\/pages"}],"about":[{"href":"https:\/\/idihcs.fahce.unlp.edu.ar\/cimecs\/wp-json\/wp\/v2\/types\/page"}],"author":[{"embeddable":true,"href":"https:\/\/idihcs.fahce.unlp.edu.ar\/cimecs\/wp-json\/wp\/v2\/users\/3"}],"replies":[{"embeddable":true,"href":"https:\/\/idihcs.fahce.unlp.edu.ar\/cimecs\/wp-json\/wp\/v2\/comments?post=165"}],"version-history":[{"count":10,"href":"https:\/\/idihcs.fahce.unlp.edu.ar\/cimecs\/wp-json\/wp\/v2\/pages\/165\/revisions"}],"predecessor-version":[{"id":1089,"href":"https:\/\/idihcs.fahce.unlp.edu.ar\/cimecs\/wp-json\/wp\/v2\/pages\/165\/revisions\/1089"}],"wp:featuredmedia":[{"embeddable":true,"href":"https:\/\/idihcs.fahce.unlp.edu.ar\/cimecs\/wp-json\/wp\/v2\/media\/202"}],"wp:attachment":[{"href":"https:\/\/idihcs.fahce.unlp.edu.ar\/cimecs\/wp-json\/wp\/v2\/media?parent=165"}],"curies":[{"name":"wp","href":"https:\/\/api.w.org\/{rel}","templated":true}]}}