{"id":163,"date":"2018-06-21T17:03:07","date_gmt":"2018-06-21T20:03:07","guid":{"rendered":"http:\/\/163.10.30.48\/~posgrado6\/wordpress\/cimecs\/?page_id=163"},"modified":"2018-07-30T11:46:57","modified_gmt":"2018-07-30T14:46:57","slug":"encuentros-y-seminarios","status":"publish","type":"page","link":"https:\/\/idihcs.fahce.unlp.edu.ar\/cimecs\/encuentros-y-seminarios\/","title":{"rendered":"CIMeCS &#8211; Encuentros y Seminarios"},"content":{"rendered":"<h4><a href=\"http:\/\/elmecs.fahce.unlp.edu.ar\/\">Encuentro Latinoamericano de Metodolog\u00eda de las Ciencias Sociales (ELMeCS)<\/a><\/h4>\n<p><strong>\u00daltima edici\u00f3n:\u00a0<\/strong>VI Encuentro Latinoamericano de Metodolog\u00eda de las Ciencias Sociales (ELMeCS), Universidad de Cuenca, Ecuador, 7 al 9 de noviembre de 2018.<\/p>\n<p><strong>Sitio web:\u00a0<\/strong><a href=\"http:\/\/redmet.fahce.unlp.edu.ar\/\">http:\/\/redmet.fahce.unlp.edu.ar\/<\/a><\/p>\n<h4><\/h4>\n<h4><a href=\"http:\/\/seminariosms.fahce.unlp.edu.ar\/\">Seminario Internacional Movilidad y Cambio Social en Am\u00e9rica Latina<\/a><\/h4>\n<p><strong>\u00daltima edici\u00f3n:\u00a0<\/strong>IV Seminario Internacional Desigualdad y Movilidad Social en Am\u00e9rica Latina<\/p>\n<p><strong>31 de mayo y 1\u00ba y 2 de junio de 2017<\/strong><strong><br \/>\nFacultad de Humanidades y Ciencias de la Educaci\u00f3n<br \/>\nUniversidad Nacional de La Plata<br \/>\nSitio web:\u00a0<\/strong><a href=\"http:\/\/seminariosms.fahce.unlp.edu.ar\/\">http:\/\/seminariosms.fahce.unlp.edu.ar<\/a><\/p>\n<p>&nbsp;<\/p>\n<p>&nbsp;<\/p>\n<p>&nbsp;<\/p>\n<p>&nbsp;<\/p>\n<p>&nbsp;<\/p>\n<p>&nbsp;<\/p>\n","protected":false},"excerpt":{"rendered":"<p>Encuentro Latinoamericano de Metodolog\u00eda de las Ciencias Sociales (ELMeCS) \u00daltima edici\u00f3n:\u00a0VI Encuentro Latinoamericano de Metodolog\u00eda de las Ciencias Sociales (ELMeCS), Universidad de Cuenca, Ecuador, 7 al 9 de noviembre de 2018. Sitio web:\u00a0http:\/\/redmet.fahce.unlp.edu.ar\/ Seminario Internacional Movilidad y Cambio Social en Am\u00e9rica Latina \u00daltima edici\u00f3n:\u00a0IV Seminario Internacional Desigualdad y Movilidad Social en Am\u00e9rica Latina 31 de [&hellip;]<\/p>\n","protected":false},"author":3,"featured_media":202,"parent":0,"menu_order":0,"comment_status":"closed","ping_status":"closed","template":"page-ui.php","meta":{"_themeisle_gutenberg_block_has_review":false,"footnotes":""},"class_list":["post-163","page","type-page","status-publish","has-post-thumbnail","hentry"],"acf":[],"rttpg_featured_image_url":{"full":["https:\/\/idihcs.fahce.unlp.edu.ar\/cimecs\/wp-content\/uploads\/sites\/17\/2018\/07\/banner-cimecs.jpg",2900,338,false],"landscape":["https:\/\/idihcs.fahce.unlp.edu.ar\/cimecs\/wp-content\/uploads\/sites\/17\/2018\/07\/banner-cimecs.jpg",2900,338,false],"portraits":["https:\/\/idihcs.fahce.unlp.edu.ar\/cimecs\/wp-content\/uploads\/sites\/17\/2018\/07\/banner-cimecs.jpg",2900,338,false],"thumbnail":["https:\/\/idihcs.fahce.unlp.edu.ar\/cimecs\/wp-content\/uploads\/sites\/17\/2018\/07\/banner-cimecs-150x150.jpg",150,150,true],"medium":["https:\/\/idihcs.fahce.unlp.edu.ar\/cimecs\/wp-content\/uploads\/sites\/17\/2018\/07\/banner-cimecs-300x35.jpg",300,35,true],"large":["https:\/\/idihcs.fahce.unlp.edu.ar\/cimecs\/wp-content\/uploads\/sites\/17\/2018\/07\/banner-cimecs-1024x119.jpg",696,81,true],"1536x1536":["https:\/\/idihcs.fahce.unlp.edu.ar\/cimecs\/wp-content\/uploads\/sites\/17\/2018\/07\/banner-cimecs.jpg",1536,179,false],"2048x2048":["https:\/\/idihcs.fahce.unlp.edu.ar\/cimecs\/wp-content\/uploads\/sites\/17\/2018\/07\/banner-cimecs.jpg",2048,239,false],"td_80x60":["https:\/\/idihcs.fahce.unlp.edu.ar\/cimecs\/wp-content\/uploads\/sites\/17\/2018\/07\/banner-cimecs-80x60.jpg",80,60,true],"td_100x70":["https:\/\/idihcs.fahce.unlp.edu.ar\/cimecs\/wp-content\/uploads\/sites\/17\/2018\/07\/banner-cimecs-100x70.jpg",100,70,true],"td_218x150":["https:\/\/idihcs.fahce.unlp.edu.ar\/cimecs\/wp-content\/uploads\/sites\/17\/2018\/07\/banner-cimecs-218x150.jpg",218,150,true],"td_265x198":["https:\/\/idihcs.fahce.unlp.edu.ar\/cimecs\/wp-content\/uploads\/sites\/17\/2018\/07\/banner-cimecs-265x198.jpg",265,198,true],"td_324x160":["https:\/\/idihcs.fahce.unlp.edu.ar\/cimecs\/wp-content\/uploads\/sites\/17\/2018\/07\/banner-cimecs-324x160.jpg",324,160,true],"td_324x235":["https:\/\/idihcs.fahce.unlp.edu.ar\/cimecs\/wp-content\/uploads\/sites\/17\/2018\/07\/banner-cimecs-324x235.jpg",324,235,true],"td_324x400":["https:\/\/idihcs.fahce.unlp.edu.ar\/cimecs\/wp-content\/uploads\/sites\/17\/2018\/07\/banner-cimecs-324x338.jpg",324,338,true],"td_356x220":["https:\/\/idihcs.fahce.unlp.edu.ar\/cimecs\/wp-content\/uploads\/sites\/17\/2018\/07\/banner-cimecs-356x220.jpg",356,220,true],"td_356x364":["https:\/\/idihcs.fahce.unlp.edu.ar\/cimecs\/wp-content\/uploads\/sites\/17\/2018\/07\/banner-cimecs-356x338.jpg",356,338,true],"td_485x360":["https:\/\/idihcs.fahce.unlp.edu.ar\/cimecs\/wp-content\/uploads\/sites\/17\/2018\/07\/banner-cimecs-485x338.jpg",485,338,true],"td_533x261":["https:\/\/idihcs.fahce.unlp.edu.ar\/cimecs\/wp-content\/uploads\/sites\/17\/2018\/07\/banner-cimecs-533x261.jpg",533,261,true],"td_534x462":["https:\/\/idihcs.fahce.unlp.edu.ar\/cimecs\/wp-content\/uploads\/sites\/17\/2018\/07\/banner-cimecs-534x338.jpg",534,338,true],"td_696x0":["https:\/\/idihcs.fahce.unlp.edu.ar\/cimecs\/wp-content\/uploads\/sites\/17\/2018\/07\/banner-cimecs-696x81.jpg",696,81,true],"td_696x385":["https:\/\/idihcs.fahce.unlp.edu.ar\/cimecs\/wp-content\/uploads\/sites\/17\/2018\/07\/banner-cimecs-696x338.jpg",696,338,true],"td_741x486":["https:\/\/idihcs.fahce.unlp.edu.ar\/cimecs\/wp-content\/uploads\/sites\/17\/2018\/07\/banner-cimecs-741x338.jpg",741,338,true],"td_1068x580":["https:\/\/idihcs.fahce.unlp.edu.ar\/cimecs\/wp-content\/uploads\/sites\/17\/2018\/07\/banner-cimecs-1068x338.jpg",1068,338,true],"td_1068x0":["https:\/\/idihcs.fahce.unlp.edu.ar\/cimecs\/wp-content\/uploads\/sites\/17\/2018\/07\/banner-cimecs-1068x124.jpg",1068,124,true],"td_0x420":["https:\/\/idihcs.fahce.unlp.edu.ar\/cimecs\/wp-content\/uploads\/sites\/17\/2018\/07\/banner-cimecs.jpg",2900,338,false],"td_1920x0":["https:\/\/idihcs.fahce.unlp.edu.ar\/cimecs\/wp-content\/uploads\/sites\/17\/2018\/07\/banner-cimecs-1920x224.jpg",1920,224,true],"rt_custom":["https:\/\/idihcs.fahce.unlp.edu.ar\/cimecs\/wp-content\/uploads\/sites\/17\/2018\/07\/banner-cimecs.jpg",2900,338,false]},"rttpg_author":{"display_name":"cbarletta","author_link":"https:\/\/idihcs.fahce.unlp.edu.ar\/cimecs\/author\/cbarletta\/"},"rttpg_comment":0,"rttpg_category":null,"rttpg_excerpt":"Encuentro Latinoamericano de Metodolog\u00eda de las Ciencias Sociales (ELMeCS) \u00daltima edici\u00f3n:\u00a0VI Encuentro Latinoamericano de Metodolog\u00eda de las Ciencias Sociales (ELMeCS), Universidad de Cuenca, Ecuador, 7 al 9 de noviembre de 2018. Sitio web:\u00a0http:\/\/redmet.fahce.unlp.edu.ar\/ Seminario Internacional Movilidad y Cambio Social en Am\u00e9rica Latina \u00daltima edici\u00f3n:\u00a0IV Seminario Internacional Desigualdad y Movilidad Social en Am\u00e9rica Latina 31 de&hellip;","_links":{"self":[{"href":"https:\/\/idihcs.fahce.unlp.edu.ar\/cimecs\/wp-json\/wp\/v2\/pages\/163","targetHints":{"allow":["GET"]}}],"collection":[{"href":"https:\/\/idihcs.fahce.unlp.edu.ar\/cimecs\/wp-json\/wp\/v2\/pages"}],"about":[{"href":"https:\/\/idihcs.fahce.unlp.edu.ar\/cimecs\/wp-json\/wp\/v2\/types\/page"}],"author":[{"embeddable":true,"href":"https:\/\/idihcs.fahce.unlp.edu.ar\/cimecs\/wp-json\/wp\/v2\/users\/3"}],"replies":[{"embeddable":true,"href":"https:\/\/idihcs.fahce.unlp.edu.ar\/cimecs\/wp-json\/wp\/v2\/comments?post=163"}],"version-history":[{"count":6,"href":"https:\/\/idihcs.fahce.unlp.edu.ar\/cimecs\/wp-json\/wp\/v2\/pages\/163\/revisions"}],"predecessor-version":[{"id":249,"href":"https:\/\/idihcs.fahce.unlp.edu.ar\/cimecs\/wp-json\/wp\/v2\/pages\/163\/revisions\/249"}],"wp:featuredmedia":[{"embeddable":true,"href":"https:\/\/idihcs.fahce.unlp.edu.ar\/cimecs\/wp-json\/wp\/v2\/media\/202"}],"wp:attachment":[{"href":"https:\/\/idihcs.fahce.unlp.edu.ar\/cimecs\/wp-json\/wp\/v2\/media?parent=163"}],"curies":[{"name":"wp","href":"https:\/\/api.w.org\/{rel}","templated":true}]}}