{"id":189,"date":"2018-08-02T14:23:39","date_gmt":"2018-08-02T17:23:39","guid":{"rendered":"http:\/\/163.10.30.48\/~posgrado6\/wordpress\/cig\/?page_id=189"},"modified":"2025-12-02T13:16:31","modified_gmt":"2025-12-02T16:16:31","slug":"proyectos-de-investigacion","status":"publish","type":"page","link":"https:\/\/idihcs.fahce.unlp.edu.ar\/cig\/proyectos-de-investigacion\/","title":{"rendered":"CIG &#8211; Proyectos de investigaci\u00f3n vigentes"},"content":{"rendered":"    <style>\n        .tabla-proyectos-flex {width:100%;border-collapse:separate;border-spacing:0;margin:2rem 0;font-family:\"Segoe UI\",Arial,sans-serif;font-size:15px;background:#fff;border-radius:12px;overflow:hidden;box-shadow:0 10px 30px rgba(0,0,0,0.08);}\n        .tabla-proyectos-flex thead th {background:#49ab4c;color:white;padding:16px 18px;text-align:left;font-weight:600;}\n        .tabla-proyectos-flex tbody td {padding:16px 18px;border-bottom:1px solid #eef2f7;vertical-align:top;}\n        .tabla-proyectos-flex tbody tr:hover {background:#f8fcf8;}\n        .tabla-proyectos-flex a {color:#227730;font-weight:600;text-decoration:none;position:relative;}\n        .tabla-proyectos-flex a::after {content:'';position:absolute;width:0;height:2px;bottom:-2px;left:0;background:#49ab4c;transition:width .3s;}\n        .tabla-proyectos-flex a:hover::after {width:100%;}\n        .prorroga-nota {font-size:0.85em;color:#e67e22;display:block;margin-top:4px;}\n        @media(max-width:720px){\n            .tabla-proyectos-flex,.tabla-proyectos-flex thead,.tabla-proyectos-flex tbody,.tabla-proyectos-flex th,.tabla-proyectos-flex td,.tabla-proyectos-flex tr{display:block;}\n            .tabla-proyectos-flex thead tr{display:none;}\n            .tabla-proyectos-flex tr{margin-bottom:20px;border:1px solid #ddd;border-radius:10px;background:white !important;}\n            .tabla-proyectos-flex td{border:none;position:relative;padding-left:50%;text-align:right;}\n            .tabla-proyectos-flex td::before{content:attr(data-label);position:absolute;left:15px;width:45%;font-weight:600;color:#49ab4c;text-align:left;}\n        }\n    <\/style>\n\n    <table class=\"tabla-proyectos-flex\">\n        <thead>\n            <tr>\n                                    <th>T\u00edtulo<\/th>\n                                    <th>Tipo proyecto<\/th>\n                                    <th>Director\/es<\/th>\n                                    <th>Codirector\/es<\/th>\n                                    <th>Vigente hasta<\/th>\n                            <\/tr>\n        <\/thead>\n        <tbody>\n                            <tr>\n                                            <td data-label=\"T\u00edtulo\">\n                            <a href=\"http:\/\/www.memoria.fahce.unlp.edu.ar\/library?a=d&#038;c=proyecto&#038;d=Jpy1263\" target=\"_blank\" rel=\"noopener\">Conflictos ambientales en la provincia de Buenos Aires. Lineamientos desde la gesti\u00f3n ambiental y del riesgo (2000-2028)<\/a>                        <\/td>\n                                            <td data-label=\"tipo-proyecto\">\n                            PI+D                        <\/td>\n                                            <td data-label=\"Director\/es\">\n                            Botana, Maria Ines                        <\/td>\n                                            <td data-label=\"Codirector\/es\">\n                            Perez Ballari, Andrea Anabel                        <\/td>\n                                            <td data-label=\"Vigente hasta\">\n                            <strong style=\"color:#49ab4c;\">31 de diciembre de 2028<\/strong>                        <\/td>\n                                    <\/tr>\n                            <tr>\n                                            <td data-label=\"T\u00edtulo\">\n                            <a href=\"http:\/\/www.memoria.fahce.unlp.edu.ar\/library?a=d&#038;c=proyecto&#038;d=Jpy1317\" target=\"_blank\" rel=\"noopener\">Geograf\u00edas del Sur Global desde puentes epistemol\u00f3gicos. Campos emergentes, decolonialidad y territorio<\/a>                        <\/td>\n                                            <td data-label=\"tipo-proyecto\">\n                            PI+D                        <\/td>\n                                            <td data-label=\"Director\/es\">\n                            Margueliche, Juan Cruz                        <\/td>\n                                            <td data-label=\"Codirector\/es\">\n                            Fedele, Marcela                        <\/td>\n                                            <td data-label=\"Vigente hasta\">\n                            <strong style=\"color:#49ab4c;\">31 de diciembre de 2028<\/strong>                        <\/td>\n                                    <\/tr>\n                            <tr>\n                                            <td data-label=\"T\u00edtulo\">\n                            <a href=\"http:\/\/www.memoria.fahce.unlp.edu.ar\/library?a=d&#038;c=proyecto&#038;d=Jpy1321\" target=\"_blank\" rel=\"noopener\">Territorio y mercantilizaci\u00f3n de la naturaleza en Argentina: conflictos, experiencias alternativas y educaci\u00f3n ambiental. Aportes desde la Ecolog\u00eda Pol\u00edtica Latinoamericana<\/a>                        <\/td>\n                                            <td data-label=\"tipo-proyecto\">\n                            PI+D                        <\/td>\n                                            <td data-label=\"Director\/es\">\n                            Pohl Schnake, Ver\u00f3nica                         <\/td>\n                                            <td data-label=\"Codirector\/es\">\n                            Sarmiento, Julio                        <\/td>\n                                            <td data-label=\"Vigente hasta\">\n                            <strong style=\"color:#49ab4c;\">31 de diciembre de 2028<\/strong>                        <\/td>\n                                    <\/tr>\n                            <tr>\n                                            <td data-label=\"T\u00edtulo\">\n                            <a href=\"http:\/\/www.memoria.fahce.unlp.edu.ar\/library?a=d&#038;c=proyecto&#038;d=Jpy1209\" target=\"_blank\" rel=\"noopener\">Transformaciones territoriales de los puertos estuariales de Buenos Aires a partir de la reconversi\u00f3n portuaria de la d\u00e9cada de los 90. El caso del Puerto La Plata y su hinterland<\/a>                        <\/td>\n                                            <td data-label=\"tipo-proyecto\">\n                            PI+D                        <\/td>\n                                            <td data-label=\"Director\/es\">\n                            Carut, Claudia Beatriz                        <\/td>\n                                            <td data-label=\"Codirector\/es\">\n                            D&#039;Amico, Gabriela                        <\/td>\n                                            <td data-label=\"Vigente hasta\">\n                            <strong style=\"color:#49ab4c;\">31 de diciembre de 2027<\/strong>                        <\/td>\n                                    <\/tr>\n                            <tr>\n                                            <td data-label=\"T\u00edtulo\">\n                            <a href=\"http:\/\/www.memoria.fahce.unlp.edu.ar\/library?a=d&#038;c=proyecto&#038;d=Jpy1211\" target=\"_blank\" rel=\"noopener\">El territorio periurbano productivo platense en espacio de frontera (TPPP). Un estudio desde la complejidad, lo parcial y lo situado<\/a>                        <\/td>\n                                            <td data-label=\"tipo-proyecto\">\n                            PI+D                        <\/td>\n                                            <td data-label=\"Director\/es\">\n                            Nieto, Daniela Patricia                        <\/td>\n                                            <td data-label=\"Codirector\/es\">\n                            Rivas, Gabriel Atilio                        <\/td>\n                                            <td data-label=\"Vigente hasta\">\n                            <strong style=\"color:#49ab4c;\">31 de diciembre de 2027<\/strong>                        <\/td>\n                                    <\/tr>\n                            <tr>\n                                            <td data-label=\"T\u00edtulo\">\n                            <a href=\"http:\/\/www.memoria.fahce.unlp.edu.ar\/library?a=d&#038;c=proyecto&#038;d=Jpy1216\" target=\"_blank\" rel=\"noopener\">Territorio y producci\u00f3n. Estudio de la econom\u00eda mixta del Gran La Plata<\/a>                        <\/td>\n                                            <td data-label=\"tipo-proyecto\">\n                            PI+D                        <\/td>\n                                            <td data-label=\"Director\/es\">\n                            Adriani, H\u00e9ctor Luis                        <\/td>\n                                            <td data-label=\"Codirector\/es\">\n                            Varesi, Gast\u00f3n                        <\/td>\n                                            <td data-label=\"Vigente hasta\">\n                            <strong style=\"color:#49ab4c;\">31 de diciembre de 2027<\/strong>                        <\/td>\n                                    <\/tr>\n                            <tr>\n                                            <td data-label=\"T\u00edtulo\">\n                            <a href=\"http:\/\/www.memoria.fahce.unlp.edu.ar\/library?a=d&#038;c=proyecto&#038;d=Jpy1126\" target=\"_blank\" rel=\"noopener\">La financiarizaci\u00f3n de la vida en el proyecto neodesarrollista actual y su impacto en los sectores populares. An\u00e1lisis en clave de clase, g\u00e9nero y territorio<\/a>                        <\/td>\n                                            <td data-label=\"tipo-proyecto\">\n                            PI+D                        <\/td>\n                                            <td data-label=\"Director\/es\">\n                            F\u00e9liz, Mariano                        <\/td>\n                                            <td data-label=\"Codirector\/es\">\n                            \u2014                        <\/td>\n                                            <td data-label=\"Vigente hasta\">\n                            <strong style=\"color:#49ab4c;\">31 de diciembre de 2026<\/strong>                        <\/td>\n                                    <\/tr>\n                            <tr>\n                                            <td data-label=\"T\u00edtulo\">\n                            <a href=\"http:\/\/www.memoria.fahce.unlp.edu.ar\/library?a=d&#038;c=proyecto&#038;d=Jpy1162\" target=\"_blank\" rel=\"noopener\">Industria, energ\u00eda y territorio. Estudios de caso de sectores estrat\u00e9gicos en Argentina<\/a>                        <\/td>\n                                            <td data-label=\"tipo-proyecto\">\n                            PI+D                        <\/td>\n                                            <td data-label=\"Director\/es\">\n                            Langard, Federico                        <\/td>\n                                            <td data-label=\"Codirector\/es\">\n                            Arturi, Diego Jos\u00e9                        <\/td>\n                                            <td data-label=\"Vigente hasta\">\n                            <strong style=\"color:#49ab4c;\">31 de diciembre de 2026<\/strong>                        <\/td>\n                                    <\/tr>\n                            <tr>\n                                            <td data-label=\"T\u00edtulo\">\n                            <a href=\"http:\/\/www.memoria.fahce.unlp.edu.ar\/library?a=d&#038;c=proyecto&#038;d=Jpy1251\" target=\"_blank\" rel=\"noopener\">An\u00e1lisis de la expansi\u00f3n perif\u00e9rica para usos residenciales en La Plata, provincia de Buenos Aires: tipos socio-residenciales predominantes, sus din\u00e1micas e impactos socioterritoriales<\/a>                        <\/td>\n                                            <td data-label=\"tipo-proyecto\">\n                            PI+D                        <\/td>\n                                            <td data-label=\"Director\/es\">\n                            Torres, Fernanda Valeria                        <\/td>\n                                            <td data-label=\"Codirector\/es\">\n                            \u2014                        <\/td>\n                                            <td data-label=\"Vigente hasta\">\n                            <strong style=\"color:#49ab4c;\">31 de diciembre de 2026<\/strong>                        <\/td>\n                                    <\/tr>\n                    <\/tbody>\n    <\/table>\n\n    \n\n\n<p><\/p>\n","protected":false},"excerpt":{"rendered":"","protected":false},"author":2,"featured_media":176,"parent":0,"menu_order":0,"comment_status":"closed","ping_status":"closed","template":"page-ui.php","meta":{"_themeisle_gutenberg_block_has_review":false,"footnotes":""},"class_list":["post-189","page","type-page","status-publish","has-post-thumbnail","hentry"],"acf":[],"rttpg_featured_image_url":{"full":["https:\/\/idihcs.fahce.unlp.edu.ar\/cig\/wp-content\/uploads\/sites\/13\/2018\/06\/banner-cig.jpg",696,81,false],"landscape":["https:\/\/idihcs.fahce.unlp.edu.ar\/cig\/wp-content\/uploads\/sites\/13\/2018\/06\/banner-cig.jpg",696,81,false],"portraits":["https:\/\/idihcs.fahce.unlp.edu.ar\/cig\/wp-content\/uploads\/sites\/13\/2018\/06\/banner-cig.jpg",696,81,false],"thumbnail":["https:\/\/idihcs.fahce.unlp.edu.ar\/cig\/wp-content\/uploads\/sites\/13\/2018\/06\/banner-cig-150x81.jpg",150,81,true],"medium":["https:\/\/idihcs.fahce.unlp.edu.ar\/cig\/wp-content\/uploads\/sites\/13\/2018\/06\/banner-cig-300x35.jpg",300,35,true],"large":["https:\/\/idihcs.fahce.unlp.edu.ar\/cig\/wp-content\/uploads\/sites\/13\/2018\/06\/banner-cig.jpg",696,81,false],"1536x1536":["https:\/\/idihcs.fahce.unlp.edu.ar\/cig\/wp-content\/uploads\/sites\/13\/2018\/06\/banner-cig.jpg",696,81,false],"2048x2048":["https:\/\/idihcs.fahce.unlp.edu.ar\/cig\/wp-content\/uploads\/sites\/13\/2018\/06\/banner-cig.jpg",696,81,false],"td_80x60":["https:\/\/idihcs.fahce.unlp.edu.ar\/cig\/wp-content\/uploads\/sites\/13\/2018\/06\/banner-cig-80x60.jpg",80,60,true],"td_100x70":["https:\/\/idihcs.fahce.unlp.edu.ar\/cig\/wp-content\/uploads\/sites\/13\/2018\/06\/banner-cig-100x70.jpg",100,70,true],"td_218x150":["https:\/\/idihcs.fahce.unlp.edu.ar\/cig\/wp-content\/uploads\/sites\/13\/2018\/06\/banner-cig-218x81.jpg",218,81,true],"td_265x198":["https:\/\/idihcs.fahce.unlp.edu.ar\/cig\/wp-content\/uploads\/sites\/13\/2018\/06\/banner-cig-265x81.jpg",265,81,true],"td_324x160":["https:\/\/idihcs.fahce.unlp.edu.ar\/cig\/wp-content\/uploads\/sites\/13\/2018\/06\/banner-cig-324x81.jpg",324,81,true],"td_324x235":["https:\/\/idihcs.fahce.unlp.edu.ar\/cig\/wp-content\/uploads\/sites\/13\/2018\/06\/banner-cig-324x81.jpg",324,81,true],"td_324x400":["https:\/\/idihcs.fahce.unlp.edu.ar\/cig\/wp-content\/uploads\/sites\/13\/2018\/06\/banner-cig-324x81.jpg",324,81,true],"td_356x220":["https:\/\/idihcs.fahce.unlp.edu.ar\/cig\/wp-content\/uploads\/sites\/13\/2018\/06\/banner-cig-356x81.jpg",356,81,true],"td_356x364":["https:\/\/idihcs.fahce.unlp.edu.ar\/cig\/wp-content\/uploads\/sites\/13\/2018\/06\/banner-cig-356x81.jpg",356,81,true],"td_485x360":["https:\/\/idihcs.fahce.unlp.edu.ar\/cig\/wp-content\/uploads\/sites\/13\/2018\/06\/banner-cig-485x81.jpg",485,81,true],"td_533x261":["https:\/\/idihcs.fahce.unlp.edu.ar\/cig\/wp-content\/uploads\/sites\/13\/2018\/06\/banner-cig-533x81.jpg",533,81,true],"td_534x462":["https:\/\/idihcs.fahce.unlp.edu.ar\/cig\/wp-content\/uploads\/sites\/13\/2018\/06\/banner-cig-534x81.jpg",534,81,true],"td_696x0":["https:\/\/idihcs.fahce.unlp.edu.ar\/cig\/wp-content\/uploads\/sites\/13\/2018\/06\/banner-cig-696x81.jpg",696,81,true],"td_696x385":["https:\/\/idihcs.fahce.unlp.edu.ar\/cig\/wp-content\/uploads\/sites\/13\/2018\/06\/banner-cig-696x81.jpg",696,81,true],"td_741x486":["https:\/\/idihcs.fahce.unlp.edu.ar\/cig\/wp-content\/uploads\/sites\/13\/2018\/06\/banner-cig.jpg",696,81,false],"td_1068x580":["https:\/\/idihcs.fahce.unlp.edu.ar\/cig\/wp-content\/uploads\/sites\/13\/2018\/06\/banner-cig.jpg",696,81,false],"td_1068x0":["https:\/\/idihcs.fahce.unlp.edu.ar\/cig\/wp-content\/uploads\/sites\/13\/2018\/06\/banner-cig.jpg",696,81,false],"td_0x420":["https:\/\/idihcs.fahce.unlp.edu.ar\/cig\/wp-content\/uploads\/sites\/13\/2018\/06\/banner-cig.jpg",696,81,false],"td_1920x0":["https:\/\/idihcs.fahce.unlp.edu.ar\/cig\/wp-content\/uploads\/sites\/13\/2018\/06\/banner-cig.jpg",696,81,false],"rt_custom":["https:\/\/idihcs.fahce.unlp.edu.ar\/cig\/wp-content\/uploads\/sites\/13\/2018\/06\/banner-cig.jpg",696,81,false]},"rttpg_author":{"display_name":"ggchicote","author_link":"https:\/\/idihcs.fahce.unlp.edu.ar\/cig\/author\/ggchicote\/"},"rttpg_comment":0,"rttpg_category":null,"rttpg_excerpt":null,"_links":{"self":[{"href":"https:\/\/idihcs.fahce.unlp.edu.ar\/cig\/wp-json\/wp\/v2\/pages\/189","targetHints":{"allow":["GET"]}}],"collection":[{"href":"https:\/\/idihcs.fahce.unlp.edu.ar\/cig\/wp-json\/wp\/v2\/pages"}],"about":[{"href":"https:\/\/idihcs.fahce.unlp.edu.ar\/cig\/wp-json\/wp\/v2\/types\/page"}],"author":[{"embeddable":true,"href":"https:\/\/idihcs.fahce.unlp.edu.ar\/cig\/wp-json\/wp\/v2\/users\/2"}],"replies":[{"embeddable":true,"href":"https:\/\/idihcs.fahce.unlp.edu.ar\/cig\/wp-json\/wp\/v2\/comments?post=189"}],"version-history":[{"count":6,"href":"https:\/\/idihcs.fahce.unlp.edu.ar\/cig\/wp-json\/wp\/v2\/pages\/189\/revisions"}],"predecessor-version":[{"id":1750,"href":"https:\/\/idihcs.fahce.unlp.edu.ar\/cig\/wp-json\/wp\/v2\/pages\/189\/revisions\/1750"}],"wp:featuredmedia":[{"embeddable":true,"href":"https:\/\/idihcs.fahce.unlp.edu.ar\/cig\/wp-json\/wp\/v2\/media\/176"}],"wp:attachment":[{"href":"https:\/\/idihcs.fahce.unlp.edu.ar\/cig\/wp-json\/wp\/v2\/media?parent=189"}],"curies":[{"name":"wp","href":"https:\/\/api.w.org\/{rel}","templated":true}]}}