{"id":1547,"date":"2025-05-27T12:02:07","date_gmt":"2025-05-27T15:02:07","guid":{"rendered":"https:\/\/idihcs.fahce.unlp.edu.ar\/cig\/?page_id=1547"},"modified":"2025-12-01T14:51:31","modified_gmt":"2025-12-01T17:51:31","slug":"geografias-desde-el-sur-2025","status":"publish","type":"page","link":"https:\/\/idihcs.fahce.unlp.edu.ar\/cig\/geografias-desde-el-sur-2025\/","title":{"rendered":"Geograf\u00edas desde el Sur &#8211; N\u00famero actual"},"content":{"rendered":"<p><img loading=\"lazy\" decoding=\"async\" class=\" wp-image-1225 alignleft\" src=\"https:\/\/idihcs.fahce.unlp.edu.ar\/cig\/wp-content\/uploads\/sites\/13\/2024\/08\/Boletin-geografias-desde-el-sur-300x179.jpg\" alt=\"\" width=\"352\" height=\"210\" srcset=\"https:\/\/idihcs.fahce.unlp.edu.ar\/cig\/wp-content\/uploads\/sites\/13\/2024\/08\/Boletin-geografias-desde-el-sur-300x179.jpg 300w, https:\/\/idihcs.fahce.unlp.edu.ar\/cig\/wp-content\/uploads\/sites\/13\/2024\/08\/Boletin-geografias-desde-el-sur.jpg 500w\" sizes=\"auto, (max-width: 352px) 100vw, 352px\" \/><\/p>\n<p><strong><a href=\"https:\/\/idihcs.fahce.unlp.edu.ar\/cig\/wp-content\/uploads\/sites\/13\/2025\/11\/Convocatoria-2025-Boletin-Geografias-desde-el-Sur-No-13.docx\">Convocatoria para el Bolet\u00edn N\u00famero 13<\/a><\/strong><\/p>\n<p>Este n\u00famero 13 convoca producciones sobre tem\u00e1ticas abiertas que est\u00e9n trabajando los\/as investigadores\/as, integrantes y colaboradores\/as en el marco de los diferentes proyectos que se encuentran en el CIG.<\/p>\n<p><strong>Informaci\u00f3n y fechas importantes<\/strong><\/p>\n<p>Los trabajos se deber\u00e1n enviar a boletincig.fahce@gmail.com en un documento adjunto seg\u00fan la plantilla a tal efecto, nombrando el archivo con el primer apellido del\/la autor\/a. Ej:\u00a0Art\u00edculos L\u00f3pez.<\/p>\n<p><strong>Recepci\u00f3n de colaboraciones: Mediados de Febrero 2026<\/strong><br \/>\n<strong>Fecha de publicaci\u00f3n: Abril 2026<\/strong><\/p>\n<h2><strong><span style=\"color: #008000;\"><a style=\"color: #008000;\" href=\"https:\/\/idihcs.fahce.unlp.edu.ar\/cig\/wp-content\/uploads\/sites\/13\/2025\/08\/Nota-Editorial-nro-12-agosto-2025.pdf\">Nota Editorial Nro 12 | Agosto de 2025<\/a><\/span><\/strong><\/h2>\n<h3><span style=\"color: #008000;\">Dossier &#8220;Cambios sociopol\u00edticos y sus impactos en el territorio. Una mirada a partir de la coyuntura&#8221; Parte II \u201cContinuando la conversaci\u00f3n\u201d<\/span><\/h3>\n<p><strong><span style=\"color: #008000;\"><a style=\"color: #008000;\" href=\"https:\/\/idihcs.fahce.unlp.edu.ar\/cig\/wp-content\/uploads\/sites\/13\/2025\/08\/Dossier-Entrevista-Estela-Diaz.pdf\">-Entrevista a Estela Diaz. &#8220;Reflexiones sobre el embate actual hacia los derechos de las mujeres y LGTBI+ en Argentina y la regi\u00f3n, el fortalecimiento de la institucionalidad y la imprescindible articulaci\u00f3n de las luchas&#8221;<\/a><\/span><\/strong><span style=\"color: #008000;\"><a style=\"color: #008000;\" href=\"https:\/\/idihcs.fahce.unlp.edu.ar\/cig\/wp-content\/uploads\/sites\/13\/2025\/08\/Dossier-Entrevista-Estela-Diaz.pdf\">, por Demian Verduga<\/a><\/span><\/p>\n<p><strong><span style=\"color: #008000;\"><a style=\"color: #008000;\" href=\"https:\/\/idihcs.fahce.unlp.edu.ar\/cig\/wp-content\/uploads\/sites\/13\/2025\/06\/Boletin-CIG-Dossier-trabajos-Southwell-Ennis-1-9.pdf\">&#8211; Pol\u00edticas de desfinanciamiento de la producci\u00f3n de conocimiento. Notas de coyuntura<\/a><\/span><\/strong><span style=\"color: #008000;\"><a style=\"color: #008000;\" href=\"https:\/\/idihcs.fahce.unlp.edu.ar\/cig\/wp-content\/uploads\/sites\/13\/2025\/06\/Boletin-CIG-Dossier-trabajos-Southwell-Ennis-1-9.pdf\">, por Myriam Southwell y Juan A. Ennis<\/a><\/span><\/p>\n<p>&#8211;<strong><span style=\"color: #008000;\"><a style=\"color: #008000;\" href=\"https:\/\/idihcs.fahce.unlp.edu.ar\/cig\/wp-content\/uploads\/sites\/13\/2025\/06\/Dossier-Lo-dueno-de-la-tierra_Giuliano_Mignolo-1.pdf\">Lo due\u00f1o de la tierra: \u00bfC\u00f3mo llegamos hasta ac\u00e1? (colonialidad, subjetividad, territorialidad)<\/a><\/span><\/strong><span style=\"color: #008000;\"><a style=\"color: #008000;\" href=\"https:\/\/idihcs.fahce.unlp.edu.ar\/cig\/wp-content\/uploads\/sites\/13\/2025\/06\/Dossier-Lo-dueno-de-la-tierra_Giuliano_Mignolo-1.pdf\">, por Facundo Giuliano y Walter Mignolo<\/a><\/span><\/p>\n<p><strong><span style=\"color: #008000;\"><a style=\"color: #008000;\" href=\"https:\/\/idihcs.fahce.unlp.edu.ar\/cig\/wp-content\/uploads\/sites\/13\/2025\/06\/Blanco-y-Guzman-Dossier-Boletin-Geografias-desde-el-Sur.pdf\">-El transporte en la encrucijada. Contextos y l\u00f3gicas para pensar las actuales pol\u00edticas de transporte en Argentina<\/a><\/span><\/strong><span style=\"color: #008000;\"><a style=\"color: #008000;\" href=\"https:\/\/idihcs.fahce.unlp.edu.ar\/cig\/wp-content\/uploads\/sites\/13\/2025\/06\/Blanco-y-Guzman-Dossier-Boletin-Geografias-desde-el-Sur.pdf\">, por Jorge Blanco y Felipe Guzm\u00e1n Vallejo<\/a><\/span><\/p>\n<p><span style=\"color: #008000;\"><strong><a style=\"color: #008000;\" href=\"https:\/\/idihcs.fahce.unlp.edu.ar\/cig\/wp-content\/uploads\/sites\/13\/2025\/08\/Dossier-20-anos-Geograficando_Nieto.pdf\">-Geograficando, 20 a\u00f1os conectando ciencia y territorios. En \u00e9pocas de pol\u00edticas recesivas, sostenerla es nuestro deber<\/a><\/strong><a style=\"color: #008000;\" href=\"https:\/\/idihcs.fahce.unlp.edu.ar\/cig\/wp-content\/uploads\/sites\/13\/2025\/08\/Dossier-20-anos-Geograficando_Nieto.pdf\">, por Daniela Nieto<\/a><\/span><\/p>\n<p>&#8211;<strong><span style=\"color: #008000;\"><a style=\"color: #008000;\" href=\"https:\/\/idihcs.fahce.unlp.edu.ar\/cig\/wp-content\/uploads\/sites\/13\/2025\/07\/Dossier-JORNADAS-NACIONALES-CARTOGRAFIANDO-EL-AJUSTE.pdf\">Jornadas Nacionales Cartografiando el ajuste. Un recorrido por las experiencias cartogr\u00e1ficas en Universidades P\u00fablicas de Argentina, por Brenda Daiana Sosa, Juan Manuel Diez Tetamanti y Marcelo Omar Farenga<\/a><\/span><\/strong><\/p>\n<p><span style=\"color: #008000;\"><strong><a style=\"color: #008000;\" href=\"https:\/\/idihcs.fahce.unlp.edu.ar\/cig\/wp-content\/uploads\/sites\/13\/2025\/07\/Dossier-Primeros-apuntes-sobre-la-politica-de-seguridad-_Oyhandy-German.pdf\">-Primeros apuntes sobre la pol\u00edtica de seguridad del gobierno de Javier Milei. Aportes y reflexiones a partir del trabajo del Observatorio de Pol\u00edticas de Seguridad de la provincia de Buenos Aires de la Facultad de Humanidades y Ciencias de la Educaci\u00f3n de la Universidad Nacional de La Plata, por Angela Oyhandy<\/a><\/strong><\/span><\/p>\n<p><span style=\"color: #008000;\"><strong><a style=\"color: #008000;\" href=\"https:\/\/idihcs.fahce.unlp.edu.ar\/cig\/wp-content\/uploads\/sites\/13\/2025\/07\/Dossier_Art_Astor_Massetti.pdf\">-Las cr\u00edas de cerbero: O sobre c\u00f3mo en las mutaciones del capitalismo se engendra la alzada ultraderechista<\/a><\/strong><a style=\"color: #008000;\" href=\"https:\/\/idihcs.fahce.unlp.edu.ar\/cig\/wp-content\/uploads\/sites\/13\/2025\/07\/Dossier_Art_Astor_Massetti.pdf\">, por Astor Massetti<\/a><\/span><\/p>\n<p><strong><span style=\"color: #008000;\"><a style=\"color: #008000;\" href=\"https:\/\/idihcs.fahce.unlp.edu.ar\/cig\/wp-content\/uploads\/sites\/13\/2025\/06\/Dossier-trabajosRIMA.pdf\">-Extractivismo y acumulaci\u00f3n por despojo: una caracterizaci\u00f3n a trav\u00e9s de leyes<\/a><\/span><\/strong><span style=\"color: #008000;\"><a style=\"color: #008000;\" href=\"https:\/\/idihcs.fahce.unlp.edu.ar\/cig\/wp-content\/uploads\/sites\/13\/2025\/06\/Dossier-trabajosRIMA.pdf\">, por Juan Carlos Rima<\/a><\/span><\/p>\n<p><strong><span style=\"color: #008000;\"><a style=\"color: #008000;\" href=\"https:\/\/idihcs.fahce.unlp.edu.ar\/cig\/wp-content\/uploads\/sites\/13\/2025\/06\/Articulos-Dossier-Frediani.pdf\">Loteos irregulares en el Partido de La Plata. El Estado, el mercado y la comunidad<\/a><\/span><\/strong><span style=\"color: #008000;\"><a style=\"color: #008000;\" href=\"https:\/\/idihcs.fahce.unlp.edu.ar\/cig\/wp-content\/uploads\/sites\/13\/2025\/06\/Articulos-Dossier-Frediani.pdf\">, por Frediani y Julieta C.<\/a><\/span><\/p>\n<p><strong><span style=\"color: #008000;\"><a style=\"color: #008000;\" href=\"https:\/\/idihcs.fahce.unlp.edu.ar\/cig\/wp-content\/uploads\/sites\/13\/2025\/06\/Art-Dossier-Cirio_Aversa_Barrionuevo_Estrada.pdf\">-De la norma a la acci\u00f3n. Aprendizajes y deudas de la Ley 14449 para transformar el h\u00e1bitat bonaerense<\/a><\/span><\/strong><span style=\"color: #008000;\"><a style=\"color: #008000;\" href=\"https:\/\/idihcs.fahce.unlp.edu.ar\/cig\/wp-content\/uploads\/sites\/13\/2025\/06\/Art-Dossier-Cirio_Aversa_Barrionuevo_Estrada.pdf\">, por <\/a><a style=\"color: #008000;\" href=\"https:\/\/idihcs.fahce.unlp.edu.ar\/cig\/wp-content\/uploads\/sites\/13\/2025\/06\/Art-Dossier-Cirio_Aversa_Barrionuevo_Estrada.pdf\">Gast\u00f3n Walter<\/a> Cirio; <a style=\"color: #008000;\" href=\"https:\/\/idihcs.fahce.unlp.edu.ar\/cig\/wp-content\/uploads\/sites\/13\/2025\/06\/Art-Dossier-Cirio_Aversa_Barrionuevo_Estrada.pdf\">Maria Marta<\/a> Aversa; <a style=\"color: #008000;\" href=\"https:\/\/idihcs.fahce.unlp.edu.ar\/cig\/wp-content\/uploads\/sites\/13\/2025\/06\/Art-Dossier-Cirio_Aversa_Barrionuevo_Estrada.pdf\">Cintia Anal\u00eda <\/a> Barrionuevo y <a style=\"color: #008000;\" href=\"https:\/\/idihcs.fahce.unlp.edu.ar\/cig\/wp-content\/uploads\/sites\/13\/2025\/06\/Art-Dossier-Cirio_Aversa_Barrionuevo_Estrada.pdf\">Tom\u00e1s<\/a> Estrada,<\/span><\/p>\n<p><span style=\"color: #008000;\"><a style=\"color: #008000;\" href=\"https:\/\/idihcs.fahce.unlp.edu.ar\/cig\/wp-content\/uploads\/sites\/13\/2025\/08\/Dossier-Articulo-La-ciudad-de-Milei_Del-Rio.pdf\"><strong>-La ciudad de Milei. El tr\u00e1nsito de imaginario libertario a una materialidad urbana m\u00e1s injusta,<\/strong> por Juan Pablo del R\u00edo.<\/a><\/span><\/p>\n<p><span style=\"color: #008000;\"><strong><a style=\"color: #008000;\" href=\"https:\/\/idihcs.fahce.unlp.edu.ar\/cig\/wp-content\/uploads\/sites\/13\/2025\/08\/Dossier_Articulo_Desregulacion-turistica-en-parques-nacionales-Ponzi-.pdf\">-Desregulaci\u00f3n tur\u00edstica en parques nacionales. Reflexiones de las territorialidades en tensi\u00f3n y las pol\u00edticas de des-conservaci\u00f3n<\/a><\/strong><a style=\"color: #008000;\" href=\"https:\/\/idihcs.fahce.unlp.edu.ar\/cig\/wp-content\/uploads\/sites\/13\/2025\/08\/Dossier_Articulo_Desregulacion-turistica-en-parques-nacionales-Ponzi-.pdf\">, por Brenda Ponzi<\/a><\/span><\/p>\n<h2><strong><span style=\"color: #ff0000;\">Art\u00edculos<\/span><\/strong><\/h2>\n<p><strong><span style=\"color: #ff0000;\"><a style=\"color: #ff0000;\" href=\"https:\/\/idihcs.fahce.unlp.edu.ar\/cig\/wp-content\/uploads\/sites\/13\/2025\/08\/Articulo-Boletin_Los-movimientos-feministas-disputando-poder_Frettes-Mari.pdf\">-Los movimientos feministas disputando poder: una respuesta pol\u00edtica en el espacio p\u00fablico argentino ante un Gobierno nacional conservador<\/a><\/span><\/strong><span style=\"color: #ff0000;\"><a style=\"color: #ff0000;\" href=\"https:\/\/idihcs.fahce.unlp.edu.ar\/cig\/wp-content\/uploads\/sites\/13\/2025\/08\/Articulo-Boletin_Los-movimientos-feministas-disputando-poder_Frettes-Mari.pdf\">, por Daiana Frettes Arr\u00faa y Micaela Mari<\/a><\/span><\/p>\n<p><span style=\"color: #ff0000;\"><strong><a style=\"color: #ff0000;\" href=\"https:\/\/idihcs.fahce.unlp.edu.ar\/cig\/wp-content\/uploads\/sites\/13\/2025\/06\/Boletin-Dambra-y-Langard-GD.pdf\">Vinculaci\u00f3n entre instituciones para la industrializaci\u00f3n del litio en La Plata<\/a><\/strong><a style=\"color: #ff0000;\" href=\"https:\/\/idihcs.fahce.unlp.edu.ar\/cig\/wp-content\/uploads\/sites\/13\/2025\/06\/Boletin-Dambra-y-Langard-GD.pdf\">, por Dambra, Gabriela Anah\u00ed y Langard, Federico<\/a><\/span><\/p>\n<p><span style=\"color: #ff0000;\"><strong><a style=\"color: #ff0000;\" href=\"https:\/\/idihcs.fahce.unlp.edu.ar\/cig\/wp-content\/uploads\/sites\/13\/2025\/06\/Art_Boletin-Maria-Jose-Rodriguez.pdf\">Semillas Nativas. Estado, empresas extractivas y acciones colectivas: Lo que esconde la Reserva de Vida Silvestre Urugua-\u00ed, Misiones<\/a><\/strong><a style=\"color: #ff0000;\" href=\"https:\/\/idihcs.fahce.unlp.edu.ar\/cig\/wp-content\/uploads\/sites\/13\/2025\/06\/Art_Boletin-Maria-Jose-Rodriguez.pdf\">, por Mar\u00eda Jos\u00e9 Rodr\u00edguez Carrera<\/a><\/span><\/p>\n<p><span style=\"color: #ff0000;\"><strong><a style=\"color: #ff0000;\" href=\"https:\/\/idihcs.fahce.unlp.edu.ar\/cig\/wp-content\/uploads\/sites\/13\/2025\/08\/Boletin_La-Cuestion-Malvinas-en-la-era-Milei_Cisilino-Bilmes-y-Patronelli_.pdf\">-La Cuesti\u00f3n Malvinas en la era Milei: declinaci\u00f3n de la soberan\u00eda y avance brit\u00e1nico-estadounidense, por Juan Cisilino, Juli\u00e1n Bilmes e Hilario Patronelli<\/a><\/strong><\/span><\/p>\n<p><span style=\"color: #ff0000;\">&#8211;<a style=\"color: #ff0000;\" href=\"https:\/\/idihcs.fahce.unlp.edu.ar\/cig\/wp-content\/uploads\/sites\/13\/2025\/07\/Boletin-Envejecimiento-poblacional_BilmesCastagneda.pdf\"><strong>Envejecimiento poblacional mundial: debate global y an\u00e1lisis del caso argentino,<\/strong> por Solange Casta\u00f1eda y Juli\u00e1n Bilmes<\/a><\/span><\/p>\n<h2><span style=\"color: #ff9900;\"><strong>Otras secciones\u00a0<\/strong><\/span><\/h2>\n<p><span style=\"color: #ff9900;\"><strong><a style=\"color: #ff9900;\" href=\"https:\/\/idihcs.fahce.unlp.edu.ar\/cig\/wp-content\/uploads\/sites\/13\/2025\/08\/Biopreparados-Boletin_compressed.pdf\">-Los biopreparados, otra herramienta para la soberan\u00eda alimentaria desfinanciada en la era Milei<\/a><\/strong><a style=\"color: #ff9900;\" href=\"https:\/\/idihcs.fahce.unlp.edu.ar\/cig\/wp-content\/uploads\/sites\/13\/2025\/08\/Biopreparados-Boletin_compressed.pdf\">, por Roc\u00edo C. Ennis, Rocio A. Diaz, y C\u00e9sar Sanchez<\/a><\/span><\/p>\n<p><span style=\"color: #ff9900;\"><strong><a style=\"color: #ff9900;\" href=\"https:\/\/idihcs.fahce.unlp.edu.ar\/cig\/wp-content\/uploads\/sites\/13\/2025\/06\/Botana-Maraggi-y-Pohl-Schnake-Resena-del-seminario-interno.pdf\">Seminario Interno \u201cConflictos, pol\u00edticas y gesti\u00f3n ambiental. Di\u00e1logos entre proyectos de investigaci\u00f3n\u201d con la participaci\u00f3n de la Dra. Claudia Cirelli y el Dr. Patrice Mel\u00e9 de la Universidad de Tours, Francia, por Mar\u00eda In\u00e9s Botana, In\u00e9s Maraggi y Ver\u00f3nica Pohl Schnake<\/a><\/strong><\/span><\/p>\n<p><span style=\"color: #ff9900;\"><strong>&#8211;<a style=\"color: #ff9900;\" href=\"https:\/\/idihcs.fahce.unlp.edu.ar\/cig\/wp-content\/uploads\/sites\/13\/2025\/07\/Boletin_Entrevista-PIP_Odoguardi-Suarez-.pdf\">Resistencias ante el agronegocio forestal en Misiones: Entrevista a Miriam Samudio, referente de Productores Independientes de Piray (PIP), por Lucrecia Odoguardi y Leonardo Alexander Suarez<\/a><\/strong><\/span><\/p>\n<p><span style=\"color: #ff9900;\"><strong><a style=\"color: #ff9900;\" href=\"https:\/\/idihcs.fahce.unlp.edu.ar\/cig\/wp-content\/uploads\/sites\/13\/2025\/08\/Boletin-Presentacion-de-libros_Pizarro-y-Hartlich.pdf\">&#8211; Presentaci\u00f3n de libros: David Pizarro (2024) y Ariel Hartlich (2024)<\/a><\/strong><a style=\"color: #ff9900;\" href=\"https:\/\/idihcs.fahce.unlp.edu.ar\/cig\/wp-content\/uploads\/sites\/13\/2025\/08\/Boletin-Presentacion-de-libros_Pizarro-y-Hartlich.pdf\">, por Hilario Patronelli y Juli\u00e1n Bilmes<\/a><\/span><\/p>\n<p><span style=\"color: #ff9900;\"><strong><a style=\"color: #ff9900;\" href=\"https:\/\/idihcs.fahce.unlp.edu.ar\/cig\/wp-content\/uploads\/sites\/13\/2025\/08\/Aguas-residuales-y-territorios-hidrosociales-en-Mendoza.-Entrevista-con-la-Dra.-en-Geografia-Maria-Virginia-Grosso-Cepparo.pdf\">-Aguas residuales y territorios hidrosociales en Mendoza. Entrevista con la Dra. en Geograf\u00eda Mar\u00eda Virginia Grosso Cepparo<\/a><\/strong><a style=\"color: #ff9900;\" href=\"https:\/\/idihcs.fahce.unlp.edu.ar\/cig\/wp-content\/uploads\/sites\/13\/2025\/08\/Aguas-residuales-y-territorios-hidrosociales-en-Mendoza.-Entrevista-con-la-Dra.-en-Geografia-Maria-Virginia-Grosso-Cepparo.pdf\">, por Malena Aguirre; Manuel Rosa; Mar\u00eda Victoria Braccia y Nicol\u00e1s Nelson Giordano<\/a><\/span><\/p>\n<p><span style=\"color: #ff9900;\"><strong><a style=\"color: #ff9900;\" href=\"https:\/\/idihcs.fahce.unlp.edu.ar\/cig\/wp-content\/uploads\/sites\/13\/2025\/06\/Boletin-NOTA-DE-OPINION.-Suarez-Odoguardi.pdf\">-La lucha por el acceso al agua en tiempos del agronegocio<\/a><\/strong><a style=\"color: #ff9900;\" href=\"https:\/\/idihcs.fahce.unlp.edu.ar\/cig\/wp-content\/uploads\/sites\/13\/2025\/06\/Boletin-NOTA-DE-OPINION.-Suarez-Odoguardi.pdf\">, por Leonardo Suarez y Lucrecia Odoguardi<\/a><\/span><\/p>\n<p><span style=\"color: #ff6600;\"><strong><span style=\"color: #ff9900;\"><a style=\"color: #ff9900;\" href=\"https:\/\/idihcs.fahce.unlp.edu.ar\/cig\/wp-content\/uploads\/sites\/13\/2025\/09\/Entrevista-becas-CIN-Boletin-parte_1_nuevo.pdf\">\u2013 Reflexiones estudiantiles respecto a la convocatoria y adjudicaci\u00f3n a las Becas de Est\u00edmulo a las Vocaciones Cient\u00edficas (2024). Entrevista realizada a los\/as estudiantes Ciro G\u00f3mez Raso, Ludmila Mart\u00ednez, Manuel Rosa y Tom\u00e1s Estrada. Santiago, Baez y Juan Cruz Margueliche<\/a><\/span><\/strong><\/span><\/p>\n<p><span style=\"color: #ff9900;\"><strong><a style=\"color: #ff9900;\" href=\"https:\/\/idihcs.fahce.unlp.edu.ar\/cig\/wp-content\/uploads\/sites\/13\/2025\/08\/Entrevista-becas-CIN-Boletin_parte_2.pdf\">&#8211; Reflexiones estudiantiles respecto a la convocatoria y adjudicaci\u00f3n a las Becas de Est\u00edmulo a las Vocaciones Cient\u00edficas (2024). Parte II Entrevista realizada a los estudiantes Giordano, Nicol\u00e1s y Arca, Santiago.<\/a><\/strong><a style=\"color: #ff9900;\" href=\"https:\/\/idihcs.fahce.unlp.edu.ar\/cig\/wp-content\/uploads\/sites\/13\/2025\/08\/Entrevista-becas-CIN-Boletin_parte_2.pdf\"> Santiago, Baez y Juan Cruz Margueliche<\/a><\/span><\/p>\n","protected":false},"excerpt":{"rendered":"<p>Convocatoria para el Bolet\u00edn N\u00famero 13 Este n\u00famero 13 convoca producciones sobre tem\u00e1ticas abiertas que est\u00e9n trabajando los\/as investigadores\/as, integrantes y colaboradores\/as en el marco de los diferentes proyectos que se encuentran en el CIG. Informaci\u00f3n y fechas importantes Los trabajos se deber\u00e1n enviar a boletincig.fahce@gmail.com en un documento adjunto seg\u00fan la plantilla a tal [&hellip;]<\/p>\n","protected":false},"author":21,"featured_media":176,"parent":0,"menu_order":0,"comment_status":"closed","ping_status":"closed","template":"page-ui.php","meta":{"_themeisle_gutenberg_block_has_review":false,"footnotes":""},"class_list":["post-1547","page","type-page","status-publish","has-post-thumbnail","hentry"],"acf":[],"rttpg_featured_image_url":{"full":["https:\/\/idihcs.fahce.unlp.edu.ar\/cig\/wp-content\/uploads\/sites\/13\/2018\/06\/banner-cig.jpg",696,81,false],"landscape":["https:\/\/idihcs.fahce.unlp.edu.ar\/cig\/wp-content\/uploads\/sites\/13\/2018\/06\/banner-cig.jpg",696,81,false],"portraits":["https:\/\/idihcs.fahce.unlp.edu.ar\/cig\/wp-content\/uploads\/sites\/13\/2018\/06\/banner-cig.jpg",696,81,false],"thumbnail":["https:\/\/idihcs.fahce.unlp.edu.ar\/cig\/wp-content\/uploads\/sites\/13\/2018\/06\/banner-cig-150x81.jpg",150,81,true],"medium":["https:\/\/idihcs.fahce.unlp.edu.ar\/cig\/wp-content\/uploads\/sites\/13\/2018\/06\/banner-cig-300x35.jpg",300,35,true],"large":["https:\/\/idihcs.fahce.unlp.edu.ar\/cig\/wp-content\/uploads\/sites\/13\/2018\/06\/banner-cig.jpg",696,81,false],"1536x1536":["https:\/\/idihcs.fahce.unlp.edu.ar\/cig\/wp-content\/uploads\/sites\/13\/2018\/06\/banner-cig.jpg",696,81,false],"2048x2048":["https:\/\/idihcs.fahce.unlp.edu.ar\/cig\/wp-content\/uploads\/sites\/13\/2018\/06\/banner-cig.jpg",696,81,false],"td_80x60":["https:\/\/idihcs.fahce.unlp.edu.ar\/cig\/wp-content\/uploads\/sites\/13\/2018\/06\/banner-cig-80x60.jpg",80,60,true],"td_100x70":["https:\/\/idihcs.fahce.unlp.edu.ar\/cig\/wp-content\/uploads\/sites\/13\/2018\/06\/banner-cig-100x70.jpg",100,70,true],"td_218x150":["https:\/\/idihcs.fahce.unlp.edu.ar\/cig\/wp-content\/uploads\/sites\/13\/2018\/06\/banner-cig-218x81.jpg",218,81,true],"td_265x198":["https:\/\/idihcs.fahce.unlp.edu.ar\/cig\/wp-content\/uploads\/sites\/13\/2018\/06\/banner-cig-265x81.jpg",265,81,true],"td_324x160":["https:\/\/idihcs.fahce.unlp.edu.ar\/cig\/wp-content\/uploads\/sites\/13\/2018\/06\/banner-cig-324x81.jpg",324,81,true],"td_324x235":["https:\/\/idihcs.fahce.unlp.edu.ar\/cig\/wp-content\/uploads\/sites\/13\/2018\/06\/banner-cig-324x81.jpg",324,81,true],"td_324x400":["https:\/\/idihcs.fahce.unlp.edu.ar\/cig\/wp-content\/uploads\/sites\/13\/2018\/06\/banner-cig-324x81.jpg",324,81,true],"td_356x220":["https:\/\/idihcs.fahce.unlp.edu.ar\/cig\/wp-content\/uploads\/sites\/13\/2018\/06\/banner-cig-356x81.jpg",356,81,true],"td_356x364":["https:\/\/idihcs.fahce.unlp.edu.ar\/cig\/wp-content\/uploads\/sites\/13\/2018\/06\/banner-cig-356x81.jpg",356,81,true],"td_485x360":["https:\/\/idihcs.fahce.unlp.edu.ar\/cig\/wp-content\/uploads\/sites\/13\/2018\/06\/banner-cig-485x81.jpg",485,81,true],"td_533x261":["https:\/\/idihcs.fahce.unlp.edu.ar\/cig\/wp-content\/uploads\/sites\/13\/2018\/06\/banner-cig-533x81.jpg",533,81,true],"td_534x462":["https:\/\/idihcs.fahce.unlp.edu.ar\/cig\/wp-content\/uploads\/sites\/13\/2018\/06\/banner-cig-534x81.jpg",534,81,true],"td_696x0":["https:\/\/idihcs.fahce.unlp.edu.ar\/cig\/wp-content\/uploads\/sites\/13\/2018\/06\/banner-cig-696x81.jpg",696,81,true],"td_696x385":["https:\/\/idihcs.fahce.unlp.edu.ar\/cig\/wp-content\/uploads\/sites\/13\/2018\/06\/banner-cig-696x81.jpg",696,81,true],"td_741x486":["https:\/\/idihcs.fahce.unlp.edu.ar\/cig\/wp-content\/uploads\/sites\/13\/2018\/06\/banner-cig.jpg",696,81,false],"td_1068x580":["https:\/\/idihcs.fahce.unlp.edu.ar\/cig\/wp-content\/uploads\/sites\/13\/2018\/06\/banner-cig.jpg",696,81,false],"td_1068x0":["https:\/\/idihcs.fahce.unlp.edu.ar\/cig\/wp-content\/uploads\/sites\/13\/2018\/06\/banner-cig.jpg",696,81,false],"td_0x420":["https:\/\/idihcs.fahce.unlp.edu.ar\/cig\/wp-content\/uploads\/sites\/13\/2018\/06\/banner-cig.jpg",696,81,false],"td_1920x0":["https:\/\/idihcs.fahce.unlp.edu.ar\/cig\/wp-content\/uploads\/sites\/13\/2018\/06\/banner-cig.jpg",696,81,false],"rt_custom":["https:\/\/idihcs.fahce.unlp.edu.ar\/cig\/wp-content\/uploads\/sites\/13\/2018\/06\/banner-cig.jpg",696,81,false]},"rttpg_author":{"display_name":"psalguero","author_link":"https:\/\/idihcs.fahce.unlp.edu.ar\/cig\/author\/psalguero\/"},"rttpg_comment":0,"rttpg_category":null,"rttpg_excerpt":"Convocatoria para el Bolet\u00edn N\u00famero 13 Este n\u00famero 13 convoca producciones sobre tem\u00e1ticas abiertas que est\u00e9n trabajando los\/as investigadores\/as, integrantes y colaboradores\/as en el marco de los diferentes proyectos que se encuentran en el CIG. Informaci\u00f3n y fechas importantes Los trabajos se deber\u00e1n enviar a boletincig.fahce@gmail.com en un documento adjunto seg\u00fan la plantilla a tal&hellip;","_links":{"self":[{"href":"https:\/\/idihcs.fahce.unlp.edu.ar\/cig\/wp-json\/wp\/v2\/pages\/1547","targetHints":{"allow":["GET"]}}],"collection":[{"href":"https:\/\/idihcs.fahce.unlp.edu.ar\/cig\/wp-json\/wp\/v2\/pages"}],"about":[{"href":"https:\/\/idihcs.fahce.unlp.edu.ar\/cig\/wp-json\/wp\/v2\/types\/page"}],"author":[{"embeddable":true,"href":"https:\/\/idihcs.fahce.unlp.edu.ar\/cig\/wp-json\/wp\/v2\/users\/21"}],"replies":[{"embeddable":true,"href":"https:\/\/idihcs.fahce.unlp.edu.ar\/cig\/wp-json\/wp\/v2\/comments?post=1547"}],"version-history":[{"count":23,"href":"https:\/\/idihcs.fahce.unlp.edu.ar\/cig\/wp-json\/wp\/v2\/pages\/1547\/revisions"}],"predecessor-version":[{"id":1747,"href":"https:\/\/idihcs.fahce.unlp.edu.ar\/cig\/wp-json\/wp\/v2\/pages\/1547\/revisions\/1747"}],"wp:featuredmedia":[{"embeddable":true,"href":"https:\/\/idihcs.fahce.unlp.edu.ar\/cig\/wp-json\/wp\/v2\/media\/176"}],"wp:attachment":[{"href":"https:\/\/idihcs.fahce.unlp.edu.ar\/cig\/wp-json\/wp\/v2\/media?parent=1547"}],"curies":[{"name":"wp","href":"https:\/\/api.w.org\/{rel}","templated":true}]}}