{"id":98,"date":"2018-06-17T23:15:21","date_gmt":"2018-06-18T02:15:21","guid":{"rendered":"http:\/\/163.10.30.48\/~posgrado6\/wordpress\/clefi\/?page_id=98"},"modified":"2022-04-01T13:51:11","modified_gmt":"2022-04-01T16:51:11","slug":"presentacion","status":"publish","type":"page","link":"https:\/\/idihcs.fahce.unlp.edu.ar\/ciefi\/","title":{"rendered":"CIeFi &#8211; Presentaci\u00f3n"},"content":{"rendered":"<p>El proyecto de creaci\u00f3n de la Unidad de Investigaci\u00f3n denominada Centro<em> de Investigaciones en Filosof\u00eda<\/em>, <strong>CIeFI,<\/strong> fue impulsada por la comunidad filos\u00f3fica de la Facultad de Humanidades y Ciencias de la Educaci\u00f3n y apoyada por sus autoridades. En efecto, con dicho apoyo y la recomendaci\u00f3n del Instituto de Investigaciones en Humanidades y Ciencias Sociales \u2013 IdIHCS-FaHCE-UNLP-CONICET-, el Consejo Directivo de la FaHCE, presidido por el entonces Decano, Dr. An\u00edbal Viguera, aprob\u00f3 por unanimidad su creaci\u00f3n en la sesi\u00f3n del 28 de septiembre de 2016, tal como consta en la Res. 1692. Expte: 500-6075\/16. En Julio de 2017 se realizaron las elecciones reglamentarias a efectos de constituir la primera Comisi\u00f3n Directiva del CIeFI y posteriormente se designaron la Directora y la Co Directora del centro. M\u00e1s tarde, por Disposici\u00f3n R. Nro. 307, del 27 de septiembre del 2018, la Universidad Nacional de La Plata aprob\u00f3 tanto la creaci\u00f3n del CIeFI como la designaci\u00f3n de las autoridades propuestas. El Centro de Investigaciones en Filosof\u00eda qued\u00f3 as\u00ed plenamente constituido en la FaHCE-UNLP y ratificado en su doble pertenencia UNLP-CONICET dada su reconocida inserci\u00f3n en el IdIHCS.<\/p>\n<p>La creaci\u00f3n del Centro de Investigaciones en Filosof\u00eda ha respondido al manifiesto prop\u00f3sito de numerosos y destacados investigadores y docentes del \u00e1rea por fortalecer sus investigaciones generando un espacio com\u00fan y compartido para tales actividades. Las dependencias asignadas en el edificio del IdIHCS en el predio de nuestra facultad, han favorecido el encuentro de quienes integran los diversos equipos de investigaci\u00f3n, investigadores y docentes que se desempe\u00f1an en nuestra comunidad filos\u00f3fica originalmente pertenecientes al entorno del Departamento de Filosof\u00eda. El intercambio entre becarios, tesistas e investigadores formados y en formaci\u00f3n e integrantes de grupos de estudios, ha resultado fruct\u00edfero a juzgar por la creciente realizaci\u00f3n de eventos, encuentros y propuestas que se presentan en mutua colaboraci\u00f3n e intercambio de perspectivas \u2013incluyendo investigadores de diversas universidades nacionales y extranjeras.<\/p>\n<p>Los numerosos proyectos de investigaci\u00f3n radicados actualmente en nuestro centro est\u00e1n encuadrados mayoritariamente en la programaci\u00f3n cient\u00edfica de la Secretar\u00eda de Ciencia y T\u00e9cnica de la Universidad Nacional de La Plata, as\u00ed como tambi\u00e9n en la programaci\u00f3n de la Agencia Nacional de Promoci\u00f3n Cient\u00edfica y Tecnol\u00f3gica y la programaci\u00f3n del CONICET. Estos proyectos se vinculan con las c\u00e1tedras del Departamento de Filosof\u00eda, en sus diversas \u00e1reas y con la formaci\u00f3n de tesistas y becarios que cursan la Carrera del Doctorado en Filosof\u00eda de nuestra Facultad y graduados en general. Como necesaria pol\u00edtica de extensi\u00f3n se procuran las relaciones de cooperaci\u00f3n e intercambio de la investigaci\u00f3n disciplinaria e interdisciplinaria con los Institutos de Investigaci\u00f3n de las Universidades Nacionales, as\u00ed como con instituciones destacadas del \u00e1mbito internacional.<\/p>\n<p>Las comunicaciones cient\u00edficas para la difusi\u00f3n de las investigaciones se realizar\u00e1n por medio de la publicaci\u00f3n de la Revista de Filosof\u00eda de la FaHCE-UNLP, \u00f3rgano co editado, a partir del a\u00f1o 2022 (<em>nueva \u00e9poca<\/em>) por representantes del CIeFI, la Carrera del Doctorado en Filosof\u00eda (A) y el Departamento de Filosof\u00eda. Contando adem\u00e1s con los servicios del \u00e1rea de publicaciones de nuestra facultad para la publicaci\u00f3n de Actas Acad\u00e9micas y libros, siempre que cumplan con las normativas vigentes.<\/p>\n","protected":false},"excerpt":{"rendered":"<p>El proyecto de creaci\u00f3n de la Unidad de Investigaci\u00f3n denominada Centro de Investigaciones en Filosof\u00eda, CIeFI, fue impulsada por la comunidad filos\u00f3fica de la Facultad de Humanidades y Ciencias de la Educaci\u00f3n y apoyada por sus autoridades. En efecto, con dicho apoyo y la recomendaci\u00f3n del Instituto de Investigaciones en Humanidades y Ciencias Sociales \u2013 [&hellip;]<\/p>\n","protected":false},"author":2,"featured_media":183,"parent":0,"menu_order":0,"comment_status":"closed","ping_status":"closed","template":"page-ui.php","meta":{"_themeisle_gutenberg_block_has_review":false,"footnotes":""},"class_list":["post-98","page","type-page","status-publish","has-post-thumbnail","hentry"],"acf":[],"rttpg_featured_image_url":{"full":["https:\/\/idihcs.fahce.unlp.edu.ar\/ciefi\/wp-content\/uploads\/sites\/12\/2018\/06\/banner-clefi.jpg",696,81,false],"landscape":["https:\/\/idihcs.fahce.unlp.edu.ar\/ciefi\/wp-content\/uploads\/sites\/12\/2018\/06\/banner-clefi.jpg",696,81,false],"portraits":["https:\/\/idihcs.fahce.unlp.edu.ar\/ciefi\/wp-content\/uploads\/sites\/12\/2018\/06\/banner-clefi.jpg",696,81,false],"thumbnail":["https:\/\/idihcs.fahce.unlp.edu.ar\/ciefi\/wp-content\/uploads\/sites\/12\/2018\/06\/banner-clefi-150x81.jpg",150,81,true],"medium":["https:\/\/idihcs.fahce.unlp.edu.ar\/ciefi\/wp-content\/uploads\/sites\/12\/2018\/06\/banner-clefi-300x35.jpg",300,35,true],"large":["https:\/\/idihcs.fahce.unlp.edu.ar\/ciefi\/wp-content\/uploads\/sites\/12\/2018\/06\/banner-clefi.jpg",696,81,false],"1536x1536":["https:\/\/idihcs.fahce.unlp.edu.ar\/ciefi\/wp-content\/uploads\/sites\/12\/2018\/06\/banner-clefi.jpg",696,81,false],"2048x2048":["https:\/\/idihcs.fahce.unlp.edu.ar\/ciefi\/wp-content\/uploads\/sites\/12\/2018\/06\/banner-clefi.jpg",696,81,false],"td_80x60":["https:\/\/idihcs.fahce.unlp.edu.ar\/ciefi\/wp-content\/uploads\/sites\/12\/2018\/06\/banner-clefi-80x60.jpg",80,60,true],"td_100x70":["https:\/\/idihcs.fahce.unlp.edu.ar\/ciefi\/wp-content\/uploads\/sites\/12\/2018\/06\/banner-clefi-100x70.jpg",100,70,true],"td_218x150":["https:\/\/idihcs.fahce.unlp.edu.ar\/ciefi\/wp-content\/uploads\/sites\/12\/2018\/06\/banner-clefi-218x81.jpg",218,81,true],"td_265x198":["https:\/\/idihcs.fahce.unlp.edu.ar\/ciefi\/wp-content\/uploads\/sites\/12\/2018\/06\/banner-clefi-265x81.jpg",265,81,true],"td_324x160":["https:\/\/idihcs.fahce.unlp.edu.ar\/ciefi\/wp-content\/uploads\/sites\/12\/2018\/06\/banner-clefi-324x81.jpg",324,81,true],"td_324x235":["https:\/\/idihcs.fahce.unlp.edu.ar\/ciefi\/wp-content\/uploads\/sites\/12\/2018\/06\/banner-clefi-324x81.jpg",324,81,true],"td_324x400":["https:\/\/idihcs.fahce.unlp.edu.ar\/ciefi\/wp-content\/uploads\/sites\/12\/2018\/06\/banner-clefi-324x81.jpg",324,81,true],"td_356x220":["https:\/\/idihcs.fahce.unlp.edu.ar\/ciefi\/wp-content\/uploads\/sites\/12\/2018\/06\/banner-clefi-356x81.jpg",356,81,true],"td_356x364":["https:\/\/idihcs.fahce.unlp.edu.ar\/ciefi\/wp-content\/uploads\/sites\/12\/2018\/06\/banner-clefi-356x81.jpg",356,81,true],"td_485x360":["https:\/\/idihcs.fahce.unlp.edu.ar\/ciefi\/wp-content\/uploads\/sites\/12\/2018\/06\/banner-clefi-485x81.jpg",485,81,true],"td_533x261":["https:\/\/idihcs.fahce.unlp.edu.ar\/ciefi\/wp-content\/uploads\/sites\/12\/2018\/06\/banner-clefi-533x81.jpg",533,81,true],"td_534x462":["https:\/\/idihcs.fahce.unlp.edu.ar\/ciefi\/wp-content\/uploads\/sites\/12\/2018\/06\/banner-clefi-534x81.jpg",534,81,true],"td_696x0":["https:\/\/idihcs.fahce.unlp.edu.ar\/ciefi\/wp-content\/uploads\/sites\/12\/2018\/06\/banner-clefi-696x81.jpg",696,81,true],"td_696x385":["https:\/\/idihcs.fahce.unlp.edu.ar\/ciefi\/wp-content\/uploads\/sites\/12\/2018\/06\/banner-clefi-696x81.jpg",696,81,true],"td_741x486":["https:\/\/idihcs.fahce.unlp.edu.ar\/ciefi\/wp-content\/uploads\/sites\/12\/2018\/06\/banner-clefi.jpg",696,81,false],"td_1068x580":["https:\/\/idihcs.fahce.unlp.edu.ar\/ciefi\/wp-content\/uploads\/sites\/12\/2018\/06\/banner-clefi.jpg",696,81,false],"td_1068x0":["https:\/\/idihcs.fahce.unlp.edu.ar\/ciefi\/wp-content\/uploads\/sites\/12\/2018\/06\/banner-clefi.jpg",696,81,false],"td_0x420":["https:\/\/idihcs.fahce.unlp.edu.ar\/ciefi\/wp-content\/uploads\/sites\/12\/2018\/06\/banner-clefi.jpg",696,81,false],"td_1920x0":["https:\/\/idihcs.fahce.unlp.edu.ar\/ciefi\/wp-content\/uploads\/sites\/12\/2018\/06\/banner-clefi.jpg",696,81,false],"rt_custom":["https:\/\/idihcs.fahce.unlp.edu.ar\/ciefi\/wp-content\/uploads\/sites\/12\/2018\/06\/banner-clefi.jpg",696,81,false]},"rttpg_author":{"display_name":"ggchicote","author_link":"https:\/\/idihcs.fahce.unlp.edu.ar\/ciefi\/author\/ggchicote\/"},"rttpg_comment":0,"rttpg_category":null,"rttpg_excerpt":"El proyecto de creaci\u00f3n de la Unidad de Investigaci\u00f3n denominada Centro de Investigaciones en Filosof\u00eda, CIeFI, fue impulsada por la comunidad filos\u00f3fica de la Facultad de Humanidades y Ciencias de la Educaci\u00f3n y apoyada por sus autoridades. En efecto, con dicho apoyo y la recomendaci\u00f3n del Instituto de Investigaciones en Humanidades y Ciencias Sociales \u2013&hellip;","_links":{"self":[{"href":"https:\/\/idihcs.fahce.unlp.edu.ar\/ciefi\/wp-json\/wp\/v2\/pages\/98","targetHints":{"allow":["GET"]}}],"collection":[{"href":"https:\/\/idihcs.fahce.unlp.edu.ar\/ciefi\/wp-json\/wp\/v2\/pages"}],"about":[{"href":"https:\/\/idihcs.fahce.unlp.edu.ar\/ciefi\/wp-json\/wp\/v2\/types\/page"}],"author":[{"embeddable":true,"href":"https:\/\/idihcs.fahce.unlp.edu.ar\/ciefi\/wp-json\/wp\/v2\/users\/2"}],"replies":[{"embeddable":true,"href":"https:\/\/idihcs.fahce.unlp.edu.ar\/ciefi\/wp-json\/wp\/v2\/comments?post=98"}],"version-history":[{"count":11,"href":"https:\/\/idihcs.fahce.unlp.edu.ar\/ciefi\/wp-json\/wp\/v2\/pages\/98\/revisions"}],"predecessor-version":[{"id":1324,"href":"https:\/\/idihcs.fahce.unlp.edu.ar\/ciefi\/wp-json\/wp\/v2\/pages\/98\/revisions\/1324"}],"wp:featuredmedia":[{"embeddable":true,"href":"https:\/\/idihcs.fahce.unlp.edu.ar\/ciefi\/wp-json\/wp\/v2\/media\/183"}],"wp:attachment":[{"href":"https:\/\/idihcs.fahce.unlp.edu.ar\/ciefi\/wp-json\/wp\/v2\/media?parent=98"}],"curies":[{"name":"wp","href":"https:\/\/api.w.org\/{rel}","templated":true}]}}