{"id":98,"date":"2018-06-17T23:15:21","date_gmt":"2018-06-18T02:15:21","guid":{"rendered":"http:\/\/163.10.30.48\/~posgrado6\/wordpress\/chaya\/?page_id=98"},"modified":"2018-11-05T16:03:18","modified_gmt":"2018-11-05T19:03:18","slug":"presentacion","status":"publish","type":"page","link":"https:\/\/idihcs.fahce.unlp.edu.ar\/chaya\/","title":{"rendered":"CHAyA &#8211; Presentaci\u00f3n"},"content":{"rendered":"<h5 id=\"parent-fieldname-description\" class=\"documentFirstHeading\">El <em>Centro de Historia Argentina y Americana (CHAyA)<\/em> es un emprendimiento de Docentes-Investigadores con lugar de trabajo y mayor dedicaci\u00f3n a la investigaci\u00f3n, en la <a href=\"http:\/\/www.fahce.unlp.edu.ar\/\">Facultad de Humanidades y Ciencias de la Educaci\u00f3n<\/a> de la UNLP. Los miembros fundantes consideran necesaria la consolidaci\u00f3n de un espacio de debate interdisciplinario y la generaci\u00f3n de un lugar\u00a0<span class=\"complete\">de trabajo que promueva la integraci\u00f3n entre los Docentes, Investigadores, Ayudantes, Becarios y Estudiantes.<\/span><\/h5>\n<h5>Para ello, el CHAyA persigue los siguientes\u00a0<strong>objetivos espec\u00edficos<\/strong>:<\/h5>\n<ul>\n<li>\n<h5>Propiciar el di\u00e1logo y debate cient\u00edfico entre sus investigadores a trav\u00e9s de la realizaci\u00f3n de reuniones acad\u00e9micas, cursos y otras actividades tanto de grado como de posgrado.<\/h5>\n<\/li>\n<li>\n<h5>Brindar lugar de trabajo a todo aquel docente, investigador, becario, tesista y becario de posgrado que lo solicite, cuyo tema estuviera relacionado a la especialidad del Centro.<\/h5>\n<\/li>\n<li>\n<h5>Contribuir a la formaci\u00f3n de investigadores cient\u00edficos mediante la direcci\u00f3n de becarios, tesistas y noveles investigadores.<\/h5>\n<\/li>\n<li>\n<h5>Promover la b\u00fasqueda de fuentes de financiamiento para el desarrollo de planes de investigaci\u00f3n, como as\u00ed tambi\u00e9n de divulgaci\u00f3n y extensi\u00f3n.<\/h5>\n<\/li>\n<li>\n<h5>Establecer lazos de intercambio cient\u00edfico acad\u00e9mico con instituciones afines al CHAyA, tanto nacionales como extranjeras.<\/h5>\n<\/li>\n<li>\n<h5>Sostener las publicaciones cient\u00edficas existentes y\/o crear nuevas, como \u00f3rganos de difusi\u00f3n y divulgaci\u00f3n de la producci\u00f3n tanto interna como externa al CHAyA.<\/h5>\n<\/li>\n<li>\n<h5>Formar recursos humanos permanentes por medio de la conformaci\u00f3n de los equipos de investigaci\u00f3n del CHAyA.<\/h5>\n<\/li>\n<\/ul>\n","protected":false},"excerpt":{"rendered":"<p>El Centro de Historia Argentina y Americana (CHAyA) es un emprendimiento de Docentes-Investigadores con lugar de trabajo y mayor dedicaci\u00f3n a la investigaci\u00f3n, en la Facultad de Humanidades y Ciencias de la Educaci\u00f3n de la UNLP. Los miembros fundantes consideran necesaria la consolidaci\u00f3n de un espacio de debate interdisciplinario y la generaci\u00f3n de un lugar\u00a0de [&hellip;]<\/p>\n","protected":false},"author":2,"featured_media":224,"parent":0,"menu_order":0,"comment_status":"closed","ping_status":"closed","template":"page-ui.php","meta":{"_themeisle_gutenberg_block_has_review":false,"footnotes":""},"class_list":["post-98","page","type-page","status-publish","has-post-thumbnail","hentry"],"acf":[],"rttpg_featured_image_url":{"full":["https:\/\/idihcs.fahce.unlp.edu.ar\/chaya\/wp-content\/uploads\/sites\/11\/2018\/06\/banner-chaya.jpg",696,81,false],"landscape":["https:\/\/idihcs.fahce.unlp.edu.ar\/chaya\/wp-content\/uploads\/sites\/11\/2018\/06\/banner-chaya.jpg",696,81,false],"portraits":["https:\/\/idihcs.fahce.unlp.edu.ar\/chaya\/wp-content\/uploads\/sites\/11\/2018\/06\/banner-chaya.jpg",696,81,false],"thumbnail":["https:\/\/idihcs.fahce.unlp.edu.ar\/chaya\/wp-content\/uploads\/sites\/11\/2018\/06\/banner-chaya-150x81.jpg",150,81,true],"medium":["https:\/\/idihcs.fahce.unlp.edu.ar\/chaya\/wp-content\/uploads\/sites\/11\/2018\/06\/banner-chaya-300x35.jpg",300,35,true],"large":["https:\/\/idihcs.fahce.unlp.edu.ar\/chaya\/wp-content\/uploads\/sites\/11\/2018\/06\/banner-chaya.jpg",696,81,false],"1536x1536":["https:\/\/idihcs.fahce.unlp.edu.ar\/chaya\/wp-content\/uploads\/sites\/11\/2018\/06\/banner-chaya.jpg",696,81,false],"2048x2048":["https:\/\/idihcs.fahce.unlp.edu.ar\/chaya\/wp-content\/uploads\/sites\/11\/2018\/06\/banner-chaya.jpg",696,81,false],"td_80x60":["https:\/\/idihcs.fahce.unlp.edu.ar\/chaya\/wp-content\/uploads\/sites\/11\/2018\/06\/banner-chaya-80x60.jpg",80,60,true],"td_100x70":["https:\/\/idihcs.fahce.unlp.edu.ar\/chaya\/wp-content\/uploads\/sites\/11\/2018\/06\/banner-chaya-100x70.jpg",100,70,true],"td_218x150":["https:\/\/idihcs.fahce.unlp.edu.ar\/chaya\/wp-content\/uploads\/sites\/11\/2018\/06\/banner-chaya-218x81.jpg",218,81,true],"td_265x198":["https:\/\/idihcs.fahce.unlp.edu.ar\/chaya\/wp-content\/uploads\/sites\/11\/2018\/06\/banner-chaya-265x81.jpg",265,81,true],"td_324x160":["https:\/\/idihcs.fahce.unlp.edu.ar\/chaya\/wp-content\/uploads\/sites\/11\/2018\/06\/banner-chaya-324x81.jpg",324,81,true],"td_324x235":["https:\/\/idihcs.fahce.unlp.edu.ar\/chaya\/wp-content\/uploads\/sites\/11\/2018\/06\/banner-chaya-324x81.jpg",324,81,true],"td_324x400":["https:\/\/idihcs.fahce.unlp.edu.ar\/chaya\/wp-content\/uploads\/sites\/11\/2018\/06\/banner-chaya-324x81.jpg",324,81,true],"td_356x220":["https:\/\/idihcs.fahce.unlp.edu.ar\/chaya\/wp-content\/uploads\/sites\/11\/2018\/06\/banner-chaya-356x81.jpg",356,81,true],"td_356x364":["https:\/\/idihcs.fahce.unlp.edu.ar\/chaya\/wp-content\/uploads\/sites\/11\/2018\/06\/banner-chaya-356x81.jpg",356,81,true],"td_485x360":["https:\/\/idihcs.fahce.unlp.edu.ar\/chaya\/wp-content\/uploads\/sites\/11\/2018\/06\/banner-chaya-485x81.jpg",485,81,true],"td_533x261":["https:\/\/idihcs.fahce.unlp.edu.ar\/chaya\/wp-content\/uploads\/sites\/11\/2018\/06\/banner-chaya-533x81.jpg",533,81,true],"td_534x462":["https:\/\/idihcs.fahce.unlp.edu.ar\/chaya\/wp-content\/uploads\/sites\/11\/2018\/06\/banner-chaya-534x81.jpg",534,81,true],"td_696x0":["https:\/\/idihcs.fahce.unlp.edu.ar\/chaya\/wp-content\/uploads\/sites\/11\/2018\/06\/banner-chaya-696x81.jpg",696,81,true],"td_696x385":["https:\/\/idihcs.fahce.unlp.edu.ar\/chaya\/wp-content\/uploads\/sites\/11\/2018\/06\/banner-chaya-696x81.jpg",696,81,true],"td_741x486":["https:\/\/idihcs.fahce.unlp.edu.ar\/chaya\/wp-content\/uploads\/sites\/11\/2018\/06\/banner-chaya.jpg",696,81,false],"td_1068x580":["https:\/\/idihcs.fahce.unlp.edu.ar\/chaya\/wp-content\/uploads\/sites\/11\/2018\/06\/banner-chaya.jpg",696,81,false],"td_1068x0":["https:\/\/idihcs.fahce.unlp.edu.ar\/chaya\/wp-content\/uploads\/sites\/11\/2018\/06\/banner-chaya.jpg",696,81,false],"td_0x420":["https:\/\/idihcs.fahce.unlp.edu.ar\/chaya\/wp-content\/uploads\/sites\/11\/2018\/06\/banner-chaya.jpg",696,81,false],"td_1920x0":["https:\/\/idihcs.fahce.unlp.edu.ar\/chaya\/wp-content\/uploads\/sites\/11\/2018\/06\/banner-chaya.jpg",696,81,false],"rt_custom":["https:\/\/idihcs.fahce.unlp.edu.ar\/chaya\/wp-content\/uploads\/sites\/11\/2018\/06\/banner-chaya.jpg",696,81,false]},"rttpg_author":{"display_name":"ggchicote","author_link":"https:\/\/idihcs.fahce.unlp.edu.ar\/chaya\/author\/ggchicote\/"},"rttpg_comment":0,"rttpg_category":null,"rttpg_excerpt":"El Centro de Historia Argentina y Americana (CHAyA) es un emprendimiento de Docentes-Investigadores con lugar de trabajo y mayor dedicaci\u00f3n a la investigaci\u00f3n, en la Facultad de Humanidades y Ciencias de la Educaci\u00f3n de la UNLP. Los miembros fundantes consideran necesaria la consolidaci\u00f3n de un espacio de debate interdisciplinario y la generaci\u00f3n de un lugar\u00a0de&hellip;","_links":{"self":[{"href":"https:\/\/idihcs.fahce.unlp.edu.ar\/chaya\/wp-json\/wp\/v2\/pages\/98","targetHints":{"allow":["GET"]}}],"collection":[{"href":"https:\/\/idihcs.fahce.unlp.edu.ar\/chaya\/wp-json\/wp\/v2\/pages"}],"about":[{"href":"https:\/\/idihcs.fahce.unlp.edu.ar\/chaya\/wp-json\/wp\/v2\/types\/page"}],"author":[{"embeddable":true,"href":"https:\/\/idihcs.fahce.unlp.edu.ar\/chaya\/wp-json\/wp\/v2\/users\/2"}],"replies":[{"embeddable":true,"href":"https:\/\/idihcs.fahce.unlp.edu.ar\/chaya\/wp-json\/wp\/v2\/comments?post=98"}],"version-history":[{"count":8,"href":"https:\/\/idihcs.fahce.unlp.edu.ar\/chaya\/wp-json\/wp\/v2\/pages\/98\/revisions"}],"predecessor-version":[{"id":1088,"href":"https:\/\/idihcs.fahce.unlp.edu.ar\/chaya\/wp-json\/wp\/v2\/pages\/98\/revisions\/1088"}],"wp:featuredmedia":[{"embeddable":true,"href":"https:\/\/idihcs.fahce.unlp.edu.ar\/chaya\/wp-json\/wp\/v2\/media\/224"}],"wp:attachment":[{"href":"https:\/\/idihcs.fahce.unlp.edu.ar\/chaya\/wp-json\/wp\/v2\/media?parent=98"}],"curies":[{"name":"wp","href":"https:\/\/api.w.org\/{rel}","templated":true}]}}