{"id":163,"date":"2018-06-21T15:56:24","date_gmt":"2018-06-21T18:56:24","guid":{"rendered":"http:\/\/163.10.30.48\/~posgrado6\/wordpress\/chaya\/?page_id=163"},"modified":"2019-10-04T14:38:08","modified_gmt":"2019-10-04T17:38:08","slug":"enlaces-de-interes","status":"publish","type":"page","link":"https:\/\/idihcs.fahce.unlp.edu.ar\/chaya\/enlaces-de-interes\/","title":{"rendered":"CHAyA &#8211; Enlaces de Inter\u00e9s"},"content":{"rendered":"<p><a href=\"http:\/\/www.aahe.fahce.unlp.edu.ar\/\" target=\"_blank\" rel=\"noopener\">Asociaci\u00f3n Argentina de Historia Econ\u00f3mica<\/a><br \/>\nLa Asociaci\u00f3n Argentina de Historia Econ\u00f3mica es una asociaci\u00f3n que nuclea a investigadores y docentes, tanto historiadores como economistas, interesados en el desarrollo de la tem\u00e1tica. La Asociaci\u00f3n esta dirigida por su Comisi\u00f3n Directiva, y sus cargos son cubiertos a trav\u00e9s de elecciones en las cuales participan m\u00e1s de 300 investigadores asociados, pertenecientes a prestigiosas Universidades e Institutos p\u00fablicos y privados del pa\u00eds.<\/p>\n<p><a href=\"https:\/\/catalogoregional.wordpress.com\/\" target=\"_blank\" rel=\"noopener\">Cat\u00e1logo comentado de historia regional<\/a><br \/>\nEl principal prop\u00f3sito del Cat\u00e1logo, es realizar un aporte concreto a la historiograf\u00eda regional pampeana, en la medida que pueda convertirse en una herramienta para la docencia, la divulgaci\u00f3n y la investigaci\u00f3n.<\/p>\n<p><a href=\"http:\/\/cehcme.unq.edu.ar\/\" target=\"_blank\" rel=\"noopener\">CEHCMe<\/a><br \/>\nEl CEHCMe es un espacio en el que convergen investigadores e investigaciones, que llevan m\u00e1s de una d\u00e9cada trabajando en la UNQ y el CONICET. Sus cometidos m\u00e1s preciados, son la estimulaci\u00f3n del di\u00e1logo interdisciplinario y la formaci\u00f3n de recursos humanos.<\/p>\n<p><a href=\"http:\/\/religargrupo.blogspot.com.ar\/\" target=\"_blank\" rel=\"noopener\">Grupo de Trabajo de Religi\u00f3n y Sociedad en la Argentina Contempor\u00e1nea<\/a><br \/>\nEl grupo est\u00e1 constituido por un conjunto de investigadores, docentes, doctorandos y becarios del CONICET, que provienen en su mayor\u00eda, tanto del Instituto Ravignani de la Facultad de Filosof\u00eda y Letras de la Universidad de Buenos Aires, como del Departamento de Ciencias Sociales de la Universidad Nacional de Luj\u00e1n; todos ellos reunidos en el inter\u00e9s por desarrollar estudios, tendientes a comprender la dial\u00e9ctica entre la Religi\u00f3n y la Sociedad en la Argentina Contempor\u00e1nea.<\/p>\n<p><a href=\"http:\/\/ravignani.institutos.filo.uba.ar\/\" target=\"_blank\" rel=\"noopener\">Instituto de Historia Argentina y Americana Dr. Emilio Ravignani<\/a><br \/>\nEl Instituto re\u00fane a investigadores, en su mayor\u00eda, dedicados a la docencia en la Facultad de Filosof\u00eda y Letras de la UBA, y de otras universidades del pa\u00eds. La planta de investigadores reconoce procedencias tanto de la UBA como del CONICET. Si se incluyen los investigadores tesistas, los investigadores de apoyo y los investigadores estudiantes, la planta supera los cien integrantes, a los que se suman becarios de la Universidad, del CONICET y lde a Agencia Nacional de Promoci\u00f3n Cient\u00edfica y T\u00e9cnica.<\/p>\n<p><a href=\"http:\/\/pimamt.fahce.unlp.edu.ar\/\" target=\"_blank\" rel=\"noopener\">Programa Interinstitucional <em>El Mundo Atl\u00e1ntico en la Modernidad Temprana<\/em><\/a><br \/>\nLa Historia Atl\u00e1ntica propone una escala mayor de an\u00e1lisis para el estudio de v\u00ednculos, movilidad de ideas y personas, a la que debemos agregar la capacidad de observar al\u00a0al veh\u00edculo motriz de ese v\u00ednculo entre Am\u00e9rica, \u00c1frica, Europa y Oriente que es el nav\u00edo y, dentro de \u00e9l, su composici\u00f3n t\u00e9cnica y humana.<br \/>\nEste programa considera prioritario fomentar el desarrollo de relaciones cient\u00edficas y culturales de cooperaci\u00f3n entre los grupos de trabajo, estableciendo un intercambio de informaci\u00f3n sobre recursos, programas de formaci\u00f3n y proyectos de investigaci\u00f3n y desarrollo. Para el cumplimiento de tal objetivo se fomentar\u00e1 el intercambio y la colaboraci\u00f3n de los investigadores integrantes del mismo, a fin de realizar conjuntamente actividades tales como: reuniones cient\u00edficas, actividades docentes y de formaci\u00f3n, edici\u00f3n de materiales cient\u00edficos en formato impreso o digital (en este caso de acceso abierto) entre otras.<\/p>\n<p><a href=\"http:\/\/territoriosposibles.fahce.unlp.edu.ar\/\" target=\"_blank\" rel=\"noopener\">Red Cient\u00edfica Latinoamericana Territorios Posibles<\/a><br \/>\nLa Red Territorios Posibles es un nuevo espacio donde los proyectos imaginados, pensados y trabajados pueden hacerse realidad para transformar la vida de las poblaciones que m\u00e1s lo necesitan. Con rigurosidad y creatividad trabajamos por m\u00e1s y mejor entendimiento del territorio, sus procesos, sus lugares y sus actores, con el objetivo de lograr mayores y mejores v\u00ednculos entre docentes e investigadores universitarios, instituciones p\u00fablicas, pero tambi\u00e9n actores y organizaciones sociales y empresas comprometidas para ir transformando conciencias, objetos y acciones en un ambiente innovador y a la vez sistem\u00e1tico con criterios de trabajo definidos, donde cada proyecto, cada idea, cada semilla, sean protagonistas.<\/p>\n<p><a href=\"http:\/\/www.um.es\/redcolumnaria\/\" target=\"_blank\" rel=\"noopener\">Red Columnaria<\/a><br \/>\nRed Tem\u00e1tica de investigaci\u00f3n sobre las fronteras de las Monarqu\u00edas Ib\u00e9ricas en los siglos XVI al XVIII. Su objetivo es formar un \u00e1mbito en el que historiadores de diversos or\u00edgenes nacionales, pero interesados por tem\u00e1ticas similares que afectaban al conjunto de los espacios ib\u00e9ricos, puedan encontrar socios, establecer marcos de investigaci\u00f3n com\u00fan, desarrollar proyectos conjuntos, conocer metodolog\u00edas plurales o proponer formas de an\u00e1lisis novedosas para enfocar los diversos aspectos de la proyecci\u00f3n fronteriza.<\/p>\n<p><a href=\"http:\/\/estudiosmaritimossociales.org\/\" target=\"_blank\" rel=\"noopener\">Revista de Estudios Mar\u00edtimos y Sociales<\/a><br \/>\nLa Revista de Estudios Mar\u00edtimos y Sociales es una publicaci\u00f3n del Grupo de Estudios Sociales Mar\u00edtimos de la Universidad Nacional de Mar del Plata (GESMar). Sus p\u00e1ginas son un espacio de difusi\u00f3n para investigaciones cient\u00edficas en el campo de las ciencias sociales, con particular inter\u00e9s en las problem\u00e1ticas referidas al pasado, presente y futuro de las comunidades portuarias y mar\u00edtimas. Asimismo, tiene la pretensi\u00f3n de estimular el debate entre las distintas disciplinas de las ciencias sociales sobre problem\u00e1ticas m\u00e1s generales.<\/p>\n<p><a href=\"https:\/\/journals.openedition.org\/nuevomundo\/\" target=\"_blank\" rel=\"noopener\">Revista Nuevo Mundo Mundos Nuevos<\/a><br \/>\nNuevo Mundo Nuevos Mundos es una revista de historia y antropolog\u00eda que privilegia el comparatismo y las miradas cruzadas sobre las Am\u00e9ricas y el mundo hisp\u00e1nico, en la larga duraci\u00f3n. La variedad de los temas que se abordan en ella, son reflejo de la amplitud de las investigaciones llevadas a cabo en nuestra unidad de investigaci\u00f3n, el MASCIPO: las relaciones entre mestizajes y universalizaci\u00f3n desde principios de la modernidad; las migraciones, la historia pol\u00edtica y el papel del Estado; la historia de las representaciones y sensibilidades, las transferencias culturales y la circulaci\u00f3n de conocimientos; la antropolog\u00eda de las sociedades contempor\u00e1neas. La revista est\u00e1 abierta a art\u00edculos in\u00e9ditos de investigadores americanistas y, gracias a la frecuencia de sus actualizaciones, sigue en tiempo real la actualidad de la producci\u00f3n cient\u00edfica, en particular gracias a su r\u00fabrica de rese\u00f1as. En ella se recogen tambi\u00e9n numerosos materiales \u00fatiles a la constituci\u00f3n del patrimonio cient\u00edfico americanista. Es publicada en cuatro idiomas: espa\u00f1ol, franc\u00e9s, portugu\u00e9s, e ingl\u00e9s.<\/p>\n<p><a href=\"http:\/\/revista-theomai.unq.edu.ar\/\" target=\"_blank\" rel=\"noopener\">Revista Theomai. Estudios sobre sociedad y desarrollo<\/a><br \/>\nLa Revista Theomai es una publicaci\u00f3n semestral de la Red de Estudios sobre Sociedad, Naturaleza y Desarrollo\u00a0y del proyecto &#8220;Modos de Acumulaci\u00f3n y Conflictos Sociales&#8221;.<\/p>\n","protected":false},"excerpt":{"rendered":"<p>Asociaci\u00f3n Argentina de Historia Econ\u00f3mica La Asociaci\u00f3n Argentina de Historia Econ\u00f3mica es una asociaci\u00f3n que nuclea a investigadores y docentes, tanto historiadores como economistas, interesados en el desarrollo de la tem\u00e1tica. La Asociaci\u00f3n esta dirigida por su Comisi\u00f3n Directiva, y sus cargos son cubiertos a trav\u00e9s de elecciones en las cuales participan m\u00e1s de 300 [&hellip;]<\/p>\n","protected":false},"author":3,"featured_media":224,"parent":0,"menu_order":0,"comment_status":"closed","ping_status":"closed","template":"page-ui.php","meta":{"_themeisle_gutenberg_block_has_review":false,"footnotes":""},"class_list":["post-163","page","type-page","status-publish","has-post-thumbnail","hentry"],"acf":[],"rttpg_featured_image_url":{"full":["https:\/\/idihcs.fahce.unlp.edu.ar\/chaya\/wp-content\/uploads\/sites\/11\/2018\/06\/banner-chaya.jpg",696,81,false],"landscape":["https:\/\/idihcs.fahce.unlp.edu.ar\/chaya\/wp-content\/uploads\/sites\/11\/2018\/06\/banner-chaya.jpg",696,81,false],"portraits":["https:\/\/idihcs.fahce.unlp.edu.ar\/chaya\/wp-content\/uploads\/sites\/11\/2018\/06\/banner-chaya.jpg",696,81,false],"thumbnail":["https:\/\/idihcs.fahce.unlp.edu.ar\/chaya\/wp-content\/uploads\/sites\/11\/2018\/06\/banner-chaya-150x81.jpg",150,81,true],"medium":["https:\/\/idihcs.fahce.unlp.edu.ar\/chaya\/wp-content\/uploads\/sites\/11\/2018\/06\/banner-chaya-300x35.jpg",300,35,true],"large":["https:\/\/idihcs.fahce.unlp.edu.ar\/chaya\/wp-content\/uploads\/sites\/11\/2018\/06\/banner-chaya.jpg",696,81,false],"1536x1536":["https:\/\/idihcs.fahce.unlp.edu.ar\/chaya\/wp-content\/uploads\/sites\/11\/2018\/06\/banner-chaya.jpg",696,81,false],"2048x2048":["https:\/\/idihcs.fahce.unlp.edu.ar\/chaya\/wp-content\/uploads\/sites\/11\/2018\/06\/banner-chaya.jpg",696,81,false],"td_80x60":["https:\/\/idihcs.fahce.unlp.edu.ar\/chaya\/wp-content\/uploads\/sites\/11\/2018\/06\/banner-chaya-80x60.jpg",80,60,true],"td_100x70":["https:\/\/idihcs.fahce.unlp.edu.ar\/chaya\/wp-content\/uploads\/sites\/11\/2018\/06\/banner-chaya-100x70.jpg",100,70,true],"td_218x150":["https:\/\/idihcs.fahce.unlp.edu.ar\/chaya\/wp-content\/uploads\/sites\/11\/2018\/06\/banner-chaya-218x81.jpg",218,81,true],"td_265x198":["https:\/\/idihcs.fahce.unlp.edu.ar\/chaya\/wp-content\/uploads\/sites\/11\/2018\/06\/banner-chaya-265x81.jpg",265,81,true],"td_324x160":["https:\/\/idihcs.fahce.unlp.edu.ar\/chaya\/wp-content\/uploads\/sites\/11\/2018\/06\/banner-chaya-324x81.jpg",324,81,true],"td_324x235":["https:\/\/idihcs.fahce.unlp.edu.ar\/chaya\/wp-content\/uploads\/sites\/11\/2018\/06\/banner-chaya-324x81.jpg",324,81,true],"td_324x400":["https:\/\/idihcs.fahce.unlp.edu.ar\/chaya\/wp-content\/uploads\/sites\/11\/2018\/06\/banner-chaya-324x81.jpg",324,81,true],"td_356x220":["https:\/\/idihcs.fahce.unlp.edu.ar\/chaya\/wp-content\/uploads\/sites\/11\/2018\/06\/banner-chaya-356x81.jpg",356,81,true],"td_356x364":["https:\/\/idihcs.fahce.unlp.edu.ar\/chaya\/wp-content\/uploads\/sites\/11\/2018\/06\/banner-chaya-356x81.jpg",356,81,true],"td_485x360":["https:\/\/idihcs.fahce.unlp.edu.ar\/chaya\/wp-content\/uploads\/sites\/11\/2018\/06\/banner-chaya-485x81.jpg",485,81,true],"td_533x261":["https:\/\/idihcs.fahce.unlp.edu.ar\/chaya\/wp-content\/uploads\/sites\/11\/2018\/06\/banner-chaya-533x81.jpg",533,81,true],"td_534x462":["https:\/\/idihcs.fahce.unlp.edu.ar\/chaya\/wp-content\/uploads\/sites\/11\/2018\/06\/banner-chaya-534x81.jpg",534,81,true],"td_696x0":["https:\/\/idihcs.fahce.unlp.edu.ar\/chaya\/wp-content\/uploads\/sites\/11\/2018\/06\/banner-chaya-696x81.jpg",696,81,true],"td_696x385":["https:\/\/idihcs.fahce.unlp.edu.ar\/chaya\/wp-content\/uploads\/sites\/11\/2018\/06\/banner-chaya-696x81.jpg",696,81,true],"td_741x486":["https:\/\/idihcs.fahce.unlp.edu.ar\/chaya\/wp-content\/uploads\/sites\/11\/2018\/06\/banner-chaya.jpg",696,81,false],"td_1068x580":["https:\/\/idihcs.fahce.unlp.edu.ar\/chaya\/wp-content\/uploads\/sites\/11\/2018\/06\/banner-chaya.jpg",696,81,false],"td_1068x0":["https:\/\/idihcs.fahce.unlp.edu.ar\/chaya\/wp-content\/uploads\/sites\/11\/2018\/06\/banner-chaya.jpg",696,81,false],"td_0x420":["https:\/\/idihcs.fahce.unlp.edu.ar\/chaya\/wp-content\/uploads\/sites\/11\/2018\/06\/banner-chaya.jpg",696,81,false],"td_1920x0":["https:\/\/idihcs.fahce.unlp.edu.ar\/chaya\/wp-content\/uploads\/sites\/11\/2018\/06\/banner-chaya.jpg",696,81,false],"rt_custom":["https:\/\/idihcs.fahce.unlp.edu.ar\/chaya\/wp-content\/uploads\/sites\/11\/2018\/06\/banner-chaya.jpg",696,81,false]},"rttpg_author":{"display_name":"cbarletta","author_link":"https:\/\/idihcs.fahce.unlp.edu.ar\/chaya\/author\/cbarletta\/"},"rttpg_comment":0,"rttpg_category":null,"rttpg_excerpt":"Asociaci\u00f3n Argentina de Historia Econ\u00f3mica La Asociaci\u00f3n Argentina de Historia Econ\u00f3mica es una asociaci\u00f3n que nuclea a investigadores y docentes, tanto historiadores como economistas, interesados en el desarrollo de la tem\u00e1tica. La Asociaci\u00f3n esta dirigida por su Comisi\u00f3n Directiva, y sus cargos son cubiertos a trav\u00e9s de elecciones en las cuales participan m\u00e1s de 300&hellip;","_links":{"self":[{"href":"https:\/\/idihcs.fahce.unlp.edu.ar\/chaya\/wp-json\/wp\/v2\/pages\/163","targetHints":{"allow":["GET"]}}],"collection":[{"href":"https:\/\/idihcs.fahce.unlp.edu.ar\/chaya\/wp-json\/wp\/v2\/pages"}],"about":[{"href":"https:\/\/idihcs.fahce.unlp.edu.ar\/chaya\/wp-json\/wp\/v2\/types\/page"}],"author":[{"embeddable":true,"href":"https:\/\/idihcs.fahce.unlp.edu.ar\/chaya\/wp-json\/wp\/v2\/users\/3"}],"replies":[{"embeddable":true,"href":"https:\/\/idihcs.fahce.unlp.edu.ar\/chaya\/wp-json\/wp\/v2\/comments?post=163"}],"version-history":[{"count":8,"href":"https:\/\/idihcs.fahce.unlp.edu.ar\/chaya\/wp-json\/wp\/v2\/pages\/163\/revisions"}],"predecessor-version":[{"id":667,"href":"https:\/\/idihcs.fahce.unlp.edu.ar\/chaya\/wp-json\/wp\/v2\/pages\/163\/revisions\/667"}],"wp:featuredmedia":[{"embeddable":true,"href":"https:\/\/idihcs.fahce.unlp.edu.ar\/chaya\/wp-json\/wp\/v2\/media\/224"}],"wp:attachment":[{"href":"https:\/\/idihcs.fahce.unlp.edu.ar\/chaya\/wp-json\/wp\/v2\/media?parent=163"}],"curies":[{"name":"wp","href":"https:\/\/api.w.org\/{rel}","templated":true}]}}