{"id":162,"date":"2018-06-21T15:01:34","date_gmt":"2018-06-21T18:01:34","guid":{"rendered":"http:\/\/163.10.30.48\/~posgrado6\/wordpress\/ceil\/?page_id=162"},"modified":"2024-10-09T12:44:12","modified_gmt":"2024-10-09T15:44:12","slug":"grupos-de-estudio","status":"publish","type":"page","link":"https:\/\/idihcs.fahce.unlp.edu.ar\/ceil\/grupos-de-estudio\/","title":{"rendered":"CEIL &#8211; Grupos de estudio"},"content":{"rendered":"<p>Los grupos de estudio son unidades flexibles de investigaci\u00f3n. Se consideran n\u00facleos de producci\u00f3n de conocimiento con fuerte acento en la formaci\u00f3n y\/o iniciaci\u00f3n a la investigaci\u00f3n seg\u00fan el <a href=\"http:\/\/163.10.30.21\/wordpress\/wp-content\/uploads\/2018\/06\/RESO-245-201603.pdf\">Reglamento para la creaci\u00f3n, categorizaci\u00f3n y evaluaci\u00f3n de unidades de investigaci\u00f3n de la Facultad de Humanidades y Ciencias de la Educaci\u00f3n de la UNLP y del Instituto de Investigaciones en Humanidades y Ciencias Sociales (IdIHCS) [Resoluci\u00f3n 245 \u2013 2016]<\/a><\/p>\n<p><strong>Listado de grupos<\/strong><\/p>\n<ul>\n<li><a href=\"https:\/\/idihcs.fahce.unlp.edu.ar\/ceil\/grupo-diver-sidad\/\">Grupo DIVER-sidad<\/a><strong><br \/><\/strong><\/li>\n<li><a href=\"https:\/\/idihcs.fahce.unlp.edu.ar\/ceil\/grefo-grupo-de-estudios-fonologicos\/\">GrEFo: Grupo de estudios fonol\u00f3gicos<\/a><\/li>\n<li><a href=\"https:\/\/idihcs.fahce.unlp.edu.ar\/ceil\/grupo-aspectos-gramaticales-desde-desde-las-perspectivas-formales-de-la-gramatica-generativa-y-la-teoria-de-la-relevancia\/\">Grupo Gramma: Investigaciones en gram\u00e1tica, interfaces y variaci\u00f3n<\/a><\/li>\n<li><a href=\"https:\/\/idihcs.fahce.unlp.edu.ar\/ceil\/glice-grupo-lenguas-indigenas-y-cotidiano-escolar\/\">GLICE: Grupo \u201cLenguas ind\u00edgenas y cotidiano escolar\u201d<\/a><\/li>\n<li><a href=\"https:\/\/idihcs.fahce.unlp.edu.ar\/ceil\/gilf-grupo-de-investigacion-en-linguistica-forense\/\">GILF: Grupo de Investigaci\u00f3n en Ling\u00fc\u00edstica Forense<\/a><\/li>\n<li><a href=\"https:\/\/idihcs.fahce.unlp.edu.ar\/ceil\/grupo-focus-fonetica-fonologia-contexto-y-uso\/\">Grupo FoCUs (Fon\u00e9tica\/Fonolog\u00eda, Contexto y Uso)<\/a><\/li>\n<li><a href=\"https:\/\/idihcs.fahce.unlp.edu.ar\/ceil\/ged-grupo-de-estudios-decoloniales\/\">GED: Grupo de Estudios Decoloniales<\/a><\/li>\n<li><a href=\"https:\/\/idihcs.fahce.unlp.edu.ar\/ceil\/gilp-grupo-de-investigacion-en-lengua-portuguesa\/\">GILP: Grupo de Investigaci\u00f3n en Lengua Portuguesa<\/a><\/li>\n<li><a href=\"https:\/\/idihcs.fahce.unlp.edu.ar\/ceil\/gelli-grupo-de-estudios-linguisticos-de-lenguas-indigenas\/\">GELLI: Grupo de Estudios Ling\u00fc\u00edsticos de Lenguas Ind\u00edgenas<\/a><\/li>\n<\/ul>\n\n\n<p><\/p>\n","protected":false},"excerpt":{"rendered":"<p>Los grupos de estudio son unidades flexibles de investigaci\u00f3n. Se consideran n\u00facleos de producci\u00f3n de conocimiento con fuerte acento en la formaci\u00f3n y\/o iniciaci\u00f3n a la investigaci\u00f3n seg\u00fan el Reglamento para la creaci\u00f3n, categorizaci\u00f3n y evaluaci\u00f3n de unidades de investigaci\u00f3n de la Facultad de Humanidades y Ciencias de la Educaci\u00f3n de la UNLP y del [&hellip;]<\/p>\n","protected":false},"author":3,"featured_media":209,"parent":0,"menu_order":0,"comment_status":"closed","ping_status":"closed","template":"page-ui.php","meta":{"_themeisle_gutenberg_block_has_review":false,"footnotes":""},"class_list":["post-162","page","type-page","status-publish","has-post-thumbnail","hentry"],"acf":[],"rttpg_featured_image_url":{"full":["https:\/\/idihcs.fahce.unlp.edu.ar\/ceil\/wp-content\/uploads\/sites\/8\/2018\/06\/banner-ceil.jpg",696,81,false],"landscape":["https:\/\/idihcs.fahce.unlp.edu.ar\/ceil\/wp-content\/uploads\/sites\/8\/2018\/06\/banner-ceil.jpg",696,81,false],"portraits":["https:\/\/idihcs.fahce.unlp.edu.ar\/ceil\/wp-content\/uploads\/sites\/8\/2018\/06\/banner-ceil.jpg",696,81,false],"thumbnail":["https:\/\/idihcs.fahce.unlp.edu.ar\/ceil\/wp-content\/uploads\/sites\/8\/2018\/06\/banner-ceil-150x81.jpg",150,81,true],"medium":["https:\/\/idihcs.fahce.unlp.edu.ar\/ceil\/wp-content\/uploads\/sites\/8\/2018\/06\/banner-ceil-300x35.jpg",300,35,true],"large":["https:\/\/idihcs.fahce.unlp.edu.ar\/ceil\/wp-content\/uploads\/sites\/8\/2018\/06\/banner-ceil.jpg",696,81,false],"1536x1536":["https:\/\/idihcs.fahce.unlp.edu.ar\/ceil\/wp-content\/uploads\/sites\/8\/2018\/06\/banner-ceil.jpg",696,81,false],"2048x2048":["https:\/\/idihcs.fahce.unlp.edu.ar\/ceil\/wp-content\/uploads\/sites\/8\/2018\/06\/banner-ceil.jpg",696,81,false],"td_80x60":["https:\/\/idihcs.fahce.unlp.edu.ar\/ceil\/wp-content\/uploads\/sites\/8\/2018\/06\/banner-ceil-80x60.jpg",80,60,true],"td_100x70":["https:\/\/idihcs.fahce.unlp.edu.ar\/ceil\/wp-content\/uploads\/sites\/8\/2018\/06\/banner-ceil-100x70.jpg",100,70,true],"td_218x150":["https:\/\/idihcs.fahce.unlp.edu.ar\/ceil\/wp-content\/uploads\/sites\/8\/2018\/06\/banner-ceil-218x81.jpg",218,81,true],"td_265x198":["https:\/\/idihcs.fahce.unlp.edu.ar\/ceil\/wp-content\/uploads\/sites\/8\/2018\/06\/banner-ceil-265x81.jpg",265,81,true],"td_324x160":["https:\/\/idihcs.fahce.unlp.edu.ar\/ceil\/wp-content\/uploads\/sites\/8\/2018\/06\/banner-ceil-324x81.jpg",324,81,true],"td_324x235":["https:\/\/idihcs.fahce.unlp.edu.ar\/ceil\/wp-content\/uploads\/sites\/8\/2018\/06\/banner-ceil-324x81.jpg",324,81,true],"td_324x400":["https:\/\/idihcs.fahce.unlp.edu.ar\/ceil\/wp-content\/uploads\/sites\/8\/2018\/06\/banner-ceil-324x81.jpg",324,81,true],"td_356x220":["https:\/\/idihcs.fahce.unlp.edu.ar\/ceil\/wp-content\/uploads\/sites\/8\/2018\/06\/banner-ceil-356x81.jpg",356,81,true],"td_356x364":["https:\/\/idihcs.fahce.unlp.edu.ar\/ceil\/wp-content\/uploads\/sites\/8\/2018\/06\/banner-ceil-356x81.jpg",356,81,true],"td_485x360":["https:\/\/idihcs.fahce.unlp.edu.ar\/ceil\/wp-content\/uploads\/sites\/8\/2018\/06\/banner-ceil-485x81.jpg",485,81,true],"td_533x261":["https:\/\/idihcs.fahce.unlp.edu.ar\/ceil\/wp-content\/uploads\/sites\/8\/2018\/06\/banner-ceil-533x81.jpg",533,81,true],"td_534x462":["https:\/\/idihcs.fahce.unlp.edu.ar\/ceil\/wp-content\/uploads\/sites\/8\/2018\/06\/banner-ceil-534x81.jpg",534,81,true],"td_696x0":["https:\/\/idihcs.fahce.unlp.edu.ar\/ceil\/wp-content\/uploads\/sites\/8\/2018\/06\/banner-ceil-696x81.jpg",696,81,true],"td_696x385":["https:\/\/idihcs.fahce.unlp.edu.ar\/ceil\/wp-content\/uploads\/sites\/8\/2018\/06\/banner-ceil-696x81.jpg",696,81,true],"td_741x486":["https:\/\/idihcs.fahce.unlp.edu.ar\/ceil\/wp-content\/uploads\/sites\/8\/2018\/06\/banner-ceil.jpg",696,81,false],"td_1068x580":["https:\/\/idihcs.fahce.unlp.edu.ar\/ceil\/wp-content\/uploads\/sites\/8\/2018\/06\/banner-ceil.jpg",696,81,false],"td_1068x0":["https:\/\/idihcs.fahce.unlp.edu.ar\/ceil\/wp-content\/uploads\/sites\/8\/2018\/06\/banner-ceil.jpg",696,81,false],"td_0x420":["https:\/\/idihcs.fahce.unlp.edu.ar\/ceil\/wp-content\/uploads\/sites\/8\/2018\/06\/banner-ceil.jpg",696,81,false],"td_1920x0":["https:\/\/idihcs.fahce.unlp.edu.ar\/ceil\/wp-content\/uploads\/sites\/8\/2018\/06\/banner-ceil.jpg",696,81,false],"rt_custom":["https:\/\/idihcs.fahce.unlp.edu.ar\/ceil\/wp-content\/uploads\/sites\/8\/2018\/06\/banner-ceil.jpg",696,81,false]},"rttpg_author":{"display_name":"cbarletta","author_link":"https:\/\/idihcs.fahce.unlp.edu.ar\/ceil\/author\/cbarletta\/"},"rttpg_comment":0,"rttpg_category":null,"rttpg_excerpt":"Los grupos de estudio son unidades flexibles de investigaci\u00f3n. Se consideran n\u00facleos de producci\u00f3n de conocimiento con fuerte acento en la formaci\u00f3n y\/o iniciaci\u00f3n a la investigaci\u00f3n seg\u00fan el Reglamento para la creaci\u00f3n, categorizaci\u00f3n y evaluaci\u00f3n de unidades de investigaci\u00f3n de la Facultad de Humanidades y Ciencias de la Educaci\u00f3n de la UNLP y del&hellip;","_links":{"self":[{"href":"https:\/\/idihcs.fahce.unlp.edu.ar\/ceil\/wp-json\/wp\/v2\/pages\/162","targetHints":{"allow":["GET"]}}],"collection":[{"href":"https:\/\/idihcs.fahce.unlp.edu.ar\/ceil\/wp-json\/wp\/v2\/pages"}],"about":[{"href":"https:\/\/idihcs.fahce.unlp.edu.ar\/ceil\/wp-json\/wp\/v2\/types\/page"}],"author":[{"embeddable":true,"href":"https:\/\/idihcs.fahce.unlp.edu.ar\/ceil\/wp-json\/wp\/v2\/users\/3"}],"replies":[{"embeddable":true,"href":"https:\/\/idihcs.fahce.unlp.edu.ar\/ceil\/wp-json\/wp\/v2\/comments?post=162"}],"version-history":[{"count":17,"href":"https:\/\/idihcs.fahce.unlp.edu.ar\/ceil\/wp-json\/wp\/v2\/pages\/162\/revisions"}],"predecessor-version":[{"id":1337,"href":"https:\/\/idihcs.fahce.unlp.edu.ar\/ceil\/wp-json\/wp\/v2\/pages\/162\/revisions\/1337"}],"wp:featuredmedia":[{"embeddable":true,"href":"https:\/\/idihcs.fahce.unlp.edu.ar\/ceil\/wp-json\/wp\/v2\/media\/209"}],"wp:attachment":[{"href":"https:\/\/idihcs.fahce.unlp.edu.ar\/ceil\/wp-json\/wp\/v2\/media?parent=162"}],"curies":[{"name":"wp","href":"https:\/\/api.w.org\/{rel}","templated":true}]}}