{"id":155,"date":"2018-06-21T14:55:43","date_gmt":"2018-06-21T17:55:43","guid":{"rendered":"http:\/\/163.10.30.48\/~posgrado6\/wordpress\/ceil\/?page_id=155"},"modified":"2022-10-26T09:29:31","modified_gmt":"2022-10-26T12:29:31","slug":"cordemia","status":"publish","type":"page","link":"https:\/\/idihcs.fahce.unlp.edu.ar\/ceil\/cordemia\/","title":{"rendered":"CEIL &#8211; CORdeMIA y CORdeBA"},"content":{"rendered":"<p><strong>CORdeMIA:<\/strong><b>Corpus de Espa\u00f1ol de Migrantes en Argentina<\/b><\/p>\n<p><img loading=\"lazy\" decoding=\"async\" src=\"https:\/\/idihcs.fahce.unlp.edu.ar\/ceil\/wp-content\/uploads\/sites\/8\/2022\/03\/cordemia-236x300.png\" alt=\"\" width=\"265\" height=\"337\" \/><\/p>\n<p>A partir de 2010, en la Universidad Nacional de La Plata, desde la C\u00e1tedra de Ling\u00fc\u00edstica I,<b>\u00a0<\/b>se gener\u00f3 un grupo de alumnos y profesores que estudia, investiga y debate fen\u00f3menos de variaci\u00f3n ling\u00fc\u00edstica y contacto de lenguas. Los resultados obtenidos en los sucesivos an\u00e1lisis de datos, nos han impulsado a considerar relevante la conformaci\u00f3n de un corpus<b>\u00a0<\/b>que desde la Universidad Nacional de La Plata podr\u00e1 ser, en el futuro, consultado por investigadores que deseen hacer estudios sobre lengua y migraci\u00f3n. Este corpus en formaci\u00f3n ha sido denominado\u00a0<b>CORdeMIA: Corpus de Espa\u00f1ol de Migrantes en Argentina.<br \/>\n<\/b><\/p>\n<p><b>Descripci\u00f3n: <\/b>el acervo estar\u00e1 compuesto por \u00a0entrevistas a inmigrantes de pa\u00edses latinoamericanos que comparten la misma lengua \u2013el espa\u00f1ol\u2013 pero que hablan distintas variedades. Nuestras entrevistas son semi-dirigidas; esto quiere decir que \u00a0hacemos preguntas ya planificadas a nuestros consultantes, a fin de que el corpus resulte homog\u00e9neo y facilite futuras investigaciones. Cada entrevista es de aproximadamente 30 minutos aunque algunas llegan hasta 1 hora de duraci\u00f3n.<\/p>\n<p><b>Entrevistados:\u00a0<\/b>por el momento, estamos entrevistando a ciudadanos bolivianos, paraguayos y peruanos que residen en nuestro pa\u00eds.<br \/>\n<b>Condiciones de la entrevista:\u00a0<\/b>Tanto los entrevistadores como los entrevistados, firman notas de acuerdo para que la entrevista pueda ser utilizada con fines cient\u00edficos y formar parte de un corpus que quedar\u00e1 en poder de Facultad de Humanidades y Ciencias de la Educaci\u00f3n.<br \/>\n<b>Entrevistas:<\/b>\u00a0si bien las entrevistas contienen preguntas uniformadas pueden surgir preguntas propias de la situaci\u00f3n de la entrevista. Las preguntas estandarizadas se refieren principalmente a informaci\u00f3n etnogr\u00e1fica, a las lenguas y costumbres de los entrevistados, datos de migraci\u00f3n, relatos tradicionales, an\u00e9cdotas, etc.<br \/>\n<b>Descripci\u00f3n t\u00e9cnica:\u00a0<\/b>CORdeMIA<b>\u00a0<\/b>est\u00e1 siendo organizado de acuerdo con las nuevas tecnolog\u00edas disponibles. Las entrevistas \u2013 ya contamos con m\u00e1s de un centenar- son almacenadas en formato mp3 o wav. Por otra parte, se utilizan transcripciones alineadas efectuadas en programas espec\u00edficos, con el objetivo de poder observar el audio y la transcripci\u00f3n simult\u00e1neamente.<br \/>\n<b>Convenciones para la transcripci\u00f3n<\/b>: hemos acordado hacer una transcripci\u00f3n basada en el Sistema de Transcripci\u00f3n para el An\u00e1lisis de Conversaciones. GAT. Selting, Margret et al. (1998): Gesprachsanalytisches Transkriptionssystem (GAT). Linguistische Berichte, 173.91-122. Traducido por Oliver Ehmer.<\/p>\n<p><b>Uso del corpus<\/b><\/p>\n<p>CORdeMIA es un proyecto participativo de investigadores y estudiantes de las carreras de Letras y Lenguas Modernas de la Universidad Nacional de La Plata preparados espec\u00edficamente para dicha tarea. Parte del corpus se encuentra disponible en el sitio web para su consulta en l\u00ednea.<\/p>\n<p><strong>Enlaces<\/strong><\/p>\n<p><a title=\"\" href=\"http:\/\/www.memoria.fahce.unlp.edu.ar\/normativa\/no.58\/no.58.pdf\" target=\"_blank\" rel=\"noopener\">Resoluci\u00f3n Nro. 972\/15<\/a><\/p>\n<p><a title=\"\" href=\"http:\/\/arcas.fahce.unlp.edu.ar:9090\/arcas\/portada\/colecciones\/cordmia\" target=\"_blank\" rel=\"noopener\">Enlace al corpus<\/a><\/p>\n<p><iframe loading=\"lazy\" title=\"Presentaci\u00f3n de CORdeMIA (Corpus de Espa\u00f1ol de Migrantes en Argentina)\" width=\"696\" height=\"392\" src=\"https:\/\/www.youtube.com\/embed\/R2HtH5DYyU8?feature=oembed\" frameborder=\"0\" allow=\"accelerometer; autoplay; clipboard-write; encrypted-media; gyroscope; picture-in-picture\" allowfullscreen><\/iframe><\/p>\n<p><strong>CORdeBA: Corpus de Buenos Aires<\/strong><\/p>\n<p><img loading=\"lazy\" decoding=\"async\" src=\"https:\/\/idihcs.fahce.unlp.edu.ar\/ceil\/wp-content\/uploads\/sites\/8\/2022\/03\/cordeba-227x300.png\" alt=\"\" width=\"266\" height=\"352\" \/><\/p>\n<p>Colecci\u00f3n de registros orales de conversaciones espont\u00e1neas informales entre hablantes de la provincia de Buenos Aires. Est\u00e1 constituida por documentos de audio de discurso dialogal no dirigido, con sus respectivas transcripciones.<\/p>\n<p>Con esta primera presentaci\u00f3n del Corpus de Buenos Aires (CordeBA), el GrEfo comparte con la comunidad acad\u00e9mica 24 registros orales de conversaciones espont\u00e1neas informales entre hablantes de la provincia de Buenos Aires, cuyas edades media y mediana son 29.74 y 24 a\u00f1os respectivamente. Esta colecci\u00f3n proporciona documentos de audio de discurso dialogal no dirigido, con sus respectivas transcripciones y contribuye as\u00ed a llenar un lugar de vacancia en el estudio del espa\u00f1ol bonaerense.<\/p>\n<p>El CordeBA es el producto del trabajo coordinado entre docentes y docentes investigadores del \u00a0Grupo de Estudios fonol\u00f3gicos (GrEfo-CEIL- IdIHCS) de la Universidad Nacional de La Plata y de estudiantes de las carreras de Profesorado y Licenciatura en Ingl\u00e9s del Departamento de Lenguas Modernas de la Facultad de Humanidades y Ciencias de la Educaci\u00f3n. Su creaci\u00f3n fue el resultado de una doble inquietud destinada, por un lado a iniciar a las\/los estudiantes avanzados de estas carreras en la investigaci\u00f3n de discurso oral y, por el otro, a recolectar y construir un corpus oral espont\u00e1neo para su futura difusi\u00f3n y uso general en investigaci\u00f3n y docencia. Fue as\u00ed que desde el a\u00f1o 2014 hasta el a\u00f1o 2019, todas las conversaciones del CordeBA fueron registradas, previa autorizaci\u00f3n de los participantes, por estudiantes de la c\u00e1tedra de Dicci\u00f3n Inglesa 2 a cargo de las profesoras Adriana Caldiz (Profesora Adjunta de la c\u00e1tedra hasta Marzo de 2019) y Carolina Ferrari (entonces Auxiliar Docente y actualmente Profesora Adjunta a cargo de la materia).<\/p>\n<p><b>Uso del corpus<\/b><\/p>\n<p>Parte del corpus se encuentra disponible en el sitio web para su consulta en l\u00ednea.<\/p>\n<p><strong>Enlaces<\/strong><\/p>\n<p><a href=\"http:\/\/arcas.fahce.unlp.edu.ar\/arcas\/portada\/colecciones\/cordeba\">Sitio web<\/a><\/p>\n<p><iframe loading=\"lazy\" title=\"Presentaci\u00f3n del CORdeBA (Corpus Oral de Buenos Aires)\" width=\"696\" height=\"392\" src=\"https:\/\/www.youtube.com\/embed\/Yk3SvLNa_LM?feature=oembed\" frameborder=\"0\" allow=\"accelerometer; autoplay; clipboard-write; encrypted-media; gyroscope; picture-in-picture\" allowfullscreen><\/iframe><\/p>\n","protected":false},"excerpt":{"rendered":"<p>CORdeMIA:Corpus de Espa\u00f1ol de Migrantes en Argentina A partir de 2010, en la Universidad Nacional de La Plata, desde la C\u00e1tedra de Ling\u00fc\u00edstica I,\u00a0se gener\u00f3 un grupo de alumnos y profesores que estudia, investiga y debate fen\u00f3menos de variaci\u00f3n ling\u00fc\u00edstica y contacto de lenguas. Los resultados obtenidos en los sucesivos an\u00e1lisis de datos, nos han [&hellip;]<\/p>\n","protected":false},"author":3,"featured_media":209,"parent":0,"menu_order":0,"comment_status":"closed","ping_status":"closed","template":"page-ui.php","meta":{"_themeisle_gutenberg_block_has_review":false,"footnotes":""},"class_list":["post-155","page","type-page","status-publish","has-post-thumbnail","hentry"],"acf":[],"rttpg_featured_image_url":{"full":["https:\/\/idihcs.fahce.unlp.edu.ar\/ceil\/wp-content\/uploads\/sites\/8\/2018\/06\/banner-ceil.jpg",696,81,false],"landscape":["https:\/\/idihcs.fahce.unlp.edu.ar\/ceil\/wp-content\/uploads\/sites\/8\/2018\/06\/banner-ceil.jpg",696,81,false],"portraits":["https:\/\/idihcs.fahce.unlp.edu.ar\/ceil\/wp-content\/uploads\/sites\/8\/2018\/06\/banner-ceil.jpg",696,81,false],"thumbnail":["https:\/\/idihcs.fahce.unlp.edu.ar\/ceil\/wp-content\/uploads\/sites\/8\/2018\/06\/banner-ceil-150x81.jpg",150,81,true],"medium":["https:\/\/idihcs.fahce.unlp.edu.ar\/ceil\/wp-content\/uploads\/sites\/8\/2018\/06\/banner-ceil-300x35.jpg",300,35,true],"large":["https:\/\/idihcs.fahce.unlp.edu.ar\/ceil\/wp-content\/uploads\/sites\/8\/2018\/06\/banner-ceil.jpg",696,81,false],"1536x1536":["https:\/\/idihcs.fahce.unlp.edu.ar\/ceil\/wp-content\/uploads\/sites\/8\/2018\/06\/banner-ceil.jpg",696,81,false],"2048x2048":["https:\/\/idihcs.fahce.unlp.edu.ar\/ceil\/wp-content\/uploads\/sites\/8\/2018\/06\/banner-ceil.jpg",696,81,false],"td_80x60":["https:\/\/idihcs.fahce.unlp.edu.ar\/ceil\/wp-content\/uploads\/sites\/8\/2018\/06\/banner-ceil-80x60.jpg",80,60,true],"td_100x70":["https:\/\/idihcs.fahce.unlp.edu.ar\/ceil\/wp-content\/uploads\/sites\/8\/2018\/06\/banner-ceil-100x70.jpg",100,70,true],"td_218x150":["https:\/\/idihcs.fahce.unlp.edu.ar\/ceil\/wp-content\/uploads\/sites\/8\/2018\/06\/banner-ceil-218x81.jpg",218,81,true],"td_265x198":["https:\/\/idihcs.fahce.unlp.edu.ar\/ceil\/wp-content\/uploads\/sites\/8\/2018\/06\/banner-ceil-265x81.jpg",265,81,true],"td_324x160":["https:\/\/idihcs.fahce.unlp.edu.ar\/ceil\/wp-content\/uploads\/sites\/8\/2018\/06\/banner-ceil-324x81.jpg",324,81,true],"td_324x235":["https:\/\/idihcs.fahce.unlp.edu.ar\/ceil\/wp-content\/uploads\/sites\/8\/2018\/06\/banner-ceil-324x81.jpg",324,81,true],"td_324x400":["https:\/\/idihcs.fahce.unlp.edu.ar\/ceil\/wp-content\/uploads\/sites\/8\/2018\/06\/banner-ceil-324x81.jpg",324,81,true],"td_356x220":["https:\/\/idihcs.fahce.unlp.edu.ar\/ceil\/wp-content\/uploads\/sites\/8\/2018\/06\/banner-ceil-356x81.jpg",356,81,true],"td_356x364":["https:\/\/idihcs.fahce.unlp.edu.ar\/ceil\/wp-content\/uploads\/sites\/8\/2018\/06\/banner-ceil-356x81.jpg",356,81,true],"td_485x360":["https:\/\/idihcs.fahce.unlp.edu.ar\/ceil\/wp-content\/uploads\/sites\/8\/2018\/06\/banner-ceil-485x81.jpg",485,81,true],"td_533x261":["https:\/\/idihcs.fahce.unlp.edu.ar\/ceil\/wp-content\/uploads\/sites\/8\/2018\/06\/banner-ceil-533x81.jpg",533,81,true],"td_534x462":["https:\/\/idihcs.fahce.unlp.edu.ar\/ceil\/wp-content\/uploads\/sites\/8\/2018\/06\/banner-ceil-534x81.jpg",534,81,true],"td_696x0":["https:\/\/idihcs.fahce.unlp.edu.ar\/ceil\/wp-content\/uploads\/sites\/8\/2018\/06\/banner-ceil-696x81.jpg",696,81,true],"td_696x385":["https:\/\/idihcs.fahce.unlp.edu.ar\/ceil\/wp-content\/uploads\/sites\/8\/2018\/06\/banner-ceil-696x81.jpg",696,81,true],"td_741x486":["https:\/\/idihcs.fahce.unlp.edu.ar\/ceil\/wp-content\/uploads\/sites\/8\/2018\/06\/banner-ceil.jpg",696,81,false],"td_1068x580":["https:\/\/idihcs.fahce.unlp.edu.ar\/ceil\/wp-content\/uploads\/sites\/8\/2018\/06\/banner-ceil.jpg",696,81,false],"td_1068x0":["https:\/\/idihcs.fahce.unlp.edu.ar\/ceil\/wp-content\/uploads\/sites\/8\/2018\/06\/banner-ceil.jpg",696,81,false],"td_0x420":["https:\/\/idihcs.fahce.unlp.edu.ar\/ceil\/wp-content\/uploads\/sites\/8\/2018\/06\/banner-ceil.jpg",696,81,false],"td_1920x0":["https:\/\/idihcs.fahce.unlp.edu.ar\/ceil\/wp-content\/uploads\/sites\/8\/2018\/06\/banner-ceil.jpg",696,81,false],"rt_custom":["https:\/\/idihcs.fahce.unlp.edu.ar\/ceil\/wp-content\/uploads\/sites\/8\/2018\/06\/banner-ceil.jpg",696,81,false]},"rttpg_author":{"display_name":"cbarletta","author_link":"https:\/\/idihcs.fahce.unlp.edu.ar\/ceil\/author\/cbarletta\/"},"rttpg_comment":0,"rttpg_category":null,"rttpg_excerpt":"CORdeMIA:Corpus de Espa\u00f1ol de Migrantes en Argentina A partir de 2010, en la Universidad Nacional de La Plata, desde la C\u00e1tedra de Ling\u00fc\u00edstica I,\u00a0se gener\u00f3 un grupo de alumnos y profesores que estudia, investiga y debate fen\u00f3menos de variaci\u00f3n ling\u00fc\u00edstica y contacto de lenguas. Los resultados obtenidos en los sucesivos an\u00e1lisis de datos, nos han&hellip;","_links":{"self":[{"href":"https:\/\/idihcs.fahce.unlp.edu.ar\/ceil\/wp-json\/wp\/v2\/pages\/155","targetHints":{"allow":["GET"]}}],"collection":[{"href":"https:\/\/idihcs.fahce.unlp.edu.ar\/ceil\/wp-json\/wp\/v2\/pages"}],"about":[{"href":"https:\/\/idihcs.fahce.unlp.edu.ar\/ceil\/wp-json\/wp\/v2\/types\/page"}],"author":[{"embeddable":true,"href":"https:\/\/idihcs.fahce.unlp.edu.ar\/ceil\/wp-json\/wp\/v2\/users\/3"}],"replies":[{"embeddable":true,"href":"https:\/\/idihcs.fahce.unlp.edu.ar\/ceil\/wp-json\/wp\/v2\/comments?post=155"}],"version-history":[{"count":12,"href":"https:\/\/idihcs.fahce.unlp.edu.ar\/ceil\/wp-json\/wp\/v2\/pages\/155\/revisions"}],"predecessor-version":[{"id":1062,"href":"https:\/\/idihcs.fahce.unlp.edu.ar\/ceil\/wp-json\/wp\/v2\/pages\/155\/revisions\/1062"}],"wp:featuredmedia":[{"embeddable":true,"href":"https:\/\/idihcs.fahce.unlp.edu.ar\/ceil\/wp-json\/wp\/v2\/media\/209"}],"wp:attachment":[{"href":"https:\/\/idihcs.fahce.unlp.edu.ar\/ceil\/wp-json\/wp\/v2\/media?parent=155"}],"curies":[{"name":"wp","href":"https:\/\/api.w.org\/{rel}","templated":true}]}}