{"id":1468,"date":"2025-04-21T01:55:53","date_gmt":"2025-04-21T04:55:53","guid":{"rendered":"https:\/\/idihcs.fahce.unlp.edu.ar\/ceil\/?page_id=1468"},"modified":"2025-11-03T01:15:55","modified_gmt":"2025-11-03T04:15:55","slug":"noticias","status":"publish","type":"page","link":"https:\/\/idihcs.fahce.unlp.edu.ar\/ceil\/noticias\/","title":{"rendered":"Noticias"},"content":{"rendered":"\n<p><em>El toldo de Astier<\/em> se encuentra en proceso de migraci\u00f3n de sitio, por lo que algunas secciones y n\u00fameros est\u00e1n incompletos. Agradecemos su comprensi\u00f3n y recomendamos visitar nuestro sitio anterior http:\/\/www.eltoldodeastier.fahce.unlp.edu.ar\/ y\/o <a href=\"https:\/\/www.memoria.fahce.unlp.edu.ar\/library?e=d-10000-00---off-0arti--00-2----0-10-0---0---0direct-10----4-------0-1l--10-es-Zz-1---100-about---00-3-1-00-00--4----0-0-01-00-0utfZz-8-00&amp;a=d&amp;c=arti&amp;cl=CL2.4.3\">Memoria Acad\u00e9mica<\/a> para acceder a n\u00fameros anteriores.<\/p>\n\n\n\n<p>Ya se encuentra publicado el N\u00famero 31 de la Revista. Se trata de un Dossier coordinado por Anabella Poggio y Soledad Funes sobre ense\u00f1anza de la lengua. \u00a1Les invitamos a leerlo!<\/p>\n\n\n\n<p><\/p>\n","protected":false},"excerpt":{"rendered":"<p>El toldo de Astier se encuentra en proceso de migraci\u00f3n de sitio, por lo que algunas secciones y n\u00fameros est\u00e1n incompletos. Agradecemos su comprensi\u00f3n y recomendamos visitar nuestro sitio anterior http:\/\/www.eltoldodeastier.fahce.unlp.edu.ar\/ y\/o Memoria Acad\u00e9mica para acceder a n\u00fameros anteriores. Ya se encuentra publicado el N\u00famero 31 de la Revista. Se trata de un Dossier coordinado [&hellip;]<\/p>\n","protected":false},"author":48,"featured_media":0,"parent":0,"menu_order":0,"comment_status":"closed","ping_status":"closed","template":"page-ui.php","meta":{"_themeisle_gutenberg_block_has_review":false,"footnotes":""},"class_list":["post-1468","page","type-page","status-publish","hentry"],"acf":[],"rttpg_featured_image_url":null,"rttpg_author":{"display_name":"toldo_astier","author_link":"https:\/\/idihcs.fahce.unlp.edu.ar\/ceil\/author\/toldo_astier\/"},"rttpg_comment":0,"rttpg_category":null,"rttpg_excerpt":"El toldo de Astier se encuentra en proceso de migraci\u00f3n de sitio, por lo que algunas secciones y n\u00fameros est\u00e1n incompletos. Agradecemos su comprensi\u00f3n y recomendamos visitar nuestro sitio anterior http:\/\/www.eltoldodeastier.fahce.unlp.edu.ar\/ y\/o Memoria Acad\u00e9mica para acceder a n\u00fameros anteriores. Ya se encuentra publicado el N\u00famero 31 de la Revista. Se trata de un Dossier coordinado&hellip;","_links":{"self":[{"href":"https:\/\/idihcs.fahce.unlp.edu.ar\/ceil\/wp-json\/wp\/v2\/pages\/1468","targetHints":{"allow":["GET"]}}],"collection":[{"href":"https:\/\/idihcs.fahce.unlp.edu.ar\/ceil\/wp-json\/wp\/v2\/pages"}],"about":[{"href":"https:\/\/idihcs.fahce.unlp.edu.ar\/ceil\/wp-json\/wp\/v2\/types\/page"}],"author":[{"embeddable":true,"href":"https:\/\/idihcs.fahce.unlp.edu.ar\/ceil\/wp-json\/wp\/v2\/users\/48"}],"replies":[{"embeddable":true,"href":"https:\/\/idihcs.fahce.unlp.edu.ar\/ceil\/wp-json\/wp\/v2\/comments?post=1468"}],"version-history":[{"count":4,"href":"https:\/\/idihcs.fahce.unlp.edu.ar\/ceil\/wp-json\/wp\/v2\/pages\/1468\/revisions"}],"predecessor-version":[{"id":1652,"href":"https:\/\/idihcs.fahce.unlp.edu.ar\/ceil\/wp-json\/wp\/v2\/pages\/1468\/revisions\/1652"}],"wp:attachment":[{"href":"https:\/\/idihcs.fahce.unlp.edu.ar\/ceil\/wp-json\/wp\/v2\/media?parent=1468"}],"curies":[{"name":"wp","href":"https:\/\/api.w.org\/{rel}","templated":true}]}}

<p><em>El toldo de Astier</em> se encuentra en proceso de migración de sitio, por lo que algunas secciones y números están incompletos. Agradecemos su comprensión y recomendamos visitar nuestro sitio anterior http://www.eltoldodeastier.fahce.unlp.edu.ar/ y/o <a href="https://www.memoria.fahce.unlp.edu.ar/library?e=d-10000-00---off-0arti--00-2----0-10-0---0---0direct-10----4-------0-1l--10-es-Zz-1---100-about---00-3-1-00-00--4----0-0-01-00-0utfZz-8-00&amp;a=d&amp;c=arti&amp;cl=CL2.4.3">Memoria Académica</a> para acceder a números anteriores.</p>



<p>Ya se encuentra publicado el Número 31 de la Revista. Se trata de un Dossier coordinado por Anabella Poggio y Soledad Funes sobre enseñanza de la lengua. ¡Les invitamos a leerlo!</p>



<p></p>

<p>El toldo de Astier se encuentra en proceso de migración de sitio, por lo que algunas secciones y números están incompletos. Agradecemos su comprensión y recomendamos visitar nuestro sitio anterior http://www.eltoldodeastier.fahce.unlp.edu.ar/ y/o Memoria Académica para acceder a números anteriores. Ya se encuentra publicado el Número 31 de la Revista. Se trata de un Dossier coordinado [&hellip;]</p>

El toldo de Astier se encuentra en proceso de migración de sitio, por lo que algunas secciones y números están incompletos. Agradecemos su comprensión y recomendamos visitar nuestro sitio anterior http://www.eltoldodeastier.fahce.unlp.edu.ar/ y/o Memoria Académica para acceder a números anteriores. Ya se encuentra publicado el Número 31 de la Revista. Se trata de un Dossier coordinado&hellip;
