{"id":1445,"date":"2025-04-21T01:30:35","date_gmt":"2025-04-21T04:30:35","guid":{"rendered":"https:\/\/idihcs.fahce.unlp.edu.ar\/ceil\/?page_id=1445"},"modified":"2025-04-29T17:55:31","modified_gmt":"2025-04-29T20:55:31","slug":"equipo-de-trabajo","status":"publish","type":"page","link":"https:\/\/idihcs.fahce.unlp.edu.ar\/ceil\/equipo-de-trabajo\/","title":{"rendered":"Equipo de trabajo"},"content":{"rendered":"\n<p><strong>ISSN 1853-3124<\/strong><\/p>\n\n\n\n<p><strong>Director<\/strong><br>Prof. y Dr.&nbsp;<strong>Mariano Dubin<\/strong><\/p>\n\n\n\n<p><strong>Secretarias de redacci\u00f3n<\/strong><br>Prof.&nbsp;<strong>Malena Botto<\/strong>. Universidad Nacional de La Plata.<br>Prof. y Lic.&nbsp;<strong>Manuela L\u00f3pez Corral.&nbsp;<\/strong>Universidad Nacional de La Plata.<br>Prof. y Lic.&nbsp;<strong>Luciana Morini.&nbsp;<\/strong>Universidad Nacional de La Plata.<\/p>\n\n\n\n<p><strong>Comit\u00e9 editorial<\/strong><br>Prof. y Lic.&nbsp;<strong>Mat\u00edas Massarella<\/strong>. Universidad Nacional de La Plata.<br>Prof.&nbsp;<strong>Mariana Provenzano<\/strong>. Universidad Nacional de La Plata.<br>Prof.&nbsp;<strong>Florencia Gomez<\/strong>.<strong>&nbsp;<\/strong>Universidad Nacional de La Plata.<br>Prof.&nbsp;<strong>Luisina Marcos Bernasconi<\/strong>. Universidad Nacional de La Plata.<br>Prof.&nbsp;<strong>Daniel Rojas Delgado.&nbsp;<\/strong>Universidad Pedag\u00f3gica Nacional.<br>Prof. y Dr.<strong>&nbsp;Alejo Gonz\u00e1les L\u00f3pez Ledesma<\/strong>. Universidad Pedag\u00f3gica Nacional.<br>Prof.&nbsp;<strong>Anabella Poggio<\/strong>. Universidad de Buenos Aires y Universidad Pedag\u00f3gica Nacional.&nbsp;<br>Prof. y Mag.&nbsp;<strong>Ariadne Catarine Dos Santos<\/strong>.<strong>&nbsp;<\/strong>Universidade de S\u00e3o Paulo (Brasil).<\/p>\n\n\n\n<p><strong>Colaboradoras<\/strong><br><strong>Lara Almada<\/strong>. Universidad Nacional de La Plata.<br><strong>Amelia Hern\u00e1ndez<\/strong>. Universidad Nacional de La Plata.<br><strong>Valeria Castro<\/strong>. Universidad Nacional de La Plata.<\/p>\n\n\n\n<p><strong>Comit\u00e9 Cient\u00edfico<\/strong>&nbsp;(en orden alfab\u00e9tico)<br>Dr.&nbsp;<strong>Valdir Barzotto<\/strong>. Universidad de San Pablo. Brasil.<br>Dra.&nbsp;<strong>Beatriz Bixio<\/strong>. Universidad Nacional de C\u00f3rdoba. Argentina.<br>Dra.&nbsp;<strong>Andrea Bocco<\/strong>. Universidad Nacional de C\u00f3rdoba. Argentina.<br>Dr.&nbsp;<strong>Luiz Carlos Cagliari<\/strong>. Universidad Estatal Paulista. Brasil.<br>Dra.&nbsp;<strong>Carolina Cuesta<\/strong>. Universidad Pedag\u00f3gica Nacional. Argentina.<br>Dr.&nbsp;<strong>Jos\u00e9 Luis De Diego<\/strong>. Universidad Nacional de La Plata. Argentina.<br>Dr.&nbsp;<strong>Jos\u00e9 Sergio Fonseca de Carvalho<\/strong>. Universidad de San Pablo. Brasil.<br>Dra.&nbsp;<strong>Stella Maris Tapia<\/strong>. Universidad Nacional de R\u00edo Negro. Argentina.<br>Dra.&nbsp;<strong>Angelita Martinez<\/strong>. Universidad Nacional de La Plata. Argentina.<br>Dra.&nbsp;<strong>Marta Negrin<\/strong>. Universidad Nacional del Sur. Argentina.<br>Dra.&nbsp;<strong>Mar\u00eda In\u00e9s Oviedo<\/strong>. Universidad Pedag\u00f3gica Nacional. Argentina.<br>Dr.&nbsp;<strong>Juan Daniel Ram\u00edrez Garrido<\/strong>. Universidad Pablo de Olavide. Espa\u00f1a.<br>Dra.&nbsp;<strong>Dora Riestra<\/strong>. Universidad Nacional del Comahue. Argentina.<br>Dra.&nbsp;<strong>Elsie Rockwell<\/strong>. Centro de Investigaci\u00f3n y de Estudios Avanzados. M\u00e9xico.<br>Dra.<strong>&nbsp;Sandra Sawaya<\/strong>. Universidad de San Pablo. Brasil.<br>Dra.&nbsp;<strong>Myriam Southwell<\/strong>. Universidad Nacional de La Plata. Argentina.<br>Dra.&nbsp;<strong>Beatriz Taboada<\/strong>. Universidad Aut\u00f3noma de Entre R\u00edos. Argentina.<\/p>\n\n\n\n<p>_________________________________________________________________________<\/p>\n\n\n\n<p><strong>Hist\u00f3rico de los cambios en Comit\u00e9s Acad\u00e9mico y Editorial&nbsp;<\/strong><\/p>\n\n\n\n<p><strong>[2023]&nbsp;<\/strong><br>Prof.&nbsp;<strong>Elba Amado<\/strong>. Universidad Nacional de Tucum\u00e1n y Universidad Nacional de Jujuy. Argentina.<br>Prof.&nbsp;<strong>Alcira Bas<\/strong>. Universidad de Buenos Aires y Universidad Nacional de San Mart\u00edn. Argentina.<br>Prof.&nbsp;<strong>Adriana Coscarelli<\/strong>. Universidad Nacional de La Plata. Argentina.<br>Dr.&nbsp;<strong>Ezequiel Theodoro da Silva<\/strong>. Universidad Estadual de Campinas. Brasil.&nbsp;<br>Mg.&nbsp;<strong>Mar\u00eda Dolores Duarte<\/strong>. Universidad Nacional del Comahue. Argentina.<br>Dra.&nbsp;<strong>Anal\u00eda Gerbaudo<\/strong>. Universidad Nacional del Litoral. Argentina.<br>Lic.&nbsp;<strong>Gl\u00e1ucia Mar\u00edlia Hass<\/strong>. Universidad Estadual de Ponta Grossa. Brasil.<br>Lic.&nbsp;<strong>Graciela Herrera de Bett<\/strong>. Universidad Nacional de C\u00f3rdoba. Argentina.<br>Dra.&nbsp;<strong>Edda Hurtado<\/strong>. Pontificia Universidad Cat\u00f3lica de Valpara\u00edso. Chile.<br>Mg.&nbsp;<strong>Mar\u00eda Elena Leiza de Almada<\/strong>. Universidad Nacional del Comahue. Argentina.<br>Dra.&nbsp;<strong>Paola Piacenza<\/strong>. Universidad Nacional de Rosario. Argentina.<br>_________________________________________________________________________________<\/p>\n\n\n\n<p><strong>[2022]&nbsp;<\/strong><br><strong>Direcci\u00f3n (2010-2021)<\/strong><br>Prof. y Dra. Carolina Cuesta. Universidad Nacional de la Plata<br>_________________________________________________________________________________<\/p>\n\n\n\n<p><strong>Comit\u00e9 Editorial (2013 \u2013 2016)&nbsp;<\/strong><br>Prof.<strong>&nbsp;Mar\u00eda Fernanda Ronconi<\/strong>. Universidad Nacional de La Plata.<br>Prof.<strong>&nbsp;Luc\u00eda Gonz\u00e1lez<\/strong>. Universidad Nacional de La Plata.<br>Prof.<strong>&nbsp;Emmanuel Urbina<\/strong>. Universidad Nacional de La Plata.<\/p>\n\n\n\n<p>_________________________________________________________________________________<\/p>\n\n\n\n<p><strong>Correctores de estilo (entre 2015 y 2018)<\/strong><br>Prof<strong>. Luc\u00eda Pose.&nbsp;<\/strong>Universidad Nacional de La Plata.<br>Prof. y Dr.&nbsp;<strong>Atilio Rubino<\/strong>. Universidad Nacional de La Plata.<br>Prof. y Esp.&nbsp;<strong>Mar\u00eda de los \u00c1ngeles Contreras<\/strong>. Universidad Nacional de La Plata.<strong>&nbsp;<\/strong><\/p>\n","protected":false},"excerpt":{"rendered":"<p>ISSN 1853-3124 DirectorProf. y Dr.&nbsp;Mariano Dubin Secretarias de redacci\u00f3nProf.&nbsp;Malena Botto. Universidad Nacional de La Plata.Prof. y Lic.&nbsp;Manuela L\u00f3pez Corral.&nbsp;Universidad Nacional de La Plata.Prof. y Lic.&nbsp;Luciana Morini.&nbsp;Universidad Nacional de La Plata. Comit\u00e9 editorialProf. y Lic.&nbsp;Mat\u00edas Massarella. Universidad Nacional de La Plata.Prof.&nbsp;Mariana Provenzano. Universidad Nacional de La Plata.Prof.&nbsp;Florencia Gomez.&nbsp;Universidad Nacional de La Plata.Prof.&nbsp;Luisina Marcos Bernasconi. Universidad Nacional [&hellip;]<\/p>\n","protected":false},"author":48,"featured_media":0,"parent":0,"menu_order":0,"comment_status":"closed","ping_status":"closed","template":"page-ui.php","meta":{"_themeisle_gutenberg_block_has_review":false,"footnotes":""},"class_list":["post-1445","page","type-page","status-publish","hentry"],"acf":[],"rttpg_featured_image_url":null,"rttpg_author":{"display_name":"toldo_astier","author_link":"https:\/\/idihcs.fahce.unlp.edu.ar\/ceil\/author\/toldo_astier\/"},"rttpg_comment":0,"rttpg_category":null,"rttpg_excerpt":"ISSN 1853-3124 DirectorProf. y Dr.&nbsp;Mariano Dubin Secretarias de redacci\u00f3nProf.&nbsp;Malena Botto. Universidad Nacional de La Plata.Prof. y Lic.&nbsp;Manuela L\u00f3pez Corral.&nbsp;Universidad Nacional de La Plata.Prof. y Lic.&nbsp;Luciana Morini.&nbsp;Universidad Nacional de La Plata. Comit\u00e9 editorialProf. y Lic.&nbsp;Mat\u00edas Massarella. Universidad Nacional de La Plata.Prof.&nbsp;Mariana Provenzano. Universidad Nacional de La Plata.Prof.&nbsp;Florencia Gomez.&nbsp;Universidad Nacional de La Plata.Prof.&nbsp;Luisina Marcos Bernasconi. Universidad Nacional&hellip;","_links":{"self":[{"href":"https:\/\/idihcs.fahce.unlp.edu.ar\/ceil\/wp-json\/wp\/v2\/pages\/1445","targetHints":{"allow":["GET"]}}],"collection":[{"href":"https:\/\/idihcs.fahce.unlp.edu.ar\/ceil\/wp-json\/wp\/v2\/pages"}],"about":[{"href":"https:\/\/idihcs.fahce.unlp.edu.ar\/ceil\/wp-json\/wp\/v2\/types\/page"}],"author":[{"embeddable":true,"href":"https:\/\/idihcs.fahce.unlp.edu.ar\/ceil\/wp-json\/wp\/v2\/users\/48"}],"replies":[{"embeddable":true,"href":"https:\/\/idihcs.fahce.unlp.edu.ar\/ceil\/wp-json\/wp\/v2\/comments?post=1445"}],"version-history":[{"count":1,"href":"https:\/\/idihcs.fahce.unlp.edu.ar\/ceil\/wp-json\/wp\/v2\/pages\/1445\/revisions"}],"predecessor-version":[{"id":1455,"href":"https:\/\/idihcs.fahce.unlp.edu.ar\/ceil\/wp-json\/wp\/v2\/pages\/1445\/revisions\/1455"}],"wp:attachment":[{"href":"https:\/\/idihcs.fahce.unlp.edu.ar\/ceil\/wp-json\/wp\/v2\/media?parent=1445"}],"curies":[{"name":"wp","href":"https:\/\/api.w.org\/{rel}","templated":true}]}}

<p><strong>ISSN 1853-3124</strong></p>



<p><strong>Director</strong><br>Prof. y Dr.&nbsp;<strong>Mariano Dubin</strong></p>



<p><strong>Secretarias de redacción</strong><br>Prof.&nbsp;<strong>Malena Botto</strong>. Universidad Nacional de La Plata.<br>Prof. y Lic.&nbsp;<strong>Manuela López Corral.&nbsp;</strong>Universidad Nacional de La Plata.<br>Prof. y Lic.&nbsp;<strong>Luciana Morini.&nbsp;</strong>Universidad Nacional de La Plata.</p>



<p><strong>Comité editorial</strong><br>Prof. y Lic.&nbsp;<strong>Matías Massarella</strong>. Universidad Nacional de La Plata.<br>Prof.&nbsp;<strong>Mariana Provenzano</strong>. Universidad Nacional de La Plata.<br>Prof.&nbsp;<strong>Florencia Gomez</strong>.<strong>&nbsp;</strong>Universidad Nacional de La Plata.<br>Prof.&nbsp;<strong>Luisina Marcos Bernasconi</strong>. Universidad Nacional de La Plata.<br>Prof.&nbsp;<strong>Daniel Rojas Delgado.&nbsp;</strong>Universidad Pedagógica Nacional.<br>Prof. y Dr.<strong>&nbsp;Alejo Gonzáles López Ledesma</strong>. Universidad Pedagógica Nacional.<br>Prof.&nbsp;<strong>Anabella Poggio</strong>. Universidad de Buenos Aires y Universidad Pedagógica Nacional.&nbsp;<br>Prof. y Mag.&nbsp;<strong>Ariadne Catarine Dos Santos</strong>.<strong>&nbsp;</strong>Universidade de São Paulo (Brasil).</p>



<p><strong>Colaboradoras</strong><br><strong>Lara Almada</strong>. Universidad Nacional de La Plata.<br><strong>Amelia Hernández</strong>. Universidad Nacional de La Plata.<br><strong>Valeria Castro</strong>. Universidad Nacional de La Plata.</p>



<p><strong>Comité Científico</strong>&nbsp;(en orden alfabético)<br>Dr.&nbsp;<strong>Valdir Barzotto</strong>. Universidad de San Pablo. Brasil.<br>Dra.&nbsp;<strong>Beatriz Bixio</strong>. Universidad Nacional de Córdoba. Argentina.<br>Dra.&nbsp;<strong>Andrea Bocco</strong>. Universidad Nacional de Córdoba. Argentina.<br>Dr.&nbsp;<strong>Luiz Carlos Cagliari</strong>. Universidad Estatal Paulista. Brasil.<br>Dra.&nbsp;<strong>Carolina Cuesta</strong>. Universidad Pedagógica Nacional. Argentina.<br>Dr.&nbsp;<strong>José Luis De Diego</strong>. Universidad Nacional de La Plata. Argentina.<br>Dr.&nbsp;<strong>José Sergio Fonseca de Carvalho</strong>. Universidad de San Pablo. Brasil.<br>Dra.&nbsp;<strong>Stella Maris Tapia</strong>. Universidad Nacional de Río Negro. Argentina.<br>Dra.&nbsp;<strong>Angelita Martinez</strong>. Universidad Nacional de La Plata. Argentina.<br>Dra.&nbsp;<strong>Marta Negrin</strong>. Universidad Nacional del Sur. Argentina.<br>Dra.&nbsp;<strong>María Inés Oviedo</strong>. Universidad Pedagógica Nacional. Argentina.<br>Dr.&nbsp;<strong>Juan Daniel Ramírez Garrido</strong>. Universidad Pablo de Olavide. España.<br>Dra.&nbsp;<strong>Dora Riestra</strong>. Universidad Nacional del Comahue. Argentina.<br>Dra.&nbsp;<strong>Elsie Rockwell</strong>. Centro de Investigación y de Estudios Avanzados. México.<br>Dra.<strong>&nbsp;Sandra Sawaya</strong>. Universidad de San Pablo. Brasil.<br>Dra.&nbsp;<strong>Myriam Southwell</strong>. Universidad Nacional de La Plata. Argentina.<br>Dra.&nbsp;<strong>Beatriz Taboada</strong>. Universidad Autónoma de Entre Ríos. Argentina.</p>



<p>_________________________________________________________________________</p>



<p><strong>Histórico de los cambios en Comités Académico y Editorial&nbsp;</strong></p>



<p><strong>[2023]&nbsp;</strong><br>Prof.&nbsp;<strong>Elba Amado</strong>. Universidad Nacional de Tucumán y Universidad Nacional de Jujuy. Argentina.<br>Prof.&nbsp;<strong>Alcira Bas</strong>. Universidad de Buenos Aires y Universidad Nacional de San Martín. Argentina.<br>Prof.&nbsp;<strong>Adriana Coscarelli</strong>. Universidad Nacional de La Plata. Argentina.<br>Dr.&nbsp;<strong>Ezequiel Theodoro da Silva</strong>. Universidad Estadual de Campinas. Brasil.&nbsp;<br>Mg.&nbsp;<strong>María Dolores Duarte</strong>. Universidad Nacional del Comahue. Argentina.<br>Dra.&nbsp;<strong>Analía Gerbaudo</strong>. Universidad Nacional del Litoral. Argentina.<br>Lic.&nbsp;<strong>Gláucia Marília Hass</strong>. Universidad Estadual de Ponta Grossa. Brasil.<br>Lic.&nbsp;<strong>Graciela Herrera de Bett</strong>. Universidad Nacional de Córdoba. Argentina.<br>Dra.&nbsp;<strong>Edda Hurtado</strong>. Pontificia Universidad Católica de Valparaíso. Chile.<br>Mg.&nbsp;<strong>María Elena Leiza de Almada</strong>. Universidad Nacional del Comahue. Argentina.<br>Dra.&nbsp;<strong>Paola Piacenza</strong>. Universidad Nacional de Rosario. Argentina.<br>_________________________________________________________________________________</p>



<p><strong>[2022]&nbsp;</strong><br><strong>Dirección (2010-2021)</strong><br>Prof. y Dra. Carolina Cuesta. Universidad Nacional de la Plata<br>_________________________________________________________________________________</p>



<p><strong>Comité Editorial (2013 – 2016)&nbsp;</strong><br>Prof.<strong>&nbsp;María Fernanda Ronconi</strong>. Universidad Nacional de La Plata.<br>Prof.<strong>&nbsp;Lucía González</strong>. Universidad Nacional de La Plata.<br>Prof.<strong>&nbsp;Emmanuel Urbina</strong>. Universidad Nacional de La Plata.</p>



<p>_________________________________________________________________________________</p>



<p><strong>Correctores de estilo (entre 2015 y 2018)</strong><br>Prof<strong>. Lucía Pose.&nbsp;</strong>Universidad Nacional de La Plata.<br>Prof. y Dr.&nbsp;<strong>Atilio Rubino</strong>. Universidad Nacional de La Plata.<br>Prof. y Esp.&nbsp;<strong>María de los Ángeles Contreras</strong>. Universidad Nacional de La Plata.<strong>&nbsp;</strong></p>

<p>ISSN 1853-3124 DirectorProf. y Dr.&nbsp;Mariano Dubin Secretarias de redacciónProf.&nbsp;Malena Botto. Universidad Nacional de La Plata.Prof. y Lic.&nbsp;Manuela López Corral.&nbsp;Universidad Nacional de La Plata.Prof. y Lic.&nbsp;Luciana Morini.&nbsp;Universidad Nacional de La Plata. Comité editorialProf. y Lic.&nbsp;Matías Massarella. Universidad Nacional de La Plata.Prof.&nbsp;Mariana Provenzano. Universidad Nacional de La Plata.Prof.&nbsp;Florencia Gomez.&nbsp;Universidad Nacional de La Plata.Prof.&nbsp;Luisina Marcos Bernasconi. Universidad Nacional [&hellip;]</p>

ISSN 1853-3124 DirectorProf. y Dr.&nbsp;Mariano Dubin Secretarias de redacciónProf.&nbsp;Malena Botto. Universidad Nacional de La Plata.Prof. y Lic.&nbsp;Manuela López Corral.&nbsp;Universidad Nacional de La Plata.Prof. y Lic.&nbsp;Luciana Morini.&nbsp;Universidad Nacional de La Plata. Comité editorialProf. y Lic.&nbsp;Matías Massarella. Universidad Nacional de La Plata.Prof.&nbsp;Mariana Provenzano. Universidad Nacional de La Plata.Prof.&nbsp;Florencia Gomez.&nbsp;Universidad Nacional de La Plata.Prof.&nbsp;Luisina Marcos Bernasconi. Universidad Nacional&hellip;
