{"id":1383,"date":"2025-03-28T10:23:05","date_gmt":"2025-03-28T13:23:05","guid":{"rendered":"https:\/\/idihcs.fahce.unlp.edu.ar\/ceil\/?page_id=1383"},"modified":"2025-11-03T01:07:54","modified_gmt":"2025-11-03T04:07:54","slug":"toldo-de-astier","status":"publish","type":"page","link":"https:\/\/idihcs.fahce.unlp.edu.ar\/ceil\/toldo-de-astier\/","title":{"rendered":"El toldo de Astier"},"content":{"rendered":"\n<p class=\"has-black-color has-white-background-color has-text-color has-background has-link-color has-medium-font-size wp-elements-eecace423a967e9d839fc8249f5010e3\" style=\"font-style:italic;font-weight:400\">Bienvenidos a El toldo de Astier. Propuestas y estudios sobre ense\u00f1anza de la lengua y la literatura. Revista virtual semestral de divulgaci\u00f3n. C\u00e1tedra de Did\u00e1ctica de la lengua y la literatura I. Departamento de Letras. ISSN 1853-3124<\/p>\n\n\n\n<p class=\"has-vivid-purple-color has-white-background-color has-text-color has-background has-link-color wp-elements-5f33d37aae819f853432ef08aec5a769\" style=\"font-style:normal;font-weight:400\">El Toldo de Astier: propuestas y estudios sobre ense\u00f1anza de la lengua y la literatura es una revista orientada a las propuestas y estudios sobre la ense\u00f1anza de la lengua y la literatura. En el a\u00f1o 2010, la c\u00e1tedra de Did\u00e1ctica de la Lengua y la Literatura I y el Departamento de Letras publicaron su primer n\u00famero procurando la articulaci\u00f3n del Profesorado en Letras de la Facultad de Humanidades y Ciencias de la Educaci\u00f3n de la Universidad Nacional de La Plata con el sistema educativo.<\/p>\n\n\n\n<p class=\"has-text-align-center has-white-color has-vivid-purple-background-color has-text-color has-background has-link-color wp-elements-22f45791a7a15410b919843462ce84d9\"><a href=\"https:\/\/idihcs.fahce.unlp.edu.ar\/ceil\/numero-actual\/\">N\u00famero actual<\/a><\/p>\n\n\n\n<p class=\"has-text-align-center has-white-color has-vivid-purple-background-color has-text-color has-background has-link-color wp-elements-c1aa8d54eac2646384c539bf75a5d916\"><a href=\"https:\/\/idihcs.fahce.unlp.edu.ar\/ceil\/equipo-de-trabajo\/\">Equipo de trabajo<\/a><\/p>\n\n\n\n<p class=\"has-text-align-center has-white-color has-vivid-purple-background-color has-text-color has-background has-link-color wp-elements-0994a5dcee0d69c0d4718161bb233745\"><a href=\"https:\/\/idihcs.fahce.unlp.edu.ar\/ceil\/secciones\/\">Secciones<\/a><\/p>\n\n\n\n<p class=\"has-text-align-center has-white-color has-vivid-purple-background-color has-text-color has-background has-link-color wp-elements-5840c427a62fbc29e94ef3fadd3b2489\"><a href=\"https:\/\/idihcs.fahce.unlp.edu.ar\/ceil\/normas-de-presentacion\/\">Normas de presentaci\u00f3n<\/a><\/p>\n\n\n\n<p class=\"has-text-align-center has-white-color has-vivid-purple-background-color has-text-color has-background has-link-color wp-elements-194c185d32e851c434df3e3027b3cb8e\"><a href=\"https:\/\/idihcs.fahce.unlp.edu.ar\/ceil\/numeros-anteriores\/\">N\u00fameros anterior<\/a><a href=\"https:\/\/idihcs.fahce.unlp.edu.ar\/ceil\/archivo-de-numeros-anteriores\/\">es<\/a><\/p>\n\n\n\n<p class=\"has-text-align-center has-white-color has-vivid-purple-background-color has-text-color has-background has-link-color wp-elements-4ebbcc8d5b5f4bfdad714c38fe432fc6\"><a href=\"https:\/\/idihcs.fahce.unlp.edu.ar\/ceil\/noticias\/\">Noticias<\/a><\/p>\n\n\n\n<p><\/p>\n\n\n\n<p class=\"has-cyan-bluish-gray-background-color has-background\">Director: Dr. Mariano Dubin<br>Facultad de Humanidades y Ciencias de la Educaci\u00f3n<br>Universidad Nacional de La Plata<br>Calle 51 entre 124 y 125 &#8211; Ofcina A112<br>B1925 ENSENADA, Argentina<br>Telefax: +54-221- 4236671\/73\/75 Int. 1137<br>Correo-e:&nbsp;&nbsp;<a href=\"mailto:eltoldodeastier@fahce.unlp.edu.ar\">eltoldodeastier@fahce.unlp.edu.ar<\/a><br><a href=\"http:\/\/www.eltoldodeastier.fahce.unlp.edu.ar\/\">https:\/\/idihcs.fahce.unlp.edu.ar\/ceil\/toldo-de-astier\/<\/a><\/p>\n\n\n\n<p>Adherida a los siguientes repositorios acad\u00e9micos:<\/p>\n\n\n\n<div class=\"wp-block-media-text is-stacked-on-mobile\" style=\"grid-template-columns:15% auto\"><figure class=\"wp-block-media-text__media\"><img loading=\"lazy\" decoding=\"async\" width=\"403\" height=\"125\" src=\"https:\/\/idihcs.fahce.unlp.edu.ar\/ceil\/wp-content\/uploads\/sites\/8\/2025\/04\/image-5.png\" alt=\"\" class=\"wp-image-1502 size-full\" srcset=\"https:\/\/idihcs.fahce.unlp.edu.ar\/ceil\/wp-content\/uploads\/sites\/8\/2025\/04\/image-5.png 403w, https:\/\/idihcs.fahce.unlp.edu.ar\/ceil\/wp-content\/uploads\/sites\/8\/2025\/04\/image-5-300x93.png 300w\" sizes=\"auto, (max-width: 403px) 100vw, 403px\" \/><\/figure><div class=\"wp-block-media-text__content\">\n<p><a href=\"https:\/\/www.memoria.fahce.unlp.edu.ar\/\">Memoria Acad\u00e9mica<\/a>&nbsp;&nbsp;<\/p>\n<\/div><\/div>\n\n\n\n<div class=\"wp-block-media-text is-stacked-on-mobile\" style=\"grid-template-columns:15% auto\"><figure class=\"wp-block-media-text__media\"><img loading=\"lazy\" decoding=\"async\" width=\"179\" height=\"68\" src=\"https:\/\/idihcs.fahce.unlp.edu.ar\/ceil\/wp-content\/uploads\/sites\/8\/2025\/04\/image-1.png\" alt=\"\" class=\"wp-image-1497 size-full\" \/><\/figure><div class=\"wp-block-media-text__content\">\n<p><a href=\"http:\/\/sedici.unlp.edu.ar\/\" target=\"_blank\" rel=\"noreferrer noopener\">Sedici (Universidad Nacional de La Plata)<\/a><\/p>\n<\/div><\/div>\n\n\n\n<div class=\"wp-block-media-text is-stacked-on-mobile\" style=\"grid-template-columns:15% auto\"><figure class=\"wp-block-media-text__media\"><img loading=\"lazy\" decoding=\"async\" width=\"97\" height=\"50\" src=\"https:\/\/idihcs.fahce.unlp.edu.ar\/ceil\/wp-content\/uploads\/sites\/8\/2025\/04\/image-2.png\" alt=\"\" class=\"wp-image-1498 size-full\" \/><\/figure><div class=\"wp-block-media-text__content\">\n<p>&nbsp;<a href=\"http:\/\/www.latam-studies.com\/\" target=\"_blank\" rel=\"noreferrer noopener\">LatAm (Estudios Latinoamericanos)<\/a>&nbsp;&nbsp;<\/p>\n<\/div><\/div>\n\n\n\n<div class=\"wp-block-media-text is-stacked-on-mobile\" style=\"grid-template-columns:15% auto\"><figure class=\"wp-block-media-text__media\"><img loading=\"lazy\" decoding=\"async\" width=\"89\" height=\"82\" src=\"https:\/\/idihcs.fahce.unlp.edu.ar\/ceil\/wp-content\/uploads\/sites\/8\/2025\/04\/image.png\" alt=\"\" class=\"wp-image-1496 size-full\" \/><\/figure><div class=\"wp-block-media-text__content\">\n<p><a href=\"https:\/\/www.latindex.org\/latindex\/inicio\" target=\"_blank\" rel=\"noreferrer noopener\">Latindex (Am\u00e9rica Latina, el Caribe, Espa\u00f1a y Portugal)<\/a><\/p>\n<\/div><\/div>\n\n\n\n<div class=\"wp-block-media-text is-stacked-on-mobile\" style=\"grid-template-columns:15% auto\"><figure class=\"wp-block-media-text__media\"><img loading=\"lazy\" decoding=\"async\" width=\"138\" height=\"63\" src=\"https:\/\/idihcs.fahce.unlp.edu.ar\/ceil\/wp-content\/uploads\/sites\/8\/2025\/04\/image-4.png\" alt=\"\" class=\"wp-image-1500 size-full\" \/><\/figure><div class=\"wp-block-media-text__content\">\n<p><a href=\"https:\/\/dialnet.unirioja.es\/\" target=\"_blank\" rel=\"noreferrer noopener\">Dialnet (Universidad de La Rioja, Espa\u00f1a)<\/a><\/p>\n<\/div><\/div>\n\n\n\n<div class=\"wp-block-media-text is-stacked-on-mobile\" style=\"grid-template-columns:15% auto\"><figure class=\"wp-block-media-text__media\"><img loading=\"lazy\" decoding=\"async\" width=\"65\" height=\"60\" src=\"https:\/\/idihcs.fahce.unlp.edu.ar\/ceil\/wp-content\/uploads\/sites\/8\/2025\/04\/image-3.png\" alt=\"\" class=\"wp-image-1499 size-full\" \/><\/figure><div class=\"wp-block-media-text__content\">\n<p> &nbsp;<a href=\"https:\/\/www.flacso.org.ar\/latinrev\/\" target=\"_blank\" rel=\"noreferrer noopener\">Latinrev (FLACSO)<\/a><\/p>\n<\/div><\/div>\n\n\n\n<p><\/p>\n","protected":false},"excerpt":{"rendered":"<p>Bienvenidos a El toldo de Astier. Propuestas y estudios sobre ense\u00f1anza de la lengua y la literatura. Revista virtual semestral de divulgaci\u00f3n. C\u00e1tedra de Did\u00e1ctica de la lengua y la literatura I. Departamento de Letras. ISSN 1853-3124 El Toldo de Astier: propuestas y estudios sobre ense\u00f1anza de la lengua y la literatura es una revista [&hellip;]<\/p>\n","protected":false},"author":1,"featured_media":1493,"parent":0,"menu_order":0,"comment_status":"closed","ping_status":"closed","template":"page-ui.php","meta":{"_themeisle_gutenberg_block_has_review":false,"footnotes":""},"class_list":["post-1383","page","type-page","status-publish","has-post-thumbnail","hentry"],"acf":[],"rttpg_featured_image_url":{"full":["https:\/\/idihcs.fahce.unlp.edu.ar\/ceil\/wp-content\/uploads\/sites\/8\/2025\/04\/Encabezado-Revi.png",867,143,false],"landscape":["https:\/\/idihcs.fahce.unlp.edu.ar\/ceil\/wp-content\/uploads\/sites\/8\/2025\/04\/Encabezado-Revi.png",867,143,false],"portraits":["https:\/\/idihcs.fahce.unlp.edu.ar\/ceil\/wp-content\/uploads\/sites\/8\/2025\/04\/Encabezado-Revi.png",867,143,false],"thumbnail":["https:\/\/idihcs.fahce.unlp.edu.ar\/ceil\/wp-content\/uploads\/sites\/8\/2025\/04\/Encabezado-Revi-150x143.png",150,143,true],"medium":["https:\/\/idihcs.fahce.unlp.edu.ar\/ceil\/wp-content\/uploads\/sites\/8\/2025\/04\/Encabezado-Revi-300x49.png",300,49,true],"large":["https:\/\/idihcs.fahce.unlp.edu.ar\/ceil\/wp-content\/uploads\/sites\/8\/2025\/04\/Encabezado-Revi.png",696,115,false],"1536x1536":["https:\/\/idihcs.fahce.unlp.edu.ar\/ceil\/wp-content\/uploads\/sites\/8\/2025\/04\/Encabezado-Revi.png",867,143,false],"2048x2048":["https:\/\/idihcs.fahce.unlp.edu.ar\/ceil\/wp-content\/uploads\/sites\/8\/2025\/04\/Encabezado-Revi.png",867,143,false],"td_80x60":["https:\/\/idihcs.fahce.unlp.edu.ar\/ceil\/wp-content\/uploads\/sites\/8\/2025\/04\/Encabezado-Revi-80x60.png",80,60,true],"td_100x70":["https:\/\/idihcs.fahce.unlp.edu.ar\/ceil\/wp-content\/uploads\/sites\/8\/2025\/04\/Encabezado-Revi-100x70.png",100,70,true],"td_218x150":["https:\/\/idihcs.fahce.unlp.edu.ar\/ceil\/wp-content\/uploads\/sites\/8\/2025\/04\/Encabezado-Revi-218x143.png",218,143,true],"td_265x198":["https:\/\/idihcs.fahce.unlp.edu.ar\/ceil\/wp-content\/uploads\/sites\/8\/2025\/04\/Encabezado-Revi-265x143.png",265,143,true],"td_324x160":["https:\/\/idihcs.fahce.unlp.edu.ar\/ceil\/wp-content\/uploads\/sites\/8\/2025\/04\/Encabezado-Revi-324x143.png",324,143,true],"td_324x235":["https:\/\/idihcs.fahce.unlp.edu.ar\/ceil\/wp-content\/uploads\/sites\/8\/2025\/04\/Encabezado-Revi-324x143.png",324,143,true],"td_324x400":["https:\/\/idihcs.fahce.unlp.edu.ar\/ceil\/wp-content\/uploads\/sites\/8\/2025\/04\/Encabezado-Revi-324x143.png",324,143,true],"td_356x220":["https:\/\/idihcs.fahce.unlp.edu.ar\/ceil\/wp-content\/uploads\/sites\/8\/2025\/04\/Encabezado-Revi-356x143.png",356,143,true],"td_356x364":["https:\/\/idihcs.fahce.unlp.edu.ar\/ceil\/wp-content\/uploads\/sites\/8\/2025\/04\/Encabezado-Revi-356x143.png",356,143,true],"td_485x360":["https:\/\/idihcs.fahce.unlp.edu.ar\/ceil\/wp-content\/uploads\/sites\/8\/2025\/04\/Encabezado-Revi-485x143.png",485,143,true],"td_533x261":["https:\/\/idihcs.fahce.unlp.edu.ar\/ceil\/wp-content\/uploads\/sites\/8\/2025\/04\/Encabezado-Revi-533x143.png",533,143,true],"td_534x462":["https:\/\/idihcs.fahce.unlp.edu.ar\/ceil\/wp-content\/uploads\/sites\/8\/2025\/04\/Encabezado-Revi-534x143.png",534,143,true],"td_696x0":["https:\/\/idihcs.fahce.unlp.edu.ar\/ceil\/wp-content\/uploads\/sites\/8\/2025\/04\/Encabezado-Revi-696x115.png",696,115,true],"td_696x385":["https:\/\/idihcs.fahce.unlp.edu.ar\/ceil\/wp-content\/uploads\/sites\/8\/2025\/04\/Encabezado-Revi-696x143.png",696,143,true],"td_741x486":["https:\/\/idihcs.fahce.unlp.edu.ar\/ceil\/wp-content\/uploads\/sites\/8\/2025\/04\/Encabezado-Revi-741x143.png",741,143,true],"td_1068x580":["https:\/\/idihcs.fahce.unlp.edu.ar\/ceil\/wp-content\/uploads\/sites\/8\/2025\/04\/Encabezado-Revi.png",867,143,false],"td_1068x0":["https:\/\/idihcs.fahce.unlp.edu.ar\/ceil\/wp-content\/uploads\/sites\/8\/2025\/04\/Encabezado-Revi.png",867,143,false],"td_0x420":["https:\/\/idihcs.fahce.unlp.edu.ar\/ceil\/wp-content\/uploads\/sites\/8\/2025\/04\/Encabezado-Revi.png",867,143,false],"td_1920x0":["https:\/\/idihcs.fahce.unlp.edu.ar\/ceil\/wp-content\/uploads\/sites\/8\/2025\/04\/Encabezado-Revi.png",867,143,false],"rt_custom":["https:\/\/idihcs.fahce.unlp.edu.ar\/ceil\/wp-content\/uploads\/sites\/8\/2025\/04\/Encabezado-Revi.png",867,143,false]},"rttpg_author":{"display_name":"admin_ead","author_link":"https:\/\/idihcs.fahce.unlp.edu.ar\/ceil\/author\/admin_ead\/"},"rttpg_comment":0,"rttpg_category":null,"rttpg_excerpt":"Bienvenidos a El toldo de Astier. Propuestas y estudios sobre ense\u00f1anza de la lengua y la literatura. Revista virtual semestral de divulgaci\u00f3n. C\u00e1tedra de Did\u00e1ctica de la lengua y la literatura I. Departamento de Letras. ISSN 1853-3124 El Toldo de Astier: propuestas y estudios sobre ense\u00f1anza de la lengua y la literatura es una revista&hellip;","_links":{"self":[{"href":"https:\/\/idihcs.fahce.unlp.edu.ar\/ceil\/wp-json\/wp\/v2\/pages\/1383","targetHints":{"allow":["GET"]}}],"collection":[{"href":"https:\/\/idihcs.fahce.unlp.edu.ar\/ceil\/wp-json\/wp\/v2\/pages"}],"about":[{"href":"https:\/\/idihcs.fahce.unlp.edu.ar\/ceil\/wp-json\/wp\/v2\/types\/page"}],"author":[{"embeddable":true,"href":"https:\/\/idihcs.fahce.unlp.edu.ar\/ceil\/wp-json\/wp\/v2\/users\/1"}],"replies":[{"embeddable":true,"href":"https:\/\/idihcs.fahce.unlp.edu.ar\/ceil\/wp-json\/wp\/v2\/comments?post=1383"}],"version-history":[{"count":20,"href":"https:\/\/idihcs.fahce.unlp.edu.ar\/ceil\/wp-json\/wp\/v2\/pages\/1383\/revisions"}],"predecessor-version":[{"id":1650,"href":"https:\/\/idihcs.fahce.unlp.edu.ar\/ceil\/wp-json\/wp\/v2\/pages\/1383\/revisions\/1650"}],"wp:featuredmedia":[{"embeddable":true,"href":"https:\/\/idihcs.fahce.unlp.edu.ar\/ceil\/wp-json\/wp\/v2\/media\/1493"}],"wp:attachment":[{"href":"https:\/\/idihcs.fahce.unlp.edu.ar\/ceil\/wp-json\/wp\/v2\/media?parent=1383"}],"curies":[{"name":"wp","href":"https:\/\/api.w.org\/{rel}","templated":true}]}}