{"id":1031,"date":"2023-04-02T15:13:56","date_gmt":"2023-04-02T18:13:56","guid":{"rendered":"https:\/\/idihcs.fahce.unlp.edu.ar\/ceil\/?page_id=1031"},"modified":"2025-06-02T12:17:18","modified_gmt":"2025-06-02T15:17:18","slug":"talleres","status":"publish","type":"page","link":"https:\/\/idihcs.fahce.unlp.edu.ar\/ceil\/formacion-y-divulgacion-cientifica\/talleres\/","title":{"rendered":"Talleres"},"content":{"rendered":"\n<p>Se trata de actividades de jornada \u00fanica destinadas a la comunidad educativa de la Facultad de Humanidades y Ciencias de la Educaci\u00f3n y al p\u00fablico externo. Los talleres se vinculan con proyectos de investigaci\u00f3n o grupos de estudios en el marco de la pol\u00edtica del CEIL para la divulgaci\u00f3n de las producciones cient\u00edficas.<\/p>\n\n\n\n<ul class=\"wp-block-list\">\n<li><strong><a href=\"https:\/\/idihcs.fahce.unlp.edu.ar\/ceil\/se-realizo-el-taller-explorando-similitudes-y-diferencias-entre-lenguas\/\">Explorando similitudes y diferencias entre lenguas. La variaci\u00f3n gramatical desde una perspectiva param\u00e9trica<\/a><\/strong>\u00a0(Profs. \u00a0<a href=\"https:\/\/idihcs.fahce.unlp.edu.ar\/personas\/alabart-lago-lucia\/\">Luc\u00eda Alabart Lago<\/a>,\u00a0<a href=\"https:\/\/idihcs.fahce.unlp.edu.ar\/personas\/oliver-jose-maria\/\">Jos\u00e9 M. Oliver<\/a>, Lucrecia Zukowski, 2023)<\/li>\n\n\n\n<li><strong><a href=\"https:\/\/idihcs.fahce.unlp.edu.ar\/ceil\/taller-sobre-didactica-del-ingles-y-materiales-didacticos\/\">Entre lo pedag\u00f3gico-pol\u00edtico y la did\u00e1ctica: ingl\u00e9s, Ingl\u00e9s, y materiales de ense\u00f1anza&nbsp;<em>ad hoc<\/em><\/a><\/strong>&nbsp;(Profs.&nbsp;<a href=\"https:\/\/idihcs.fahce.unlp.edu.ar\/personas\/baum-graciela\/\">Graciela Baum<\/a>&nbsp;y&nbsp;<a href=\"https:\/\/idihcs.fahce.unlp.edu.ar\/personas\/sanchez-garcia-virginia\/\">Virginia S\u00e1nchez<\/a>, 2023)<\/li>\n\n\n\n<li><strong><a href=\"http:\/\/idihcs.fahce.unlp.edu.ar\/ceil\/taller-problemas-de-la-ensenanza-de-la-lengua-la-cultura-y-la-literatura-guarani\/\">Problemas de la ense\u00f1anza de la lengua, la cultura y la literatura guaran\u00ed<\/a><\/strong>&nbsp;(Prof. Mariano Dubin y Prof. Daniel Rojas, 2019)<\/li>\n\n\n\n<li><a href=\"http:\/\/idihcs.fahce.unlp.edu.ar\/ceil\/taller-lectura-escritura-y-alfabetizacion-en-contextos-de-encierro-y-comunidades-terapeuticas\/\"><strong>Lectura, escritura y alfabetizaci\u00f3n en contextos de encierro y comunidades terap\u00e9uticas<\/strong>&nbsp;<\/a>(Prof. Luciana Morini y Prof. Sof\u00eda Breccia, 2019)<\/li>\n\n\n\n<li><a href=\"http:\/\/idihcs.fahce.unlp.edu.ar\/ceil\/taller-ensenanza-de-la-lengua-y-la-literatura-canon-escolar-y-consumos-culturales\/\"><strong>Ense\u00f1anza de la lengua y la literatura: canon escolar y consumos culturales<\/strong><\/a>&nbsp;(Prof. Mariana Provenzano, Prof. Mat\u00edas Massarella y Prof. Luisina Marcos Bernasconi, 2019)<\/li>\n\n\n\n<li><a href=\"http:\/\/idihcs.fahce.unlp.edu.ar\/ceil\/taller-ensenar-ingles-como-lengua-que-o-reproducir-dispositivos-modernos-coloniales-despedagogizados\/\"><strong>Ense\u00f1ar ingl\u00e9s (\u00bfcomo lengua qu\u00e9?), o reproducir dispositivos modernos-coloniales despedagogizados<\/strong><\/a>&nbsp;(Prof. Graciela Baum, Prof. Marcela Jalo y Prof. Virginia S\u00e1nchez, 2019)<\/li>\n\n\n\n<li><strong><a href=\"http:\/\/idihcs.fahce.unlp.edu.ar\/ceil\/taller-el-peligroso-potencial-de-la-lectura\/\">El \u201cpeligroso\u201d potencial de la lectura. Concepciones y creencias sobre la lectura desde una mirada hist\u00f3rica<\/a><\/strong>&nbsp;(Dra. Virginia Cuesta y Prof. Malena Botto, 2019)<\/li>\n\n\n\n<li><a href=\"http:\/\/idihcs.fahce.unlp.edu.ar\/ceil\/ciclo-de-talleres-2019-gramatica-y-usos\/\"><strong>Gram\u00e1tica y usos<\/strong><\/a>&nbsp;(Prof. Rosana Pascual, Prof. Daniel Romero y equipo, 2019)<\/li>\n\n\n\n<li><a href=\"https:\/\/www.facebook.com\/events\/1644801492274338\/\"><strong>Estrategias para el trabajo con corpus orales 1 y 2<\/strong><\/a>&nbsp;(Prof. Dolores \u00c1lvarez Garriga, 2018)<\/li>\n\n\n\n<li><a href=\"https:\/\/www.facebook.com\/events\/1776019272706403\/\"><strong>La gram\u00e1tica en la ense\u00f1anza\/aprendizaje de lenguas L1 y L2<\/strong><\/a>&nbsp;(Prof. Rosana Pascual y Prof. Daniel Romero, 2018)<\/li>\n\n\n\n<li><strong><a href=\"http:\/\/idihcs.fahce.unlp.edu.ar\/ceil\/taller-elementos-de-lenguaje-visual-para-la-ensenanza-de-la-lengua-y-la-literatura-primer-encuentro-ciclo-de-talleres-2018-del-centro-de-estudios-e-investigaciones-linguisticas-ceil\/\">Elementos del lenguaje visual para la ense\u00f1anza de la Lengua y la Literatura<\/a><\/strong>&nbsp;(Prof. Lucas Gagliardi, 2018)<\/li>\n\n\n\n<li><a href=\"http:\/\/idihcs.fahce.unlp.edu.ar\/ceil\/taller-repensar-la-lengua-inglesa-como-lengua-otra-giros-decoloniales-en-perspectiva-latinoamericana-y-su-correlato-en-los-insumos-didacticos-situados\/\"><strong>(Re)pensar la lengua inglesa como lengua-otra<\/strong><\/a>&nbsp;(Prof. Graciela Baum, 2018)<\/li>\n\n\n\n<li><a href=\"http:\/\/idihcs.fahce.unlp.edu.ar\/ceil\/taller-el-analisis-del-discurso-como-campo-interdisciplinario\/\"><strong>El An\u00e1lisis del discurso como campo interdisciplinario<\/strong><\/a>&nbsp;(Mgt. Elina Gim\u00e9nez y Mgt. Ver\u00f3nica Mailhes, 2018)<\/li>\n\n\n\n<li><strong><a href=\"http:\/\/idihcs.fahce.unlp.edu.ar\/ceil\/taller-el-espanol-es-una-lengua-sexista-debates-usos-estrategias\/\">\u00bfEl espa\u00f1ol es una lengua sexista? Debates, usos, estrategias<\/a><\/strong>&nbsp;(Mgt. Luc\u00eda Zanfardini, 2018)<\/li>\n<\/ul>\n","protected":false},"excerpt":{"rendered":"<p>Se trata de actividades de jornada \u00fanica destinadas a la comunidad educativa de la Facultad de Humanidades y Ciencias de la Educaci\u00f3n y al p\u00fablico externo. Los talleres se vinculan con proyectos de investigaci\u00f3n o grupos de estudios en el marco de la pol\u00edtica del CEIL para la divulgaci\u00f3n de las producciones cient\u00edficas.<\/p>\n","protected":false},"author":14,"featured_media":0,"parent":757,"menu_order":1,"comment_status":"closed","ping_status":"closed","template":"page-ui.php","meta":{"_themeisle_gutenberg_block_has_review":false,"footnotes":""},"class_list":["post-1031","page","type-page","status-publish","hentry"],"acf":[],"rttpg_featured_image_url":null,"rttpg_author":{"display_name":"ceil","author_link":"https:\/\/idihcs.fahce.unlp.edu.ar\/ceil\/author\/ceil\/"},"rttpg_comment":0,"rttpg_category":null,"rttpg_excerpt":"Se trata de actividades de jornada \u00fanica destinadas a la comunidad educativa de la Facultad de Humanidades y Ciencias de la Educaci\u00f3n y al p\u00fablico externo. Los talleres se vinculan con proyectos de investigaci\u00f3n o grupos de estudios en el marco de la pol\u00edtica del CEIL para la divulgaci\u00f3n de las producciones cient\u00edficas.","_links":{"self":[{"href":"https:\/\/idihcs.fahce.unlp.edu.ar\/ceil\/wp-json\/wp\/v2\/pages\/1031","targetHints":{"allow":["GET"]}}],"collection":[{"href":"https:\/\/idihcs.fahce.unlp.edu.ar\/ceil\/wp-json\/wp\/v2\/pages"}],"about":[{"href":"https:\/\/idihcs.fahce.unlp.edu.ar\/ceil\/wp-json\/wp\/v2\/types\/page"}],"author":[{"embeddable":true,"href":"https:\/\/idihcs.fahce.unlp.edu.ar\/ceil\/wp-json\/wp\/v2\/users\/14"}],"replies":[{"embeddable":true,"href":"https:\/\/idihcs.fahce.unlp.edu.ar\/ceil\/wp-json\/wp\/v2\/comments?post=1031"}],"version-history":[{"count":5,"href":"https:\/\/idihcs.fahce.unlp.edu.ar\/ceil\/wp-json\/wp\/v2\/pages\/1031\/revisions"}],"predecessor-version":[{"id":1556,"href":"https:\/\/idihcs.fahce.unlp.edu.ar\/ceil\/wp-json\/wp\/v2\/pages\/1031\/revisions\/1556"}],"up":[{"embeddable":true,"href":"https:\/\/idihcs.fahce.unlp.edu.ar\/ceil\/wp-json\/wp\/v2\/pages\/757"}],"wp:attachment":[{"href":"https:\/\/idihcs.fahce.unlp.edu.ar\/ceil\/wp-json\/wp\/v2\/media?parent=1031"}],"curies":[{"name":"wp","href":"https:\/\/api.w.org\/{rel}","templated":true}]}}

<p>Se trata de actividades de jornada única destinadas a la comunidad educativa de la Facultad de Humanidades y Ciencias de la Educación y al público externo. Los talleres se vinculan con proyectos de investigación o grupos de estudios en el marco de la política del CEIL para la divulgación de las producciones científicas.</p>



<ul class="wp-block-list">
<li><strong><a href="https://idihcs.fahce.unlp.edu.ar/ceil/se-realizo-el-taller-explorando-similitudes-y-diferencias-entre-lenguas/">Explorando similitudes y diferencias entre lenguas. La variación gramatical desde una perspectiva paramétrica</a></strong> (Profs.  <a href="https://idihcs.fahce.unlp.edu.ar/personas/alabart-lago-lucia/">Lucía Alabart Lago</a>, <a href="https://idihcs.fahce.unlp.edu.ar/personas/oliver-jose-maria/">José M. Oliver</a>, Lucrecia Zukowski, 2023)</li>



<li><strong><a href="https://idihcs.fahce.unlp.edu.ar/ceil/taller-sobre-didactica-del-ingles-y-materiales-didacticos/">Entre lo pedagógico-político y la didáctica: inglés, Inglés, y materiales de enseñanza&nbsp;<em>ad hoc</em></a></strong>&nbsp;(Profs.&nbsp;<a href="https://idihcs.fahce.unlp.edu.ar/personas/baum-graciela/">Graciela Baum</a>&nbsp;y&nbsp;<a href="https://idihcs.fahce.unlp.edu.ar/personas/sanchez-garcia-virginia/">Virginia Sánchez</a>, 2023)</li>



<li><strong><a href="http://idihcs.fahce.unlp.edu.ar/ceil/taller-problemas-de-la-ensenanza-de-la-lengua-la-cultura-y-la-literatura-guarani/">Problemas de la enseñanza de la lengua, la cultura y la literatura guaraní</a></strong>&nbsp;(Prof. Mariano Dubin y Prof. Daniel Rojas, 2019)</li>



<li><a href="http://idihcs.fahce.unlp.edu.ar/ceil/taller-lectura-escritura-y-alfabetizacion-en-contextos-de-encierro-y-comunidades-terapeuticas/"><strong>Lectura, escritura y alfabetización en contextos de encierro y comunidades terapéuticas</strong>&nbsp;</a>(Prof. Luciana Morini y Prof. Sofía Breccia, 2019)</li>



<li><a href="http://idihcs.fahce.unlp.edu.ar/ceil/taller-ensenanza-de-la-lengua-y-la-literatura-canon-escolar-y-consumos-culturales/"><strong>Enseñanza de la lengua y la literatura: canon escolar y consumos culturales</strong></a>&nbsp;(Prof. Mariana Provenzano, Prof. Matías Massarella y Prof. Luisina Marcos Bernasconi, 2019)</li>



<li><a href="http://idihcs.fahce.unlp.edu.ar/ceil/taller-ensenar-ingles-como-lengua-que-o-reproducir-dispositivos-modernos-coloniales-despedagogizados/"><strong>Enseñar inglés (¿como lengua qué?), o reproducir dispositivos modernos-coloniales despedagogizados</strong></a>&nbsp;(Prof. Graciela Baum, Prof. Marcela Jalo y Prof. Virginia Sánchez, 2019)</li>



<li><strong><a href="http://idihcs.fahce.unlp.edu.ar/ceil/taller-el-peligroso-potencial-de-la-lectura/">El “peligroso” potencial de la lectura. Concepciones y creencias sobre la lectura desde una mirada histórica</a></strong>&nbsp;(Dra. Virginia Cuesta y Prof. Malena Botto, 2019)</li>



<li><a href="http://idihcs.fahce.unlp.edu.ar/ceil/ciclo-de-talleres-2019-gramatica-y-usos/"><strong>Gramática y usos</strong></a>&nbsp;(Prof. Rosana Pascual, Prof. Daniel Romero y equipo, 2019)</li>



<li><a href="https://www.facebook.com/events/1644801492274338/"><strong>Estrategias para el trabajo con corpus orales 1 y 2</strong></a>&nbsp;(Prof. Dolores Álvarez Garriga, 2018)</li>



<li><a href="https://www.facebook.com/events/1776019272706403/"><strong>La gramática en la enseñanza/aprendizaje de lenguas L1 y L2</strong></a>&nbsp;(Prof. Rosana Pascual y Prof. Daniel Romero, 2018)</li>



<li><strong><a href="http://idihcs.fahce.unlp.edu.ar/ceil/taller-elementos-de-lenguaje-visual-para-la-ensenanza-de-la-lengua-y-la-literatura-primer-encuentro-ciclo-de-talleres-2018-del-centro-de-estudios-e-investigaciones-linguisticas-ceil/">Elementos del lenguaje visual para la enseñanza de la Lengua y la Literatura</a></strong>&nbsp;(Prof. Lucas Gagliardi, 2018)</li>



<li><a href="http://idihcs.fahce.unlp.edu.ar/ceil/taller-repensar-la-lengua-inglesa-como-lengua-otra-giros-decoloniales-en-perspectiva-latinoamericana-y-su-correlato-en-los-insumos-didacticos-situados/"><strong>(Re)pensar la lengua inglesa como lengua-otra</strong></a>&nbsp;(Prof. Graciela Baum, 2018)</li>



<li><a href="http://idihcs.fahce.unlp.edu.ar/ceil/taller-el-analisis-del-discurso-como-campo-interdisciplinario/"><strong>El Análisis del discurso como campo interdisciplinario</strong></a>&nbsp;(Mgt. Elina Giménez y Mgt. Verónica Mailhes, 2018)</li>



<li><strong><a href="http://idihcs.fahce.unlp.edu.ar/ceil/taller-el-espanol-es-una-lengua-sexista-debates-usos-estrategias/">¿El español es una lengua sexista? Debates, usos, estrategias</a></strong>&nbsp;(Mgt. Lucía Zanfardini, 2018)</li>
</ul>

<p>Se trata de actividades de jornada única destinadas a la comunidad educativa de la Facultad de Humanidades y Ciencias de la Educación y al público externo. Los talleres se vinculan con proyectos de investigación o grupos de estudios en el marco de la política del CEIL para la divulgación de las producciones científicas.</p>

Se trata de actividades de jornada única destinadas a la comunidad educativa de la Facultad de Humanidades y Ciencias de la Educación y al público externo. Los talleres se vinculan con proyectos de investigación o grupos de estudios en el marco de la política del CEIL para la divulgación de las producciones científicas.
