{"id":23,"date":"2018-05-01T16:05:27","date_gmt":"2018-05-01T19:05:27","guid":{"rendered":"http:\/\/163.10.30.48\/~posgrado6\/wordpress\/aeief\/?page_id=23"},"modified":"2023-11-21T14:54:46","modified_gmt":"2023-11-21T17:54:46","slug":"recursos-humanos","status":"publish","type":"page","link":"https:\/\/idihcs.fahce.unlp.edu.ar\/ceidef\/recursos-humanos\/","title":{"rendered":"CEIdEF &#8211; Recursos Humanos"},"content":{"rendered":"<p><strong>Docentes-Investigadores:<\/strong><\/p>\n<ul>\n<li>Mg. Gabriel Cachorro II<\/li>\n<li>Prof. Ezequiel Camblor III<\/li>\n<li>Mg. Carlos Carballo II Mg. Rom\u00e1n Cesaro III<\/li>\n<li>Prof. Jos\u00e9 Fotia III<\/li>\n<li>Lic. Sandra Katz III<\/li>\n<li>Dr. Osvaldo Ron II<\/li>\n<li>Dr. Jorge Saravi III<\/li>\n<li>Dr Pablo Sharagrodsky I<\/li>\n<\/ul>\n<p><strong>Directores PPID<\/strong><\/p>\n<ul>\n<li>Mg. Achucarro Santiago<\/li>\n<li>Prof. Celentano Guillermo<\/li>\n<li>Mg Di Domizio Debora Dr. Levoratti Alejo<\/li>\n<li>Prof. Rodriguez Andrea<\/li>\n<\/ul>\n<p><strong>Directores de Grupos de Estudios:<\/strong><\/p>\n<ul>\n<li>Branz Juan Bautista<br \/>\nCoordinador Grupo de estudios CEIdEF: Deporte, Dolor y Riesgo (GEDDOR) 2021- 2022<\/li>\n<li>Camblor Ezequiel Pablo<br \/>\nCoordinador Grupo de estudios CEIdEF: Inform\u00e1tica aplicada a la Educaci\u00f3n F\u00edsica (GEIAEF)<br \/>\n(cerrado)<\/li>\n<li>Campano Marcela Anal\u00eda<br \/>\nCoordinadora del Grupo de Estudios CEIdEF: Escuela Secundarias orientadas. An\u00e1lisis de los contenidos disciplinares: de la teor\u00eda a la pr\u00e1ctica. 2023- 2024<\/li>\n<li>Casaj\u00fas Juan Jos\u00e9<br \/>\nCoordinador del Grupo de estudios CEIdEF: Grupo de estudios e investigaciones del Rugby GEIR. 2021-2022<\/li>\n<li>Cesaro Aldo Rom\u00e1n:<br \/>\nCoordinador del grupo de estudios CEIdEF: Juegos y deportes del mundo, su inclusi\u00f3n en la cultura l\u00fadica escolar y otras instituciones 2022-2023<\/li>\n<li>Di Domizio Debora:<br \/>\nCoordinadora del Grupo de Estudios Educaci\u00f3n F\u00edsica y adultes mayores (cerrado)<\/li>\n<li>Dom\u00ednguez Mar\u00eda Eugenia<br \/>\nCoordinadora del Grupo de Estudios \u201cLas pr\u00e1cticas acu\u00e1ticas como contenido en las Revistas digitalizadas especializadas en Educaci\u00f3n F\u00edsica 2020\u201d<br \/>\nCoordinadora del Grupo de Estudios: La ense\u00f1anza de la nataci\u00f3n como contenido en las revistas digitales especializadas en Educaci\u00f3n F\u00edsica. La institucionalizaci\u00f3n cognitiva de la ense\u00f1anza de la nataci\u00f3n. (2023-2024)<\/li>\n<li>Levoratti Alejo<br \/>\nCoordinador Grupo de estudios AEIEF: Estudios socio-hist\u00f3ricos sobre\/en el deporte y la Educaci\u00f3n F\u00edsica (GESHDEF) 2021- 2022<\/li>\n<li>Scarnatto Mart\u00edn<br \/>\nCoordinador Grupo de estudios CEIdEF : Ense\u00f1anza de la Educaci\u00f3n F\u00edsica Escolar (GEENEFE) 2022-2023<\/li>\n<li>Vidal Mar\u00eda Fabiana<br \/>\nCoordinadora del grupo de estudios CEIdEF: Pr\u00e1cticas de la ense\u00f1anza, discursos y atravesamientos 2022-2023<\/li>\n<\/ul>\n<p><strong>Investigadores en Formaci\u00f3n:<\/strong><\/p>\n<ul>\n<li>Achucarro Santiago Victorio (Categor\u00eda de incentivos: IV)<\/li>\n<li>Alesia Villordo D\u00e9bora (Categor\u00eda de incentivos: V)<\/li>\n<li>Arean Pablo (Investigador categor\u00eda V)<\/li>\n<li>Berdula Lorena Irene (Categor\u00eda de incentivos: IV)<\/li>\n<li>Bonamy Mar\u00eda Bel\u00e9n (Categor\u00eda de incentivos: V)<\/li>\n<li>Crespo Cecilia Bettina (Categor\u00eda de incentivos: V)<\/li>\n<li>De Marziani Fabi\u00e1n Amilcar (Categor\u00eda de incentivos: V)<\/li>\n<li>D\u00edaz Julieta Mar\u00eda (Categor\u00eda de incentivos: V)<\/li>\n<li>Di Croce Leo (Categor\u00eda de incentivos: V)<\/li>\n<li>Don\u00e1 Stella Maris (Categor\u00eda de incentivos: V)<\/li>\n<li>Dorato M\u00f3nica Gabriela (Categor\u00eda de incentivos: IV)<\/li>\n<li>Fittipaldi Gerardo Javier (Categor\u00eda de incentivos: IV)<\/li>\n<li>Ghe M\u00f3nica Isabel (categor\u00eda de incentivos: V)<\/li>\n<li>Chiani Laura (Categor\u00eda de incentivos: IV)<\/li>\n<li>Giglio Martin Lucas (Categor\u00eda de incentivos: V)<\/li>\n<li>Hern\u00e1ndez N\u00e9stor Fabi\u00e1n (Categor\u00eda de incentivos: IV)<\/li>\n<li>Husson Marcelo (Investigador categor\u00eda V)<\/li>\n<li>Jaime Marcelo Fabi\u00e1n (Categor\u00eda de incentivos: V)<\/li>\n<li>Maiori Marco (Categor\u00eda de incentivos: V)<\/li>\n<li>Manti\u00f1\u00e1n, Esteban (Categor\u00eda de incentivos: V)<\/li>\n<li>Mele Ayelen Magal\u00ed<\/li>\n<li>Montero Labat Evangelina Julia (Categor\u00eda de incentivos: V)<\/li>\n<li>Pacheco Agrelo Daniela Viviana (Categor\u00eda de incentivos: IV)<\/li>\n<li>Piancazzo Miriam (Categor\u00eda de incentivos: V)<\/li>\n<li>Pizzorno, Federico Andr\u00e9s (Investigador categor\u00eda V)<\/li>\n<li>S\u00e1nchez, Pablo<\/li>\n<li>Uro Luis Martin (Categor\u00eda de incentivos: IV)<\/li>\n<li>Tellechea, Mar\u00eda Soledad<\/li>\n<li>Torrontegui, Adri\u00e1n C\u00e9sar<\/li>\n<li>Villagran Juan Pablo (Categor\u00eda incentivos: V)<\/li>\n<li>Vilordo Debora (Categor\u00eda V)<\/li>\n<li>Zambaglione Daniel Rub\u00e9n (Categor\u00eda de incentivos: IV)<\/li>\n<\/ul>\n<p><strong>Becarios:<\/strong><\/p>\n<ul>\n<li>Arambuera Lorena, Beca Conicet 2020-2026<\/li>\n<li>Buffarini Iara, Beca UNLP 2023<\/li>\n<li>Ferretty Emmanuel, Beca CICPBA<\/li>\n<li>Gandini Mar\u00eda Agustina, Beca Doctoral CICPBA 2016-2021<\/li>\n<li>G\u00e1rgano Sof\u00eda Becas, Beca Doctoral CICPBA 2015-2019<\/li>\n<li>Kopelovich Pablo, Beca Doctoral CONICET 2017-2023<\/li>\n<li>Lanza Mat\u00edas Federico, Beca UNLP 2022<\/li>\n<li>Molejon Amanda, Becas Est\u00edmulo a las Vocaciones Cient\u00edficas para estudiantes universitarios de grado CIN (Consejo Interuniversitario Nacional) 2011<\/li>\n<li>Sosa Chaves Nicol\u00e1s, Beca Doctoral CONICET 2023- 2027<\/li>\n<li>Sangiao Gisela Soledad, Beca de Maestr\u00eda UNLP 2018 &#8211; 2021<\/li>\n<\/ul>\n","protected":false},"excerpt":{"rendered":"<p>Docentes-Investigadores: Mg. Gabriel Cachorro II Prof. Ezequiel Camblor III Mg. Carlos Carballo II Mg. Rom\u00e1n Cesaro III Prof. Jos\u00e9 Fotia III Lic. Sandra Katz III Dr. Osvaldo Ron II Dr. Jorge Saravi III Dr Pablo Sharagrodsky I Directores PPID Mg. Achucarro Santiago Prof. Celentano Guillermo Mg Di Domizio Debora Dr. Levoratti Alejo Prof. Rodriguez Andrea [&hellip;]<\/p>\n","protected":false},"author":2,"featured_media":0,"parent":0,"menu_order":0,"comment_status":"closed","ping_status":"closed","template":"page-ui.php","meta":{"_themeisle_gutenberg_block_has_review":false,"footnotes":""},"class_list":["post-23","page","type-page","status-publish","hentry"],"yoast_head":"<!-- This site is optimized with the Yoast SEO Premium plugin v22.4 (Yoast SEO v22.4) - https:\/\/yoast.com\/wordpress\/plugins\/seo\/ -->\n<title>CEIdEF - Recursos Humanos - IdIHCS - CEIdEF<\/title>\n<meta name=\"robots\" content=\"index, follow, max-snippet:-1, max-image-preview:large, max-video-preview:-1\" \/>\n<link rel=\"canonical\" href=\"https:\/\/idihcs.fahce.unlp.edu.ar\/ceidef\/recursos-humanos\/\" \/>\n<meta property=\"og:locale\" content=\"es_ES\" \/>\n<meta property=\"og:type\" content=\"article\" \/>\n<meta property=\"og:title\" content=\"CEIdEF - Recursos Humanos\" \/>\n<meta property=\"og:description\" content=\"Docentes-Investigadores: Mg. Gabriel Cachorro II Prof. Ezequiel Camblor III Mg. Carlos Carballo II Mg. Rom\u00e1n Cesaro III Prof. Jos\u00e9 Fotia III Lic. Sandra Katz III Dr. Osvaldo Ron II Dr. Jorge Saravi III Dr Pablo Sharagrodsky I Directores PPID Mg. Achucarro Santiago Prof. Celentano Guillermo Mg Di Domizio Debora Dr. Levoratti Alejo Prof. Rodriguez Andrea [&hellip;]\" \/>\n<meta property=\"og:url\" content=\"https:\/\/idihcs.fahce.unlp.edu.ar\/ceidef\/recursos-humanos\/\" \/>\n<meta property=\"og:site_name\" content=\"IdIHCS - CEIdEF\" \/>\n<meta property=\"article:modified_time\" content=\"2023-11-21T17:54:46+00:00\" \/>\n<meta name=\"twitter:card\" content=\"summary_large_image\" \/>\n<meta name=\"twitter:label1\" content=\"Tiempo de lectura\" \/>\n\t<meta name=\"twitter:data1\" content=\"3 minutos\" \/>\n<script type=\"application\/ld+json\" class=\"yoast-schema-graph\">{\"@context\":\"https:\/\/schema.org\",\"@graph\":[{\"@type\":\"WebPage\",\"@id\":\"https:\/\/idihcs.fahce.unlp.edu.ar\/ceidef\/recursos-humanos\/\",\"url\":\"https:\/\/idihcs.fahce.unlp.edu.ar\/ceidef\/recursos-humanos\/\",\"name\":\"CEIdEF - Recursos Humanos - IdIHCS - CEIdEF\",\"isPartOf\":{\"@id\":\"https:\/\/idihcs.fahce.unlp.edu.ar\/ceidef\/#website\"},\"datePublished\":\"2018-05-01T19:05:27+00:00\",\"dateModified\":\"2023-11-21T17:54:46+00:00\",\"breadcrumb\":{\"@id\":\"https:\/\/idihcs.fahce.unlp.edu.ar\/ceidef\/recursos-humanos\/#breadcrumb\"},\"inLanguage\":\"es-AR\",\"potentialAction\":[{\"@type\":\"ReadAction\",\"target\":[\"https:\/\/idihcs.fahce.unlp.edu.ar\/ceidef\/recursos-humanos\/\"]}]},{\"@type\":\"BreadcrumbList\",\"@id\":\"https:\/\/idihcs.fahce.unlp.edu.ar\/ceidef\/recursos-humanos\/#breadcrumb\",\"itemListElement\":[{\"@type\":\"ListItem\",\"position\":1,\"name\":\"Home\",\"item\":\"https:\/\/idihcs.fahce.unlp.edu.ar\/ceidef\/\"},{\"@type\":\"ListItem\",\"position\":2,\"name\":\"CEIdEF &#8211; Recursos Humanos\"}]},{\"@type\":\"WebSite\",\"@id\":\"https:\/\/idihcs.fahce.unlp.edu.ar\/ceidef\/#website\",\"url\":\"https:\/\/idihcs.fahce.unlp.edu.ar\/ceidef\/\",\"name\":\"IdIHCS - CEIdEF\",\"description\":\"\",\"potentialAction\":[{\"@type\":\"SearchAction\",\"target\":{\"@type\":\"EntryPoint\",\"urlTemplate\":\"https:\/\/idihcs.fahce.unlp.edu.ar\/ceidef\/?s={search_term_string}\"},\"query-input\":\"required name=search_term_string\"}],\"inLanguage\":\"es-AR\"}]}<\/script>\n<!-- \/ Yoast SEO Premium plugin. -->","yoast_head_json":{"title":"CEIdEF - Recursos Humanos - IdIHCS - CEIdEF","robots":{"index":"index","follow":"follow","max-snippet":"max-snippet:-1","max-image-preview":"max-image-preview:large","max-video-preview":"max-video-preview:-1"},"canonical":"https:\/\/idihcs.fahce.unlp.edu.ar\/ceidef\/recursos-humanos\/","og_locale":"es_ES","og_type":"article","og_title":"CEIdEF - Recursos Humanos","og_description":"Docentes-Investigadores: Mg. Gabriel Cachorro II Prof. Ezequiel Camblor III Mg. Carlos Carballo II Mg. Rom\u00e1n Cesaro III Prof. Jos\u00e9 Fotia III Lic. Sandra Katz III Dr. Osvaldo Ron II Dr. Jorge Saravi III Dr Pablo Sharagrodsky I Directores PPID Mg. Achucarro Santiago Prof. Celentano Guillermo Mg Di Domizio Debora Dr. Levoratti Alejo Prof. Rodriguez Andrea [&hellip;]","og_url":"https:\/\/idihcs.fahce.unlp.edu.ar\/ceidef\/recursos-humanos\/","og_site_name":"IdIHCS - CEIdEF","article_modified_time":"2023-11-21T17:54:46+00:00","twitter_card":"summary_large_image","twitter_misc":{"Tiempo de lectura":"3 minutos"},"schema":{"@context":"https:\/\/schema.org","@graph":[{"@type":"WebPage","@id":"https:\/\/idihcs.fahce.unlp.edu.ar\/ceidef\/recursos-humanos\/","url":"https:\/\/idihcs.fahce.unlp.edu.ar\/ceidef\/recursos-humanos\/","name":"CEIdEF - Recursos Humanos - IdIHCS - CEIdEF","isPartOf":{"@id":"https:\/\/idihcs.fahce.unlp.edu.ar\/ceidef\/#website"},"datePublished":"2018-05-01T19:05:27+00:00","dateModified":"2023-11-21T17:54:46+00:00","breadcrumb":{"@id":"https:\/\/idihcs.fahce.unlp.edu.ar\/ceidef\/recursos-humanos\/#breadcrumb"},"inLanguage":"es-AR","potentialAction":[{"@type":"ReadAction","target":["https:\/\/idihcs.fahce.unlp.edu.ar\/ceidef\/recursos-humanos\/"]}]},{"@type":"BreadcrumbList","@id":"https:\/\/idihcs.fahce.unlp.edu.ar\/ceidef\/recursos-humanos\/#breadcrumb","itemListElement":[{"@type":"ListItem","position":1,"name":"Home","item":"https:\/\/idihcs.fahce.unlp.edu.ar\/ceidef\/"},{"@type":"ListItem","position":2,"name":"CEIdEF &#8211; Recursos Humanos"}]},{"@type":"WebSite","@id":"https:\/\/idihcs.fahce.unlp.edu.ar\/ceidef\/#website","url":"https:\/\/idihcs.fahce.unlp.edu.ar\/ceidef\/","name":"IdIHCS - CEIdEF","description":"","potentialAction":[{"@type":"SearchAction","target":{"@type":"EntryPoint","urlTemplate":"https:\/\/idihcs.fahce.unlp.edu.ar\/ceidef\/?s={search_term_string}"},"query-input":"required name=search_term_string"}],"inLanguage":"es-AR"}]}},"acf":[],"rttpg_featured_image_url":null,"rttpg_author":{"display_name":"ggchicote","author_link":"https:\/\/idihcs.fahce.unlp.edu.ar\/ceidef\/author\/ggchicote\/"},"rttpg_comment":0,"rttpg_category":null,"rttpg_excerpt":"Docentes-Investigadores: Mg. Gabriel Cachorro II Prof. Ezequiel Camblor III Mg. Carlos Carballo II Mg. Rom\u00e1n Cesaro III Prof. Jos\u00e9 Fotia III Lic. Sandra Katz III Dr. Osvaldo Ron II Dr. Jorge Saravi III Dr Pablo Sharagrodsky I Directores PPID Mg. Achucarro Santiago Prof. Celentano Guillermo Mg Di Domizio Debora Dr. Levoratti Alejo Prof. Rodriguez Andrea&hellip;","_links":{"self":[{"href":"https:\/\/idihcs.fahce.unlp.edu.ar\/ceidef\/wp-json\/wp\/v2\/pages\/23","targetHints":{"allow":["GET"]}}],"collection":[{"href":"https:\/\/idihcs.fahce.unlp.edu.ar\/ceidef\/wp-json\/wp\/v2\/pages"}],"about":[{"href":"https:\/\/idihcs.fahce.unlp.edu.ar\/ceidef\/wp-json\/wp\/v2\/types\/page"}],"author":[{"embeddable":true,"href":"https:\/\/idihcs.fahce.unlp.edu.ar\/ceidef\/wp-json\/wp\/v2\/users\/2"}],"replies":[{"embeddable":true,"href":"https:\/\/idihcs.fahce.unlp.edu.ar\/ceidef\/wp-json\/wp\/v2\/comments?post=23"}],"version-history":[{"count":10,"href":"https:\/\/idihcs.fahce.unlp.edu.ar\/ceidef\/wp-json\/wp\/v2\/pages\/23\/revisions"}],"predecessor-version":[{"id":331,"href":"https:\/\/idihcs.fahce.unlp.edu.ar\/ceidef\/wp-json\/wp\/v2\/pages\/23\/revisions\/331"}],"wp:attachment":[{"href":"https:\/\/idihcs.fahce.unlp.edu.ar\/ceidef\/wp-json\/wp\/v2\/media?parent=23"}],"curies":[{"name":"wp","href":"https:\/\/api.w.org\/{rel}","templated":true}]}}